{"file_id":"F1","vid":"V113","name":"P5006s1","var_intrvl":"discrete","var_dcml":"0","var_wgt":null,"var_is_wgt":null,"loc_start_pos":"627","loc_end_pos":"627","loc_width":"1","loc_rec_seg_no":"1","labl":"\u00bfcual es el parentesco o relaci\u00f3n con el jefe del hogar?","var_imputation":null,"var_security":"El acceso a microdatos y Mam-up se considera como de tratamiento especial respecto a la reserva estad\u00edstica por tanto estar\u00e1 sujeto a la reglamentaci\u00f3n que para el efecto defina el Comit\u00e9 de Aseguramiento de la reserva estad\u00edstica. Resoluci\u00f3n 173 de 2008.","var_resp_unit":"Directo","var_analysis_unit":null,"var_qstn_preqtxt":"C5.a. \u00bfUna persona diferente del jefe del hogar da la informaci\u00f3n de\u2026 ?\n\n1\tS\u00ed","var_qstn_qstnlit":"C5.a. \u00bfUna persona diferente del jefe del hogar da la informaci\u00f3n de\u2026 ?\n\n\u00bfCu\u00e1l es el parentesco o relaci\u00f3n con el jefe del hogar?\n\n1\tPareja, esposo(a), c\u00f3nyuge, compa\u00f1ero\n2\tHijo(a), hijastro\n3\tNieto(a)\n4\tOtro pariente\n5\tEmpleado del servicio dom\u00e9stico\n6\tHijo(a) o pariente del empleado del servicio dom\u00e9stico\n7\tPensionista\n8\tTrabajador\n9\tOtro no pariente","var_qstn_postqtxt":"C5.b. Actualmente ...:\n\n1. Tiene entre 5 y 17 a\u00f1os y vive en el hogar\n2. Tiene 18 a\u00f1os o m\u00e1s\n3. Est\u00e1 entre 5 y 17 a\u00f1os de edad y ya no vive en el hogar","var_qstn_ivuinstr":null,"var_universe":"Lo constituyen los ni\u00f1os, ni\u00f1as y adolescentes entre 5 y 17 a\u00f1os de edad, residentes en el territorio nacional excluyendo los antiguos territorios nacionales.","var_universe_clusion":"I","var_sumstat":[{"value":"20304","type":"vald","wgtd":null},{"value":"28655","type":"invd","wgtd":null},{"value":"1","type":"min","wgtd":null},{"value":"9","type":"max","wgtd":null},{"value":"1.641","type":"mean","wgtd":null},{"value":"1.183","type":"stdev","wgtd":null}],"var_txt":null,"var_catgry":[{"value":"1","labl":"Pareja, esposo(a), c\u00f3nyuge, compa\u00f1ero","is_missing":null,"stats":[{"value":"12959","type":"freq","wgtd":null}]},{"value":"2","labl":"Hijo(a), hijastro","is_missing":null,"stats":[{"value":"4724","type":"freq","wgtd":null}]},{"value":"4","labl":"Otro pariente","is_missing":null,"stats":[{"value":"1741","type":"freq","wgtd":null}]},{"value":"3","labl":"Nieto(a)","is_missing":null,"stats":[{"value":"637","type":"freq","wgtd":null}]},{"value":"9","labl":"Otro no pariente","is_missing":null,"stats":[{"value":"203","type":"freq","wgtd":null}]},{"value":"5","labl":"Empleado del servicio dom\u00e9stico","is_missing":null,"stats":[{"value":"26","type":"freq","wgtd":null}]},{"value":"6","labl":"Hijo(a) o pariente del empleado del servicio dom\u00e9stico","is_missing":null,"stats":[{"value":"11","type":"freq","wgtd":null}]},{"value":"7","labl":"Pensionista","is_missing":null,"stats":[{"value":"2","type":"freq","wgtd":null}]},{"value":"8","labl":"Trabajador","is_missing":null,"stats":[{"value":"1","type":"freq","wgtd":null}]},{"value":"Sysmiss","labl":null,"is_missing":"Y","stats":[{"value":"28655","type":"freq","wgtd":null}]}],"var_codinstr":null,"var_concept":[],"var_format":{"type":"numeric","schema":"other","category":null,"name":null},"var_notes":null,"var_val_range":{"min":"1","max":"9"},"fid":"F1","sid":"372","survey_idno":"DANE-DIRPEN-ENTI-2011"}

¿cual es el parentesco o relación con el jefe del hogar?

El acceso a microdatos y Mam-up se considera como de tratamiento especial respecto a la reserva estadística por tanto estará sujeto a la reglamentación que para el efecto defina el Comité de Aseguramiento de la reserva estadística. Resolución 173 de 2008.

C5.a. ¿Una persona diferente del jefe del hogar da la información de… ?

1	Sí

C5.a. ¿Una persona diferente del jefe del hogar da la información de… ?

¿Cuál es el parentesco o relación con el jefe del hogar?

1	Pareja, esposo(a), cónyuge, compañero
2	Hijo(a), hijastro
3	Nieto(a)
4	Otro pariente
5	Empleado del servicio doméstico
6	Hijo(a) o pariente del empleado del servicio doméstico
7	Pensionista
8	Trabajador
9	Otro no pariente

C5.b. Actualmente ...:

1. Tiene entre 5 y 17 años y vive en el hogar
2. Tiene 18 años o más
3. Está entre 5 y 17 años de edad y ya no vive en el hogar

Lo constituyen los niños, niñas y adolescentes entre 5 y 17 años de edad, residentes en el territorio nacional excluyendo los antiguos territorios nacionales.

Pareja, esposo(a), cónyuge, compañero

Empleado del servicio doméstico

Hijo(a) o pariente del empleado del servicio doméstico
