{"file_id":"F1","vid":"V119","name":"P6130","var_intrvl":"discrete","var_dcml":"0","var_wgt":null,"var_is_wgt":null,"loc_start_pos":"703","loc_end_pos":"704","loc_width":"2","loc_rec_seg_no":"1","labl":"Actualmente, \u00bfpor qu\u00e9 raz\u00f3n principal\u2026 no asiste a la escuela, colegio o universidad?","var_imputation":null,"var_security":"El acceso a microdatos y Mam-up se considera como de tratamiento especial respecto a la reserva estad\u00edstica por tanto estar\u00e1 sujeto a la reglamentaci\u00f3n que para el efecto defina el Comit\u00e9 de Aseguramiento de la reserva estad\u00edstica. Resoluci\u00f3n 173 de 2008.","var_resp_unit":"Directo","var_analysis_unit":null,"var_qstn_preqtxt":"D4. \u00bf\u2026 asiste actualmente a la escuela, colegio o universidad, recibiendo clases de educaci\u00f3n formal?\n\n1\tS\u00ed\n2\tNo","var_qstn_qstnlit":"D5. Actualmente, \u00bfpor qu\u00e9 raz\u00f3n principal\u2026 no asiste a la escuela, colegio o universidad?\n\n1\tTiene que trabajar o buscar trabajo\n2\tNo dispone dinero para pagar los estudios\n3\tPorque los padres o acudientes consideran que no est\u00e1 en edad escolar\n4\tNo hay cupo\n5\tNo hay centro educativo cercano\n6\tNo le gusta\n7\tDebe encargarse de los oficios del hogar\n8\tCambio de residencia\n9\tPor embarazo o porque tiene un hijo\n10\tProblemas de seguridad (presencia de pandillas, grupos armados ilegales)\n11\tProblemas de abuso por parte de los compa\u00f1eros (matoneo)\n12\tEnfermedad\/discapacidad\n13\tPor aprender un oficio\n14\tPor desplazamiento forzado por la violencia\n15\tPor desastre natural\n16\tOtra raz\u00f3n,","var_qstn_postqtxt":"D6. \u00bfhace cuanto tiempo que \u2026 no asiste a un establecimiento educativo?\n\nA\u00f1os","var_qstn_ivuinstr":"Esta pregunta pretende establecer la causa de no asistencia. Formule la pregunta y espere la respuesta espont\u00e1nea del informante, registrando el c\u00f3digo de la alternativa que m\u00e1s se aproxime  a  la raz\u00f3n  dada  por  el  encuestado. Tenga en  cuenta  que  se  trata  de  una pregunta  excluyente, o sea, que si el encuestado manifiesta m\u00e1s de un motivo, p\u00eddale la raz\u00f3n principal.\n\n\nSi la respuesta no se encuentra entre  las  alternativas  ni se puede  asimilar  a alguna de ellas, marque c\u00f3digo 16 y escriba la raz\u00f3n en la pregunta  de formato texto destinada para ello.","var_universe":"Lo constituyen los ni\u00f1os, ni\u00f1as y adolescentes entre 5 y 17 a\u00f1os de edad, residentes en el territorio nacional excluyendo los antiguos territorios nacionales.","var_universe_clusion":"I","var_sumstat":[{"value":"3662","type":"vald","wgtd":null},{"value":"45297","type":"invd","wgtd":null},{"value":"1","type":"min","wgtd":null},{"value":"16","type":"max","wgtd":null},{"value":"8.32","type":"mean","wgtd":null},{"value":"4.96","type":"stdev","wgtd":null}],"var_txt":null,"var_catgry":[{"value":"6","labl":"No le gusta","is_missing":null,"stats":[{"value":"1038","type":"freq","wgtd":null}]},{"value":"16","labl":"Otra raz\u00f3n, \u00bfcu\u00e1l?","is_missing":null,"stats":[{"value":"839","type":"freq","wgtd":null}]},{"value":"2","labl":"No dispone dinero para pagar los estudios","is_missing":null,"stats":[{"value":"499","type":"freq","wgtd":null}]},{"value":"8","labl":"Cambio de residencia","is_missing":null,"stats":[{"value":"355","type":"freq","wgtd":null}]},{"value":"9","labl":"Por embarazo o porque tiene un hijo","is_missing":null,"stats":[{"value":"263","type":"freq","wgtd":null}]},{"value":"12","labl":"Enfermedad\/discapacidad","is_missing":null,"stats":[{"value":"169","type":"freq","wgtd":null}]},{"value":"4","labl":"No hay cupo","is_missing":null,"stats":[{"value":"131","type":"freq","wgtd":null}]},{"value":"1","labl":"Tiene que trabajar o buscar trabajo","is_missing":null,"stats":[{"value":"129","type":"freq","wgtd":null}]},{"value":"5","labl":"No hay centro educativo cercano","is_missing":null,"stats":[{"value":"77","type":"freq","wgtd":null}]},{"value":"11","labl":"Problemas de abuso por parte de los compa\u00f1eros (matoneo)","is_missing":null,"stats":[{"value":"35","type":"freq","wgtd":null}]},{"value":"7","labl":"Debe encargarse de los oficios del hogar","is_missing":null,"stats":[{"value":"30","type":"freq","wgtd":null}]},{"value":"10","labl":"Problemas de seguridad (presencia de pandillas, grupos armados ilegales)","is_missing":null,"stats":[{"value":"28","type":"freq","wgtd":null}]},{"value":"3","labl":"Porque los padres o acudientes consideran que no est\u00e1 en edad escolar","is_missing":null,"stats":[{"value":"26","type":"freq","wgtd":null}]},{"value":"14","labl":"Por desplazamiento forzado por la violencia","is_missing":null,"stats":[{"value":"24","type":"freq","wgtd":null}]},{"value":"13","labl":"Por aprender un oficio","is_missing":null,"stats":[{"value":"14","type":"freq","wgtd":null}]},{"value":"15","labl":"Por desastre natural","is_missing":null,"stats":[{"value":"5","type":"freq","wgtd":null}]},{"value":"Sysmiss","labl":null,"is_missing":"Y","stats":[{"value":"45297","type":"freq","wgtd":null}]}],"var_codinstr":null,"var_concept":[],"var_format":{"type":"numeric","schema":"other","category":null,"name":null},"var_notes":null,"var_val_range":{"min":"1","max":"16"},"fid":"F1","sid":"372","survey_idno":"DANE-DIRPEN-ENTI-2011"}

Actualmente, ¿por qué razón principal… no asiste a la escuela, colegio o universidad?

El acceso a microdatos y Mam-up se considera como de tratamiento especial respecto a la reserva estadística por tanto estará sujeto a la reglamentación que para el efecto defina el Comité de Aseguramiento de la reserva estadística. Resolución 173 de 2008.

D4. ¿… asiste actualmente a la escuela, colegio o universidad, recibiendo clases de educación formal?

1	Sí
2	No

D5. Actualmente, ¿por qué razón principal… no asiste a la escuela, colegio o universidad?

1	Tiene que trabajar o buscar trabajo
2	No dispone dinero para pagar los estudios
3	Porque los padres o acudientes consideran que no está en edad escolar
4	No hay cupo
5	No hay centro educativo cercano
6	No le gusta
7	Debe encargarse de los oficios del hogar
8	Cambio de residencia
9	Por embarazo o porque tiene un hijo
10	Problemas de seguridad (presencia de pandillas, grupos armados ilegales)
11	Problemas de abuso por parte de los compañeros (matoneo)
12	Enfermedad/discapacidad
13	Por aprender un oficio
14	Por desplazamiento forzado por la violencia
15	Por desastre natural
16	Otra razón,

D6. ¿hace cuanto tiempo que … no asiste a un establecimiento educativo?

Años

Esta pregunta pretende establecer la causa de no asistencia. Formule la pregunta y espere la respuesta espontánea del informante, registrando el código de la alternativa que más se aproxime  a  la razón  dada  por  el  encuestado. Tenga en  cuenta  que  se  trata  de  una pregunta  excluyente, o sea, que si el encuestado manifiesta más de un motivo, pídale la razón principal.


Si la respuesta no se encuentra entre  las  alternativas  ni se puede  asimilar  a alguna de ellas, marque código 16 y escriba la razón en la pregunta  de formato texto destinada para ello.

Lo constituyen los niños, niñas y adolescentes entre 5 y 17 años de edad, residentes en el territorio nacional excluyendo los antiguos territorios nacionales.

Otra razón, ¿cuál?

Problemas de abuso por parte de los compañeros (matoneo)

Porque los padres o acudientes consideran que no está en edad escolar
