{"file_id":"F1","vid":"V121","name":"P4873s1","var_intrvl":"discrete","var_dcml":"0","var_wgt":null,"var_is_wgt":null,"loc_start_pos":"775","loc_end_pos":"776","loc_width":"2","loc_rec_seg_no":"1","labl":"\u00bf...Hace cuanto que no asiste a un establecimiento educativo? a\u00f1os","var_imputation":null,"var_security":"El acceso a microdatos y Mam-up se considera como de tratamiento especial respecto a la reserva estad\u00edstica por tanto estar\u00e1 sujeto a la reglamentaci\u00f3n que para el efecto defina el Comit\u00e9 de Aseguramiento de la reserva estad\u00edstica. Resoluci\u00f3n 173 de 2008.","var_resp_unit":"Directo","var_analysis_unit":null,"var_qstn_preqtxt":"D5. Actualmente, \u00bfpor qu\u00e9 raz\u00f3n principal\u2026 no asiste a la escuela, colegio o universidad?\n\n1\tTiene que trabajar o buscar trabajo\n2\tNo dispone dinero para pagar los estudios\n3\tPorque los padres o acudientes consideran que no est\u00e1 en edad escolar\n4\tNo hay cupo\n5\tNo hay centro educativo cercano\n6\tNo le gusta\n7\tDebe encargarse de los oficios del hogar\n8\tCambio de residencia\n9\tPor embarazo o porque tiene un hijo\n10\tProblemas de seguridad (presencia de pandillas, grupos armados ilegales)\n11\tProblemas de abuso por parte de los compa\u00f1eros (matoneo)\n12\tEnfermedad\/discapacidad\n13\tPor aprender un oficio\n14\tPor desplazamiento forzado por la violencia\n15\tPor desastre natural\n16\tOtra raz\u00f3n,","var_qstn_qstnlit":"D6. \u00bfhace cuanto tiempo que \u2026 no asiste a un establecimiento educativo?\n\nA\u00f1os","var_qstn_postqtxt":"D6. \u00bfhace cuanto tiempo que \u2026 no asiste a un establecimiento educativo?\n\nmeses","var_qstn_ivuinstr":"Se debe especificar el tiempo, para lo cual se diligencian las casillas de meses y a\u00f1os seg\u00fan sea el caso. En el caso que diga m\u00e1s de 11 meses, marca un a\u00f1o y el n\u00famero de meses que completan el per\u00edodo indicado. Ejemplo: 15 meses se marca como 1 a\u00f1o y 3 meses","var_universe":"Lo constituyen los ni\u00f1os, ni\u00f1as y adolescentes entre 5 y 17 a\u00f1os de edad, residentes en el territorio nacional excluyendo los antiguos territorios nacionales.","var_universe_clusion":"I","var_sumstat":[{"value":"3662","type":"vald","wgtd":null},{"value":"45297","type":"invd","wgtd":null},{"value":"0","type":"min","wgtd":null},{"value":"15","type":"max","wgtd":null},{"value":"1.016","type":"mean","wgtd":null},{"value":"1.639","type":"stdev","wgtd":null}],"var_txt":null,"var_catgry":[{"value":"0","labl":null,"is_missing":null,"stats":[{"value":"1924","type":"freq","wgtd":null}]},{"value":"1","labl":null,"is_missing":null,"stats":[{"value":"891","type":"freq","wgtd":null}]},{"value":"2","labl":null,"is_missing":null,"stats":[{"value":"406","type":"freq","wgtd":null}]},{"value":"3","labl":null,"is_missing":null,"stats":[{"value":"183","type":"freq","wgtd":null}]},{"value":"4","labl":null,"is_missing":null,"stats":[{"value":"93","type":"freq","wgtd":null}]},{"value":"5","labl":null,"is_missing":null,"stats":[{"value":"65","type":"freq","wgtd":null}]},{"value":"6","labl":null,"is_missing":null,"stats":[{"value":"36","type":"freq","wgtd":null}]},{"value":"8","labl":null,"is_missing":null,"stats":[{"value":"20","type":"freq","wgtd":null}]},{"value":"7","labl":null,"is_missing":null,"stats":[{"value":"18","type":"freq","wgtd":null}]},{"value":"10","labl":null,"is_missing":null,"stats":[{"value":"12","type":"freq","wgtd":null}]},{"value":"9","labl":null,"is_missing":null,"stats":[{"value":"7","type":"freq","wgtd":null}]},{"value":"12","labl":null,"is_missing":null,"stats":[{"value":"4","type":"freq","wgtd":null}]},{"value":"15","labl":null,"is_missing":null,"stats":[{"value":"1","type":"freq","wgtd":null}]},{"value":"14","labl":null,"is_missing":null,"stats":[{"value":"1","type":"freq","wgtd":null}]},{"value":"11","labl":null,"is_missing":null,"stats":[{"value":"1","type":"freq","wgtd":null}]},{"value":"Sysmiss","labl":null,"is_missing":"Y","stats":[{"value":"45297","type":"freq","wgtd":null}]}],"var_codinstr":null,"var_concept":[],"var_format":{"type":"numeric","schema":"other","category":null,"name":null},"var_notes":null,"var_val_range":{"min":"0","max":"15"},"fid":"F1","sid":"372","survey_idno":"DANE-DIRPEN-ENTI-2011"}

¿...Hace cuanto que no asiste a un establecimiento educativo? años

El acceso a microdatos y Mam-up se considera como de tratamiento especial respecto a la reserva estadística por tanto estará sujeto a la reglamentación que para el efecto defina el Comité de Aseguramiento de la reserva estadística. Resolución 173 de 2008.

D5. Actualmente, ¿por qué razón principal… no asiste a la escuela, colegio o universidad?

1	Tiene que trabajar o buscar trabajo
2	No dispone dinero para pagar los estudios
3	Porque los padres o acudientes consideran que no está en edad escolar
4	No hay cupo
5	No hay centro educativo cercano
6	No le gusta
7	Debe encargarse de los oficios del hogar
8	Cambio de residencia
9	Por embarazo o porque tiene un hijo
10	Problemas de seguridad (presencia de pandillas, grupos armados ilegales)
11	Problemas de abuso por parte de los compañeros (matoneo)
12	Enfermedad/discapacidad
13	Por aprender un oficio
14	Por desplazamiento forzado por la violencia
15	Por desastre natural
16	Otra razón,

D6. ¿hace cuanto tiempo que … no asiste a un establecimiento educativo?

Años

Se debe especificar el tiempo, para lo cual se diligencian las casillas de meses y años según sea el caso. En el caso que diga más de 11 meses, marca un año y el número de meses que completan el período indicado. Ejemplo: 15 meses se marca como 1 año y 3 meses

Lo constituyen los niños, niñas y adolescentes entre 5 y 17 años de edad, residentes en el territorio nacional excluyendo los antiguos territorios nacionales.
