{"file_id":"F1","vid":"V122","name":"P4873s2","var_intrvl":"discrete","var_dcml":"0","var_wgt":null,"var_is_wgt":null,"loc_start_pos":"777","loc_end_pos":"778","loc_width":"2","loc_rec_seg_no":"1","labl":"\u00bf...Hace cuanto que no asiste a un establecimiento educativo? meses","var_imputation":null,"var_security":"El acceso a microdatos y Mam-up se considera como de tratamiento especial respecto a la reserva estad\u00edstica por tanto estar\u00e1 sujeto a la reglamentaci\u00f3n que para el efecto defina el Comit\u00e9 de Aseguramiento de la reserva estad\u00edstica. Resoluci\u00f3n 173 de 2008.","var_resp_unit":"Directo","var_analysis_unit":null,"var_qstn_preqtxt":"D6. \u00bfhace cuanto tiempo que \u2026 no asiste a un establecimiento educativo?\n\nA\u00f1os","var_qstn_qstnlit":"D6. \u00bfhace cuanto tiempo que \u2026 no asiste a un establecimiento educativo?\n\nmeses","var_qstn_postqtxt":"D7. \u00bfcu\u00e1l es el nivel educativo m\u00e1s alto alcanzado y el \u00faltimo a\u00f1o aprobado en ese nivel?","var_qstn_ivuinstr":"Se debe especificar el tiempo, para lo cual se diligencian las casillas de meses y a\u00f1os seg\u00fan sea el caso. En el caso que diga m\u00e1s de 11 meses, marca un a\u00f1o y el n\u00famero de meses que completan el per\u00edodo indicado. Ejemplo: 15 meses se marca como 1 a\u00f1o y 3 meses","var_universe":"Lo constituyen los ni\u00f1os, ni\u00f1as y adolescentes entre 5 y 17 a\u00f1os de edad, residentes en el territorio nacional excluyendo los antiguos territorios nacionales.","var_universe_clusion":"I","var_sumstat":[{"value":"3662","type":"vald","wgtd":null},{"value":"45297","type":"invd","wgtd":null},{"value":"0","type":"min","wgtd":null},{"value":"11","type":"max","wgtd":null},{"value":"3.366","type":"mean","wgtd":null},{"value":"3.725","type":"stdev","wgtd":null}],"var_txt":null,"var_catgry":[{"value":"0","labl":null,"is_missing":null,"stats":[{"value":"1442","type":"freq","wgtd":null}]},{"value":"6","labl":null,"is_missing":null,"stats":[{"value":"398","type":"freq","wgtd":null}]},{"value":"2","labl":null,"is_missing":null,"stats":[{"value":"262","type":"freq","wgtd":null}]},{"value":"1","labl":null,"is_missing":null,"stats":[{"value":"253","type":"freq","wgtd":null}]},{"value":"11","labl":null,"is_missing":null,"stats":[{"value":"238","type":"freq","wgtd":null}]},{"value":"3","labl":null,"is_missing":null,"stats":[{"value":"233","type":"freq","wgtd":null}]},{"value":"10","labl":null,"is_missing":null,"stats":[{"value":"229","type":"freq","wgtd":null}]},{"value":"5","labl":null,"is_missing":null,"stats":[{"value":"190","type":"freq","wgtd":null}]},{"value":"4","labl":null,"is_missing":null,"stats":[{"value":"186","type":"freq","wgtd":null}]},{"value":"9","labl":null,"is_missing":null,"stats":[{"value":"82","type":"freq","wgtd":null}]},{"value":"8","labl":null,"is_missing":null,"stats":[{"value":"79","type":"freq","wgtd":null}]},{"value":"7","labl":null,"is_missing":null,"stats":[{"value":"70","type":"freq","wgtd":null}]},{"value":"Sysmiss","labl":null,"is_missing":"Y","stats":[{"value":"45297","type":"freq","wgtd":null}]}],"var_codinstr":null,"var_concept":[],"var_format":{"type":"numeric","schema":"other","category":null,"name":null},"var_notes":null,"var_val_range":{"min":"0","max":"11"},"fid":"F1","sid":"372","survey_idno":"DANE-DIRPEN-ENTI-2011"}

El acceso a microdatos y Mam-up se considera como de tratamiento especial respecto a la reserva estadística por tanto estará sujeto a la reglamentación que para el efecto defina el Comité de Aseguramiento de la reserva estadística. Resolución 173 de 2008.

D6. ¿hace cuanto tiempo que … no asiste a un establecimiento educativo?

Años

D7. ¿cuál es el nivel educativo más alto alcanzado y el último año aprobado en ese nivel?

Se debe especificar el tiempo, para lo cual se diligencian las casillas de meses y años según sea el caso. En el caso que diga más de 11 meses, marca un año y el número de meses que completan el período indicado. Ejemplo: 15 meses se marca como 1 año y 3 meses

Lo constituyen los niños, niñas y adolescentes entre 5 y 17 años de edad, residentes en el territorio nacional excluyendo los antiguos territorios nacionales.
