{"file_id":"F1","vid":"V124","name":"P1482","var_intrvl":"discrete","var_dcml":"0","var_wgt":null,"var_is_wgt":null,"loc_start_pos":"780","loc_end_pos":"780","loc_width":"1","loc_rec_seg_no":"1","labl":"\u00bfcu\u00e1l es la jornada a la que asiste?","var_imputation":null,"var_security":"El acceso a microdatos y Mam-up se considera como de tratamiento especial respecto a la reserva estad\u00edstica por tanto estar\u00e1 sujeto a la reglamentaci\u00f3n que para el efecto defina el Comit\u00e9 de Aseguramiento de la reserva estad\u00edstica. Resoluci\u00f3n 173 de 2008.","var_resp_unit":"Directo","var_analysis_unit":null,"var_qstn_preqtxt":"D6. \u00bfhace cuanto tiempo que \u2026 no asiste a un establecimiento educativo?\n\nmeses","var_qstn_qstnlit":"D8. \u00bfCu\u00e1l es la jornada a la que asiste...?\n\n1\tJornada continua (ma\u00f1ana y tarde)\n2\tMa\u00f1ana\n3\tTarde\n4\tNoche","var_qstn_postqtxt":"D9. El colegio o la instituci\u00f3n educativa a la que asiste \u2026 es:\n\n1   Oficial\n2   No oficial","var_qstn_ivuinstr":"Registre  el  c\u00f3digo  correspondiente  a una de las  opciones  de acuerdo  con la respuesta (selecci\u00f3n \u00fanica). Tenga en cuenta:\n\n\nJornada continua (ma\u00f1ana  y tarde):  comprende  la asistencia al establecimiento en  la ma\u00f1ana  y en la tarde.  Si la persona  asiste unas horas en la ma\u00f1ana  y otras  en la tarde, debe registrarse en esta alternativa.\n\n\nJornada ma\u00f1ana:  comprende  la asistencia solamente en las horas de la ma\u00f1ana entre  las\n6:00 y las 12:15 horas del d\u00eda\n\n\nJornada tarde: comprende  la asistencia solamente en las horas de la tarde entre las 12:30 y las 18: 00 horas del d\u00eda.","var_universe":"Lo constituyen los ni\u00f1os, ni\u00f1as y adolescentes entre 5 y 17 a\u00f1os de edad, residentes en el territorio nacional excluyendo los antiguos territorios nacionales.","var_universe_clusion":"I","var_sumstat":[{"value":"44191","type":"vald","wgtd":null},{"value":"4768","type":"invd","wgtd":null},{"value":"1","type":"min","wgtd":null},{"value":"4","type":"max","wgtd":null},{"value":"2.22","type":"mean","wgtd":null},{"value":"0.537","type":"stdev","wgtd":null}],"var_txt":null,"var_catgry":[{"value":"2","labl":"Ma\u00f1ana","is_missing":null,"stats":[{"value":"30239","type":"freq","wgtd":null}]},{"value":"3","labl":"Tarde","is_missing":null,"stats":[{"value":"11362","type":"freq","wgtd":null}]},{"value":"1","labl":"Jornada continua (ma\u00f1ana y tarde)","is_missing":null,"stats":[{"value":"2278","type":"freq","wgtd":null}]},{"value":"4","labl":"Noche","is_missing":null,"stats":[{"value":"312","type":"freq","wgtd":null}]},{"value":"Sysmiss","labl":null,"is_missing":"Y","stats":[{"value":"4768","type":"freq","wgtd":null}]}],"var_codinstr":null,"var_concept":[],"var_format":{"type":"numeric","schema":"other","category":null,"name":null},"var_notes":null,"var_val_range":{"min":"1","max":"4"},"fid":"F1","sid":"372","survey_idno":"DANE-DIRPEN-ENTI-2011"}

¿cuál es la jornada a la que asiste?

El acceso a microdatos y Mam-up se considera como de tratamiento especial respecto a la reserva estadística por tanto estará sujeto a la reglamentación que para el efecto defina el Comité de Aseguramiento de la reserva estadística. Resolución 173 de 2008.

D8. ¿Cuál es la jornada a la que asiste...?

1	Jornada continua (mañana y tarde)
2	Mañana
3	Tarde
4	Noche

D9. El colegio o la institución educativa a la que asiste … es:

1   Oficial
2   No oficial

Registre  el  código  correspondiente  a una de las  opciones  de acuerdo  con la respuesta (selección única). Tenga en cuenta:


Jornada continua (mañana  y tarde):  comprende  la asistencia al establecimiento en  la mañana  y en la tarde.  Si la persona  asiste unas horas en la mañana  y otras  en la tarde, debe registrarse en esta alternativa.


Jornada mañana:  comprende  la asistencia solamente en las horas de la mañana entre  las
6:00 y las 12:15 horas del día


Jornada tarde: comprende  la asistencia solamente en las horas de la tarde entre las 12:30 y las 18: 00 horas del día.

Lo constituyen los niños, niñas y adolescentes entre 5 y 17 años de edad, residentes en el territorio nacional excluyendo los antiguos territorios nacionales.

Mañana

Jornada continua (mañana y tarde)
