{"file_id":"F1","vid":"V125","name":"P4919","var_intrvl":"discrete","var_dcml":"0","var_wgt":null,"var_is_wgt":null,"loc_start_pos":"781","loc_end_pos":"781","loc_width":"1","loc_rec_seg_no":"1","labl":"\u00bfel colegio o la instituci\u00f3n educativa a la que asiste \u2026 es?","var_imputation":null,"var_security":"El acceso a microdatos y Mam-up se considera como de tratamiento especial respecto a la reserva estad\u00edstica por tanto estar\u00e1 sujeto a la reglamentaci\u00f3n que para el efecto defina el Comit\u00e9 de Aseguramiento de la reserva estad\u00edstica. Resoluci\u00f3n 173 de 2008.","var_resp_unit":"Directo","var_analysis_unit":null,"var_qstn_preqtxt":"D8. \u00bfCu\u00e1l es la jornada a la que asiste...?\n\n1\tJornada continua (ma\u00f1ana y tarde)\n2\tMa\u00f1ana\n3\tTarde\n4\tNoche","var_qstn_qstnlit":"D9. El colegio o la instituci\u00f3n educativa a la que asiste \u2026 es:\n\n1   Oficial\n2   No oficial","var_qstn_postqtxt":"D10. \u00bfEn qu\u00e9 nivel est\u00e1 matriculado y cu\u00e1l grado cursa...?\n\n1\tNinguno\n2\tPreescolar\n3\tPrimaria\n4\tB\u00e1sica secundaria (6\u00ba - 9\u00ba) \n5\tMedia (10\u00ba - 13\u00ba) \n6\tT\u00e9cnico\n7\tTecnol\u00f3gico\n8\tSuperior o universitaria","var_qstn_ivuinstr":"Busca identificar si pertenece a una instituci\u00f3n educativa de car\u00e1cter oficial o no oficial.","var_universe":"Lo constituyen los ni\u00f1os, ni\u00f1as y adolescentes entre 5 y 17 a\u00f1os de edad, residentes en el territorio nacional excluyendo los antiguos territorios nacionales.","var_universe_clusion":"I","var_sumstat":[{"value":"44191","type":"vald","wgtd":null},{"value":"4768","type":"invd","wgtd":null},{"value":"1","type":"min","wgtd":null},{"value":"2","type":"max","wgtd":null},{"value":"1.166","type":"mean","wgtd":null},{"value":"0.372","type":"stdev","wgtd":null}],"var_txt":null,"var_catgry":[{"value":"1","labl":"Oficial","is_missing":null,"stats":[{"value":"36856","type":"freq","wgtd":null}]},{"value":"2","labl":"No oficial","is_missing":null,"stats":[{"value":"7335","type":"freq","wgtd":null}]},{"value":"Sysmiss","labl":null,"is_missing":"Y","stats":[{"value":"4768","type":"freq","wgtd":null}]}],"var_codinstr":null,"var_concept":[],"var_format":{"type":"numeric","schema":"other","category":null,"name":null},"var_notes":null,"var_val_range":{"min":"1","max":"2"},"fid":"F1","sid":"372","survey_idno":"DANE-DIRPEN-ENTI-2011"}

¿el colegio o la institución educativa a la que asiste … es?

El acceso a microdatos y Mam-up se considera como de tratamiento especial respecto a la reserva estadística por tanto estará sujeto a la reglamentación que para el efecto defina el Comité de Aseguramiento de la reserva estadística. Resolución 173 de 2008.

D8. ¿Cuál es la jornada a la que asiste...?

1	Jornada continua (mañana y tarde)
2	Mañana
3	Tarde
4	Noche

D9. El colegio o la institución educativa a la que asiste … es:

1   Oficial
2   No oficial

D10. ¿En qué nivel está matriculado y cuál grado cursa...?

1	Ninguno
2	Preescolar
3	Primaria
4	Básica secundaria (6º - 9º) 
5	Media (10º - 13º) 
6	Técnico
7	Tecnológico
8	Superior o universitaria

Busca identificar si pertenece a una institución educativa de carácter oficial o no oficial.

Lo constituyen los niños, niñas y adolescentes entre 5 y 17 años de edad, residentes en el territorio nacional excluyendo los antiguos territorios nacionales.
