{"file_id":"F1","vid":"V128","name":"P6232","var_intrvl":"discrete","var_dcml":"0","var_wgt":null,"var_is_wgt":null,"loc_start_pos":"784","loc_end_pos":"784","loc_width":"1","loc_rec_seg_no":"1","labl":"\u00bfalguna vez ha recibido capacitaci\u00f3n para el trabajo?","var_imputation":null,"var_security":"El acceso a microdatos y Mam-up se considera como de tratamiento especial respecto a la reserva estad\u00edstica por tanto estar\u00e1 sujeto a la reglamentaci\u00f3n que para el efecto defina el Comit\u00e9 de Aseguramiento de la reserva estad\u00edstica. Resoluci\u00f3n 173 de 2008.","var_resp_unit":"Directo","var_analysis_unit":null,"var_qstn_preqtxt":"D10. \u00bfEn qu\u00e9 nivel est\u00e1 matriculado y cu\u00e1l grado cursa...?\n\n1\tNinguno\n2\tPreescolar\n3\tPrimaria\n4\tB\u00e1sica secundaria (6\u00ba - 9\u00ba) \n5\tMedia (10\u00ba - 13\u00ba) \n6\tT\u00e9cnico\n7\tTecnol\u00f3gico\n8\tSuperior o universitaria","var_qstn_qstnlit":"D11. \u00bfAlguna vez \u2026 ha recibido capacitaci\u00f3n para el trabajo?\n\n1\tS\u00ed\n2\tNo\n9\tNo sabe, no informa","var_qstn_postqtxt":"D12. \u00bfEn qu\u00e9 oficio se capacit\u00f3 principalmente?","var_qstn_ivuinstr":"Se debe escoger alguna de las 3 alternativas mutuamente excluyentes. Flujo: en caso de respuesta  negativa (2. No) o 9. no sabe, no informa pase a la pregunta E1\n\nImportante:\n\nEl decreto  4904 del 16 de Diciembre de 2009, reglamenta la organizaci\u00f3n, oferta  y funcionamiento del servicio educativo para  el trabajo  y el desarrollo humano  y se dictan otras disposiciones\".  En este  decreto  se establece que   existe el concepto  de formaci\u00f3n para el trabajo y el desarrollo  humano  que en un principio har\u00eda parte del servicio  p\u00fablico  educativo  (sentido  estrictamente  formal),  pero   se  reconoce   la existencia una oferta de formaci\u00f3n para el trabajo informal, \u201cque tiene como objetivo brindar oportunidades para complementar, actualizar, perfeccionar, renovar o profundizar\tconocimientos,\thabilidades,\tt\u00e9cnicas\ty pr\u00e1cticas\u201d,\tla\tcual\tno necesariamente  es brindada por entidades  educativas  y por lo tanto  \u201cno conduce a t\u00edtulo alguno o certificado de aptitud ocupacional\u201d.\n\nA  partir  de  la  anterior  informaci\u00f3n,  nos  permitimos  concluir  que  las  preguntas referidas podr\u00e1n ser aplicadas , teniendo un concepto amplio  de capacitaci\u00f3n para el trabajo que , es decir, que tiene como objetivo brindar oportunidades para complementar, actualizar, perfeccionar, renovar o profundizar conocimientos, habilidades, t\u00e9cnicas y pr\u00e1cticas. Esta capacitaci\u00f3n para el trabajo podr\u00e1 ser brindada de manera  formal o informal,  es decir, que no necesariamente se deber\u00e1  contar con un t\u00edtulo o certificado de aptitud ocupacional que compruebe su validez.","var_universe":"Lo constituyen los ni\u00f1os, ni\u00f1as y adolescentes entre 5 y 17 a\u00f1os de edad, residentes en el territorio nacional excluyendo los antiguos territorios nacionales.","var_universe_clusion":"I","var_sumstat":[{"value":"48901","type":"vald","wgtd":null},{"value":"58","type":"invd","wgtd":null},{"value":"1","type":"min","wgtd":null},{"value":"3","type":"max","wgtd":null},{"value":"1.98","type":"mean","wgtd":null},{"value":"0.143","type":"stdev","wgtd":null}],"var_txt":null,"var_catgry":[{"value":"2","labl":"No","is_missing":null,"stats":[{"value":"47877","type":"freq","wgtd":null}]},{"value":"1","labl":"S\u00ed","is_missing":null,"stats":[{"value":"1004","type":"freq","wgtd":null}]},{"value":"3","labl":null,"is_missing":null,"stats":[{"value":"20","type":"freq","wgtd":null}]},{"value":"9","labl":"No sabe, no informa","is_missing":null,"stats":[{"value":"0","type":"freq","wgtd":null}]},{"value":"Sysmiss","labl":null,"is_missing":"Y","stats":[{"value":"58","type":"freq","wgtd":null}]}],"var_codinstr":null,"var_concept":[],"var_format":{"type":"numeric","schema":"other","category":null,"name":null},"var_notes":null,"var_val_range":{"min":"1","max":"3"},"fid":"F1","sid":"372","survey_idno":"DANE-DIRPEN-ENTI-2011"}

¿alguna vez ha recibido capacitación para el trabajo?

El acceso a microdatos y Mam-up se considera como de tratamiento especial respecto a la reserva estadística por tanto estará sujeto a la reglamentación que para el efecto defina el Comité de Aseguramiento de la reserva estadística. Resolución 173 de 2008.

D10. ¿En qué nivel está matriculado y cuál grado cursa...?

1	Ninguno
2	Preescolar
3	Primaria
4	Básica secundaria (6º - 9º) 
5	Media (10º - 13º) 
6	Técnico
7	Tecnológico
8	Superior o universitaria

D11. ¿Alguna vez … ha recibido capacitación para el trabajo?

1	Sí
2	No
9	No sabe, no informa

D12. ¿En qué oficio se capacitó principalmente?

Se debe escoger alguna de las 3 alternativas mutuamente excluyentes. Flujo: en caso de respuesta  negativa (2. No) o 9. no sabe, no informa pase a la pregunta E1

Importante:

El decreto  4904 del 16 de Diciembre de 2009, reglamenta la organización, oferta  y funcionamiento del servicio educativo para  el trabajo  y el desarrollo humano  y se dictan otras disposiciones".  En este  decreto  se establece que   existe el concepto  de formación para el trabajo y el desarrollo  humano  que en un principio haría parte del servicio  público  educativo  (sentido  estrictamente  formal),  pero   se  reconoce   la existencia una oferta de formación para el trabajo informal, “que tiene como objetivo brindar oportunidades para complementar, actualizar, perfeccionar, renovar o profundizar	conocimientos,	habilidades,	técnicas	y prácticas”,	la	cual	no necesariamente  es brindada por entidades  educativas  y por lo tanto  “no conduce a título alguno o certificado de aptitud ocupacional”.

A  partir  de  la  anterior  información,  nos  permitimos  concluir  que  las  preguntas referidas podrán ser aplicadas , teniendo un concepto amplio  de capacitación para el trabajo que , es decir, que tiene como objetivo brindar oportunidades para complementar, actualizar, perfeccionar, renovar o profundizar conocimientos, habilidades, técnicas y prácticas. Esta capacitación para el trabajo podrá ser brindada de manera  formal o informal,  es decir, que no necesariamente se deberá  contar con un título o certificado de aptitud ocupacional que compruebe su validez.

Lo constituyen los niños, niñas y adolescentes entre 5 y 17 años de edad, residentes en el territorio nacional excluyendo los antiguos territorios nacionales.

Sí
