{"file_id":"F1","vid":"V132","name":"P6237","var_intrvl":"discrete","var_dcml":"0","var_wgt":null,"var_is_wgt":null,"loc_start_pos":"829","loc_end_pos":"829","loc_width":"1","loc_rec_seg_no":"1","labl":"\u00bfen que actividad ocup\u00f3 \u2026  la mayor parte del tiempo la semana pasada?","var_imputation":null,"var_security":"El acceso a microdatos y Mam-up se considera como de tratamiento especial respecto a la reserva estad\u00edstica por tanto estar\u00e1 sujeto a la reglamentaci\u00f3n que para el efecto defina el Comit\u00e9 de Aseguramiento de la reserva estad\u00edstica. Resoluci\u00f3n 173 de 2008.","var_resp_unit":"Directo","var_analysis_unit":null,"var_qstn_preqtxt":"D13. La \u00faltima capacitaci\u00f3n la recibi\u00f3 \u2026:\n\n1\tDentro del \u00e1mbito familiar\n2\tComo aprend\u00edz fuera del \u00e1mbito familiar\n3\tSENA\n4\tEn academia u otra instituci\u00f3n\n5\tEn colegio o establecimiento educativo\n6\tEn empresa donde trabaja o trabaj\u00f3\n7\tOtro sitio","var_qstn_qstnlit":"E1. \u00bfEn que actividad ocup\u00f3 \u2026 la mayor parte del tiempo la SEMANA PASADA?\n\n1\tTrabajando   \n2\tBuscando trabajo\n3\tEstudiando\n4\tEn vacaciones escolares\n5\tOficios del hogar\n6\tIncapacitado permanente para trabajar\n7\tOtra actividad","var_qstn_postqtxt":"E2. Adem\u00e1s de lo anterior, \u00bf\u2026 realiz\u00f3 la semana pasada alguna  actividad paga por una hora o m\u00e1s?\n\n1\tS\u00ed\n2\tNo","var_qstn_ivuinstr":"Se debe formular la pregunta  sin leer alternativas de respuesta  y marcar la que indique el encuestado.  Tenga en cuenta que la alternativa Otra actividad, c\u00f3digo 7, hace referencia a actividades que resulten diferentes a las enunciadas, c\u00f3digos 1 a 6.\n\nSi el ni\u00f1o, ni\u00f1a o adolescente se encuentra en vacaciones escolares y piensa continuar estudiando, clasif\u00edquelo en el c\u00f3digo 4.\n\nFlujo: Si contesta  que  el ni\u00f1o, ni\u00f1a o adolescente estaba  trabajando (c\u00f3digo 1) pase  a pregunta  E7; de lo contrario, contin\u00fae. Si contesta  que el ni\u00f1o, ni\u00f1a o adolescente estaba incapacitado permanente para trabajar pase a la pregunta F1.\n\nSi tiene respuesta en c\u00f3digo 7 Otra actividad, por favor especifique cual en la pregunta  de formato texto que se despliega.\n\nFlujo: Si el encuestado responde  afirmativamente esta pregunta,  c\u00f3digo 1, debe  pasar a pregunta E7.","var_universe":"Lo constituyen los ni\u00f1os, ni\u00f1as y adolescentes entre 5 y 17 a\u00f1os de edad, residentes en el territorio nacional excluyendo los antiguos territorios nacionales.","var_universe_clusion":"I","var_sumstat":[{"value":"48909","type":"vald","wgtd":null},{"value":"50","type":"invd","wgtd":null},{"value":"1","type":"min","wgtd":null},{"value":"7","type":"max","wgtd":null},{"value":"3.563","type":"mean","wgtd":null},{"value":"1.055","type":"stdev","wgtd":null}],"var_txt":null,"var_catgry":[{"value":"3","labl":"Estudiando","is_missing":null,"stats":[{"value":"26168","type":"freq","wgtd":null}]},{"value":"4","labl":"En vacaciones escolares","is_missing":null,"stats":[{"value":"16798","type":"freq","wgtd":null}]},{"value":"7","labl":"Otra actividad","is_missing":null,"stats":[{"value":"2426","type":"freq","wgtd":null}]},{"value":"5","labl":"Oficios del hogar","is_missing":null,"stats":[{"value":"1845","type":"freq","wgtd":null}]},{"value":"1","labl":"Trabajando","is_missing":null,"stats":[{"value":"1448","type":"freq","wgtd":null}]},{"value":"2","labl":"Buscando trabajo","is_missing":null,"stats":[{"value":"113","type":"freq","wgtd":null}]},{"value":"6","labl":"Incapacitado permanente para trabajar","is_missing":null,"stats":[{"value":"111","type":"freq","wgtd":null}]},{"value":"Sysmiss","labl":null,"is_missing":"Y","stats":[{"value":"50","type":"freq","wgtd":null}]}],"var_codinstr":null,"var_concept":[],"var_format":{"type":"numeric","schema":"other","category":null,"name":null},"var_notes":null,"var_val_range":{"min":"1","max":"7"},"fid":"F1","sid":"372","survey_idno":"DANE-DIRPEN-ENTI-2011"}

¿en que actividad ocupó …  la mayor parte del tiempo la semana pasada?

El acceso a microdatos y Mam-up se considera como de tratamiento especial respecto a la reserva estadística por tanto estará sujeto a la reglamentación que para el efecto defina el Comité de Aseguramiento de la reserva estadística. Resolución 173 de 2008.

D13. La última capacitación la recibió …:

1	Dentro del ámbito familiar
2	Como aprendíz fuera del ámbito familiar
3	SENA
4	En academia u otra institución
5	En colegio o establecimiento educativo
6	En empresa donde trabaja o trabajó
7	Otro sitio

E1. ¿En que actividad ocupó … la mayor parte del tiempo la SEMANA PASADA?

1	Trabajando   
2	Buscando trabajo
3	Estudiando
4	En vacaciones escolares
5	Oficios del hogar
6	Incapacitado permanente para trabajar
7	Otra actividad

E2. Además de lo anterior, ¿… realizó la semana pasada alguna  actividad paga por una hora o más?

1	Sí
2	No

Se debe formular la pregunta  sin leer alternativas de respuesta  y marcar la que indique el encuestado.  Tenga en cuenta que la alternativa Otra actividad, código 7, hace referencia a actividades que resulten diferentes a las enunciadas, códigos 1 a 6.

Si el niño, niña o adolescente se encuentra en vacaciones escolares y piensa continuar estudiando, clasifíquelo en el código 4.

Flujo: Si contesta  que  el niño, niña o adolescente estaba  trabajando (código 1) pase  a pregunta  E7; de lo contrario, continúe. Si contesta  que el niño, niña o adolescente estaba incapacitado permanente para trabajar pase a la pregunta F1.

Si tiene respuesta en código 7 Otra actividad, por favor especifique cual en la pregunta  de formato texto que se despliega.

Flujo: Si el encuestado responde  afirmativamente esta pregunta,  código 1, debe  pasar a pregunta E7.

Lo constituyen los niños, niñas y adolescentes entre 5 y 17 años de edad, residentes en el territorio nacional excluyendo los antiguos territorios nacionales.
