{"file_id":"F1","vid":"V142","name":"P6184","var_intrvl":"discrete","var_dcml":"0","var_wgt":null,"var_is_wgt":null,"loc_start_pos":"970","loc_end_pos":"970","loc_width":"1","loc_rec_seg_no":"1","labl":"\u00bfqui\u00e9n emplea a \u2026?","var_imputation":null,"var_security":"El acceso a microdatos y Mam-up se considera como de tratamiento especial respecto a la reserva estad\u00edstica por tanto estar\u00e1 sujeto a la reglamentaci\u00f3n que para el efecto defina el Comit\u00e9 de Aseguramiento de la reserva estad\u00edstica. Resoluci\u00f3n 173 de 2008.","var_resp_unit":"Directo","var_analysis_unit":null,"var_qstn_preqtxt":"E9. \u00bfEn d\u00f3nde realiza principalmente \u2026 su trabajo?\n\n1\tEn una obra de construcci\u00f3n\n2\tEn una mina o cantera\n3\tEn el campo realizando labores agropecuarias\n4\tEn local fijo, f\u00e1brica, almac\u00e9n, oficina\n5\tEn la vivienda que habita\n6\tEn otra vivienda\n7\tEn la calle, estacionario o ambulante\n8\tPuerta a puerta\n9\tEn kiosko o caseta\n10\tEn un veh\u00edculo u otro medio de transporte (carro, bus, tractor, lancha, bicicleta, carreta, etc?\n11\tEn otro sitio,","var_qstn_qstnlit":"E10. \u00bfQui\u00e9n emplea a \u2026 ?\n\n1\tLos padres\t\n2\tOtros familiares\t\n3\tUna persona distinta de la familia\t\n4\tEs independiente (patr\u00f3n o cuenta propia)","var_qstn_postqtxt":"E11. En este trabajo \u2026 es:\n\n1\tObrero o empleado (particular o del gobierno)\n2\tEmpleado dom\u00e9stico\n3\tTrabajador por cuenta propia\n4\tPatr\u00f3n o empleador\n5\tTrabajador familiar sin remuneraci\u00f3n\n6\tTrabajador sin remuneraci\u00f3n de empresas o negocios de otros hogares\n7\tJornalero o pe\u00f3n\n8\tOtro","var_qstn_ivuinstr":"Se  pretende  identificar  si el  empleador  tiene  parentesco  o  no  con  el  ni\u00f1o,  ni\u00f1a  o adolescente. Flujo:  Si se selecciona la alternativa c\u00f3digo 4. \u201cEs independiente (patr\u00f3n  o cuenta propia) debe pasar a la pregunta E19","var_universe":"Lo constituyen los ni\u00f1os, ni\u00f1as y adolescentes entre 5 y 17 a\u00f1os de edad, residentes en el territorio nacional excluyendo los antiguos territorios nacionales.","var_universe_clusion":"I","var_sumstat":[{"value":"5033","type":"vald","wgtd":null},{"value":"43926","type":"invd","wgtd":null},{"value":"1","type":"min","wgtd":null},{"value":"4","type":"max","wgtd":null},{"value":"2.017","type":"mean","wgtd":null},{"value":"1.156","type":"stdev","wgtd":null}],"var_txt":null,"var_catgry":[{"value":"1","labl":"Los padres","is_missing":null,"stats":[{"value":"2482","type":"freq","wgtd":null}]},{"value":"3","labl":"Una persona distinta de la familia","is_missing":null,"stats":[{"value":"887","type":"freq","wgtd":null}]},{"value":"4","labl":"Es independiente (patr\u00f3n o cuenta propia)","is_missing":null,"stats":[{"value":"840","type":"freq","wgtd":null}]},{"value":"2","labl":"Otros familiares","is_missing":null,"stats":[{"value":"824","type":"freq","wgtd":null}]},{"value":"Sysmiss","labl":null,"is_missing":"Y","stats":[{"value":"43926","type":"freq","wgtd":null}]}],"var_codinstr":null,"var_concept":[],"var_format":{"type":"numeric","schema":"other","category":null,"name":null},"var_notes":null,"var_val_range":{"min":"1","max":"4"},"fid":"F1","sid":"372","survey_idno":"DANE-DIRPEN-ENTI-2011"}

¿quién emplea a …?

El acceso a microdatos y Mam-up se considera como de tratamiento especial respecto a la reserva estadística por tanto estará sujeto a la reglamentación que para el efecto defina el Comité de Aseguramiento de la reserva estadística. Resolución 173 de 2008.

E9. ¿En dónde realiza principalmente … su trabajo?

1	En una obra de construcción
2	En una mina o cantera
3	En el campo realizando labores agropecuarias
4	En local fijo, fábrica, almacén, oficina
5	En la vivienda que habita
6	En otra vivienda
7	En la calle, estacionario o ambulante
8	Puerta a puerta
9	En kiosko o caseta
10	En un vehículo u otro medio de transporte (carro, bus, tractor, lancha, bicicleta, carreta, etc?
11	En otro sitio,

E10. ¿Quién emplea a … ?

1	Los padres	
2	Otros familiares	
3	Una persona distinta de la familia	
4	Es independiente (patrón o cuenta propia)

E11. En este trabajo … es:

1	Obrero o empleado (particular o del gobierno)
2	Empleado doméstico
3	Trabajador por cuenta propia
4	Patrón o empleador
5	Trabajador familiar sin remuneración
6	Trabajador sin remuneración de empresas o negocios de otros hogares
7	Jornalero o peón
8	Otro

Se  pretende  identificar  si el  empleador  tiene  parentesco  o  no  con  el  niño,  niña  o adolescente. Flujo:  Si se selecciona la alternativa código 4. “Es independiente (patrón  o cuenta propia) debe pasar a la pregunta E19

Lo constituyen los niños, niñas y adolescentes entre 5 y 17 años de edad, residentes en el territorio nacional excluyendo los antiguos territorios nacionales.

Es independiente (patrón o cuenta propia)
