{"file_id":"F1","vid":"V156","name":"P6752s1","var_intrvl":"discrete","var_dcml":"0","var_wgt":null,"var_is_wgt":null,"loc_start_pos":"1076","loc_end_pos":"1077","loc_width":"2","loc_rec_seg_no":"1","labl":"\u00bfcu\u00e1nto tiempo lleva dedicado \u2026 a su ocupaci\u00f3n, oficio o profesi\u00f3n principal a\u00f1os","var_imputation":null,"var_security":"El acceso a microdatos y Mam-up se considera como de tratamiento especial respecto a la reserva estad\u00edstica por tanto estar\u00e1 sujeto a la reglamentaci\u00f3n que para el efecto defina el Comit\u00e9 de Aseguramiento de la reserva estad\u00edstica. Resoluci\u00f3n 173 de 2008.","var_resp_unit":"Directo","var_analysis_unit":null,"var_qstn_preqtxt":"E26. \u00bfCu\u00e1l fue la ganancia neta o los honorarios netos de ... en esa actividad, negocio, profesi\u00f3n o finca, el mes pasado ?\n\nValor","var_qstn_qstnlit":"E27. \u00bfCu\u00e1nto tiempo lleva dedicado \u2026 a su ocupaci\u00f3n, oficio o profesi\u00f3n principal?\n\nA\u00f1os","var_qstn_postqtxt":"E27. \u00bfCu\u00e1nto tiempo lleva dedicado \u2026 a su ocupaci\u00f3n, oficio o profesi\u00f3n principal?\n\nMeses","var_qstn_ivuinstr":"Esta pregunta permite establecer la experiencia laboral del ni\u00f1o, ni\u00f1a o adolescente. Se debe anotar la respuesta especificando  la unidad de tiempo: d\u00edas, meses o a\u00f1os, seg\u00fan sea el caso.","var_universe":"Lo constituyen los ni\u00f1os, ni\u00f1as y adolescentes entre 5 y 17 a\u00f1os de edad, residentes en el territorio nacional excluyendo los antiguos territorios nacionales.","var_universe_clusion":"I","var_sumstat":[{"value":"5033","type":"vald","wgtd":null},{"value":"43926","type":"invd","wgtd":null},{"value":"0","type":"min","wgtd":null},{"value":"12","type":"max","wgtd":null},{"value":"1.174","type":"mean","wgtd":null},{"value":"1.753","type":"stdev","wgtd":null}],"var_txt":null,"var_catgry":[{"value":"0","labl":null,"is_missing":null,"stats":[{"value":"2639","type":"freq","wgtd":null}]},{"value":"1","labl":null,"is_missing":null,"stats":[{"value":"926","type":"freq","wgtd":null}]},{"value":"2","labl":null,"is_missing":null,"stats":[{"value":"610","type":"freq","wgtd":null}]},{"value":"3","labl":null,"is_missing":null,"stats":[{"value":"353","type":"freq","wgtd":null}]},{"value":"4","labl":null,"is_missing":null,"stats":[{"value":"188","type":"freq","wgtd":null}]},{"value":"5","labl":null,"is_missing":null,"stats":[{"value":"165","type":"freq","wgtd":null}]},{"value":"6","labl":null,"is_missing":null,"stats":[{"value":"60","type":"freq","wgtd":null}]},{"value":"7","labl":null,"is_missing":null,"stats":[{"value":"37","type":"freq","wgtd":null}]},{"value":"8","labl":null,"is_missing":null,"stats":[{"value":"21","type":"freq","wgtd":null}]},{"value":"10","labl":null,"is_missing":null,"stats":[{"value":"15","type":"freq","wgtd":null}]},{"value":"9","labl":null,"is_missing":null,"stats":[{"value":"12","type":"freq","wgtd":null}]},{"value":"12","labl":null,"is_missing":null,"stats":[{"value":"4","type":"freq","wgtd":null}]},{"value":"11","labl":null,"is_missing":null,"stats":[{"value":"3","type":"freq","wgtd":null}]},{"value":"Sysmiss","labl":null,"is_missing":"Y","stats":[{"value":"43926","type":"freq","wgtd":null}]}],"var_codinstr":null,"var_concept":[],"var_format":{"type":"numeric","schema":"other","category":null,"name":null},"var_notes":null,"var_val_range":{"min":"0","max":"12"},"fid":"F1","sid":"372","survey_idno":"DANE-DIRPEN-ENTI-2011"}

¿cuánto tiempo lleva dedicado … a su ocupación, oficio o profesión principal años

El acceso a microdatos y Mam-up se considera como de tratamiento especial respecto a la reserva estadística por tanto estará sujeto a la reglamentación que para el efecto defina el Comité de Aseguramiento de la reserva estadística. Resolución 173 de 2008.

E26. ¿Cuál fue la ganancia neta o los honorarios netos de ... en esa actividad, negocio, profesión o finca, el mes pasado ?

Valor

E27. ¿Cuánto tiempo lleva dedicado … a su ocupación, oficio o profesión principal?

Años

E27. ¿Cuánto tiempo lleva dedicado … a su ocupación, oficio o profesión principal?

Meses

Esta pregunta permite establecer la experiencia laboral del niño, niña o adolescente. Se debe anotar la respuesta especificando  la unidad de tiempo: días, meses o años, según sea el caso.

Lo constituyen los niños, niñas y adolescentes entre 5 y 17 años de edad, residentes en el territorio nacional excluyendo los antiguos territorios nacionales.
