{"file_id":"F1","vid":"V157","name":"P6752s2","var_intrvl":"discrete","var_dcml":"0","var_wgt":null,"var_is_wgt":null,"loc_start_pos":"1078","loc_end_pos":"1079","loc_width":"2","loc_rec_seg_no":"1","labl":"\u00bfcu\u00e1nto tiempo lleva dedicado \u2026 a su ocupaci\u00f3n, oficio o profesi\u00f3n principal?  meses","var_imputation":null,"var_security":"El acceso a microdatos y Mam-up se considera como de tratamiento especial respecto a la reserva estad\u00edstica por tanto estar\u00e1 sujeto a la reglamentaci\u00f3n que para el efecto defina el Comit\u00e9 de Aseguramiento de la reserva estad\u00edstica. Resoluci\u00f3n 173 de 2008.","var_resp_unit":"Directo","var_analysis_unit":null,"var_qstn_preqtxt":"E27. \u00bfCu\u00e1nto tiempo lleva dedicado \u2026 a su ocupaci\u00f3n, oficio o profesi\u00f3n principal?\n\nA\u00f1os","var_qstn_qstnlit":"E27. \u00bfCu\u00e1nto tiempo lleva dedicado \u2026 a su ocupaci\u00f3n, oficio o profesi\u00f3n principal?\n\nMeses","var_qstn_postqtxt":"E27. \u00bfCu\u00e1nto tiempo lleva dedicado \u2026 a su ocupaci\u00f3n, oficio o profesi\u00f3n principal?\n\nD\u00edas","var_qstn_ivuinstr":"Esta pregunta permite establecer la experiencia laboral del ni\u00f1o, ni\u00f1a o adolescente. Se debe anotar la respuesta especificando  la unidad de tiempo: d\u00edas, meses o a\u00f1os, seg\u00fan sea el caso.","var_universe":"Lo constituyen los ni\u00f1os, ni\u00f1as y adolescentes entre 5 y 17 a\u00f1os de edad, residentes en el territorio nacional excluyendo los antiguos territorios nacionales.","var_universe_clusion":"I","var_sumstat":[{"value":"5033","type":"vald","wgtd":null},{"value":"43926","type":"invd","wgtd":null},{"value":"0","type":"min","wgtd":null},{"value":"12","type":"max","wgtd":null},{"value":"2.652","type":"mean","wgtd":null},{"value":"3.487","type":"stdev","wgtd":null}],"var_txt":null,"var_catgry":[{"value":"0","labl":null,"is_missing":null,"stats":[{"value":"2244","type":"freq","wgtd":null}]},{"value":"1","labl":null,"is_missing":null,"stats":[{"value":"537","type":"freq","wgtd":null}]},{"value":"2","labl":null,"is_missing":null,"stats":[{"value":"469","type":"freq","wgtd":null}]},{"value":"6","labl":null,"is_missing":null,"stats":[{"value":"364","type":"freq","wgtd":null}]},{"value":"3","labl":null,"is_missing":null,"stats":[{"value":"341","type":"freq","wgtd":null}]},{"value":"10","labl":null,"is_missing":null,"stats":[{"value":"222","type":"freq","wgtd":null}]},{"value":"5","labl":null,"is_missing":null,"stats":[{"value":"195","type":"freq","wgtd":null}]},{"value":"4","labl":null,"is_missing":null,"stats":[{"value":"168","type":"freq","wgtd":null}]},{"value":"11","labl":null,"is_missing":null,"stats":[{"value":"158","type":"freq","wgtd":null}]},{"value":"8","labl":null,"is_missing":null,"stats":[{"value":"125","type":"freq","wgtd":null}]},{"value":"12","labl":null,"is_missing":null,"stats":[{"value":"89","type":"freq","wgtd":null}]},{"value":"9","labl":null,"is_missing":null,"stats":[{"value":"74","type":"freq","wgtd":null}]},{"value":"7","labl":null,"is_missing":null,"stats":[{"value":"47","type":"freq","wgtd":null}]},{"value":"Sysmiss","labl":null,"is_missing":"Y","stats":[{"value":"43926","type":"freq","wgtd":null}]}],"var_codinstr":null,"var_concept":[],"var_format":{"type":"numeric","schema":"other","category":null,"name":null},"var_notes":null,"var_val_range":{"min":"0","max":"12"},"fid":"F1","sid":"372","survey_idno":"DANE-DIRPEN-ENTI-2011"}

¿cuánto tiempo lleva dedicado … a su ocupación, oficio o profesión principal?  meses

El acceso a microdatos y Mam-up se considera como de tratamiento especial respecto a la reserva estadística por tanto estará sujeto a la reglamentación que para el efecto defina el Comité de Aseguramiento de la reserva estadística. Resolución 173 de 2008.

E27. ¿Cuánto tiempo lleva dedicado … a su ocupación, oficio o profesión principal?

Años

E27. ¿Cuánto tiempo lleva dedicado … a su ocupación, oficio o profesión principal?

Meses

E27. ¿Cuánto tiempo lleva dedicado … a su ocupación, oficio o profesión principal?

Días

Esta pregunta permite establecer la experiencia laboral del niño, niña o adolescente. Se debe anotar la respuesta especificando  la unidad de tiempo: días, meses o años, según sea el caso.

Lo constituyen los niños, niñas y adolescentes entre 5 y 17 años de edad, residentes en el territorio nacional excluyendo los antiguos territorios nacionales.
