{"file_id":"F1","vid":"V158","name":"P6752s3","var_intrvl":"contin","var_dcml":"0","var_wgt":null,"var_is_wgt":null,"loc_start_pos":"1080","loc_end_pos":"1081","loc_width":"2","loc_rec_seg_no":"1","labl":"\u00bfcu\u00e1nto tiempo lleva dedicado \u2026 a su ocupaci\u00f3n, oficio o profesi\u00f3n principal?   d\u00edas","var_imputation":null,"var_security":"El acceso a microdatos y Mam-up se considera como de tratamiento especial respecto a la reserva estad\u00edstica por tanto estar\u00e1 sujeto a la reglamentaci\u00f3n que para el efecto defina el Comit\u00e9 de Aseguramiento de la reserva estad\u00edstica. Resoluci\u00f3n 173 de 2008.","var_resp_unit":"Directo","var_analysis_unit":null,"var_qstn_preqtxt":"E27. \u00bfCu\u00e1nto tiempo lleva dedicado \u2026 a su ocupaci\u00f3n, oficio o profesi\u00f3n principal?\n\nMeses","var_qstn_qstnlit":"E27. \u00bfCu\u00e1nto tiempo lleva dedicado \u2026 a su ocupaci\u00f3n, oficio o profesi\u00f3n principal?\n\nD\u00edas","var_qstn_postqtxt":"E28. \u00bfLa \u00faltima semana que trabaj\u00f3..., qu\u00e9 d\u00edas lo hizo y en qu\u00e9 horario?\n\nTrabaj\u00f3\nLunes\n\n1\tS\u00ed\n2\tNo","var_qstn_ivuinstr":"Esta pregunta permite establecer la experiencia laboral del ni\u00f1o, ni\u00f1a o adolescente. Se debe anotar la respuesta especificando  la unidad de tiempo: d\u00edas, meses o a\u00f1os, seg\u00fan sea el caso.","var_universe":"Lo constituyen los ni\u00f1os, ni\u00f1as y adolescentes entre 5 y 17 a\u00f1os de edad, residentes en el territorio nacional excluyendo los antiguos territorios nacionales.","var_universe_clusion":"I","var_sumstat":[{"value":"5033","type":"vald","wgtd":null},{"value":"43926","type":"invd","wgtd":null},{"value":"0","type":"min","wgtd":null},{"value":"30","type":"max","wgtd":null},{"value":"4.621","type":"mean","wgtd":null},{"value":"8.061","type":"stdev","wgtd":null}],"var_txt":null,"var_catgry":[],"var_codinstr":null,"var_concept":[],"var_format":{"type":"numeric","schema":"other","category":null,"name":null},"var_notes":null,"var_val_range":{"min":"0","max":"30"},"fid":"F1","sid":"372","survey_idno":"DANE-DIRPEN-ENTI-2011"}

¿cuánto tiempo lleva dedicado … a su ocupación, oficio o profesión principal?   días

El acceso a microdatos y Mam-up se considera como de tratamiento especial respecto a la reserva estadística por tanto estará sujeto a la reglamentación que para el efecto defina el Comité de Aseguramiento de la reserva estadística. Resolución 173 de 2008.

E27. ¿Cuánto tiempo lleva dedicado … a su ocupación, oficio o profesión principal?

Meses

E27. ¿Cuánto tiempo lleva dedicado … a su ocupación, oficio o profesión principal?

Días

E28. ¿La última semana que trabajó..., qué días lo hizo y en qué horario?

Trabajó
Lunes

1	Sí
2	No

Esta pregunta permite establecer la experiencia laboral del niño, niña o adolescente. Se debe anotar la respuesta especificando  la unidad de tiempo: días, meses o años, según sea el caso.

Lo constituyen los niños, niñas y adolescentes entre 5 y 17 años de edad, residentes en el territorio nacional excluyendo los antiguos territorios nacionales.
