{"file_id":"F1","vid":"V184","name":"P6834s6","var_intrvl":"discrete","var_dcml":"0","var_wgt":null,"var_is_wgt":null,"loc_start_pos":"1127","loc_end_pos":"1127","loc_width":"1","loc_rec_seg_no":"1","labl":"\u00bfla \u00faltima semana que trabaj\u00f3\u2026, qu\u00e9 d\u00edas lo hizo y en que horario? s\u00e1bado","var_imputation":null,"var_security":"El acceso a microdatos y Mam-up se considera como de tratamiento especial respecto a la reserva estad\u00edstica por tanto estar\u00e1 sujeto a la reglamentaci\u00f3n que para el efecto defina el Comit\u00e9 de Aseguramiento de la reserva estad\u00edstica. Resoluci\u00f3n 173 de 2008.","var_resp_unit":"Directo","var_analysis_unit":null,"var_qstn_preqtxt":"E28. \u00bfLa \u00faltima semana que trabaj\u00f3..., qu\u00e9 d\u00edas lo hizo y en qu\u00e9 horario?\n\n\u00bfEn qu\u00e9 horario lo hizo?\n\nTrabajo Secundario\na...","var_qstn_qstnlit":"E28. \u00bfLa \u00faltima semana que trabaj\u00f3..., qu\u00e9 d\u00edas lo hizo y en qu\u00e9 horario?\n\nTrabaj\u00f3\nS\u00e1bado\n\n1\tS\u00ed\n2\tNo","var_qstn_postqtxt":"E28. \u00bfLa \u00faltima semana que trabaj\u00f3..., qu\u00e9 d\u00edas lo hizo y en qu\u00e9 horario?\n\n\u00bfEn qu\u00e9 horario lo hizo?\n\nTrabajo Principal\nde...","var_qstn_ivuinstr":"Se diligencia para todos los d\u00edas y especificando los horarios. En la DMC esta pregunta  se divide en una pregunta si o no para identificar si trabajo ese d\u00eda y una pregunta del horario del trabajo principal y secundario (seg\u00fan el caso) que se despliega en caso afirmativo para ese d\u00eda.","var_universe":"Lo constituyen los ni\u00f1os, ni\u00f1as y adolescentes entre 5 y 17 a\u00f1os de edad, residentes en el territorio nacional excluyendo los antiguos territorios nacionales.","var_universe_clusion":"I","var_sumstat":[{"value":"5033","type":"vald","wgtd":null},{"value":"43926","type":"invd","wgtd":null},{"value":"1","type":"min","wgtd":null},{"value":"2","type":"max","wgtd":null},{"value":"1.415","type":"mean","wgtd":null},{"value":"0.493","type":"stdev","wgtd":null}],"var_txt":null,"var_catgry":[{"value":"1","labl":"S\u00ed","is_missing":null,"stats":[{"value":"2942","type":"freq","wgtd":null}]},{"value":"2","labl":"No","is_missing":null,"stats":[{"value":"2091","type":"freq","wgtd":null}]},{"value":"Sysmiss","labl":null,"is_missing":"Y","stats":[{"value":"43926","type":"freq","wgtd":null}]}],"var_codinstr":null,"var_concept":[],"var_format":{"type":"numeric","schema":"other","category":null,"name":null},"var_notes":null,"var_val_range":{"min":"1","max":"2"},"fid":"F1","sid":"372","survey_idno":"DANE-DIRPEN-ENTI-2011"}

¿la última semana que trabajó…, qué días lo hizo y en que horario? sábado

El acceso a microdatos y Mam-up se considera como de tratamiento especial respecto a la reserva estadística por tanto estará sujeto a la reglamentación que para el efecto defina el Comité de Aseguramiento de la reserva estadística. Resolución 173 de 2008.

E28. ¿La última semana que trabajó..., qué días lo hizo y en qué horario?

¿En qué horario lo hizo?

Trabajo Secundario
a...

E28. ¿La última semana que trabajó..., qué días lo hizo y en qué horario?

Trabajó
Sábado

1	Sí
2	No

E28. ¿La última semana que trabajó..., qué días lo hizo y en qué horario?

¿En qué horario lo hizo?

Trabajo Principal
de...

Se diligencia para todos los días y especificando los horarios. En la DMC esta pregunta  se divide en una pregunta si o no para identificar si trabajo ese día y una pregunta del horario del trabajo principal y secundario (según el caso) que se despliega en caso afirmativo para ese día.

Lo constituyen los niños, niñas y adolescentes entre 5 y 17 años de edad, residentes en el territorio nacional excluyendo los antiguos territorios nacionales.

Sí
