{"file_id":"F1","vid":"V221","name":"P6841","var_intrvl":"discrete","var_dcml":"0","var_wgt":null,"var_is_wgt":null,"loc_start_pos":"1289","loc_end_pos":"1289","loc_width":"1","loc_rec_seg_no":"1","labl":"El trabajo que actualmente desempe\u00f1a \u2026, \u00bfes su primer trabajo?","var_imputation":null,"var_security":"El acceso a microdatos y Mam-up se considera como de tratamiento especial respecto a la reserva estad\u00edstica por tanto estar\u00e1 sujeto a la reglamentaci\u00f3n que para el efecto defina el Comit\u00e9 de Aseguramiento de la reserva estad\u00edstica. Resoluci\u00f3n 173 de 2008.","var_resp_unit":"Directo","var_analysis_unit":null,"var_qstn_preqtxt":"E32. En los \u00faltimos meses, \u00bfcu\u00e1les ha trabajado?\n\nOctubre de 2010\n1\tS\u00ed\n2\tNo","var_qstn_qstnlit":"E33. El trabajo que actualmente desempe\u00f1a \u2026, \u00bfes su primer trabajo?\n\n1\tS\u00ed\n2\tNo","var_qstn_postqtxt":"E34. \u00bfCu\u00e1ntos a\u00f1os ten\u00eda \u2026 cuando realiz\u00f3 su primer trabajo?\n\nEdad en a\u00f1os","var_qstn_ivuinstr":"Con esta pregunta  y las restantes de este cap\u00edtulo, se busca establecer la historia laboral del ni\u00f1o, ni\u00f1a o adolescente trabajador.\n\nFlujo. Si la respuesta es afirmativa (c\u00f3digo 1), pase a la pregunta  E36; en caso contrario (c\u00f3digo 2), contin\u00fae.","var_universe":"Lo constituyen los ni\u00f1os, ni\u00f1as y adolescentes entre 5 y 17 a\u00f1os de edad, residentes en el territorio nacional excluyendo los antiguos territorios nacionales.","var_universe_clusion":"I","var_sumstat":[{"value":"5033","type":"vald","wgtd":null},{"value":"43926","type":"invd","wgtd":null},{"value":"1","type":"min","wgtd":null},{"value":"2","type":"max","wgtd":null},{"value":"1.083","type":"mean","wgtd":null},{"value":"0.276","type":"stdev","wgtd":null}],"var_txt":null,"var_catgry":[{"value":"1","labl":"S\u00ed","is_missing":null,"stats":[{"value":"4616","type":"freq","wgtd":null}]},{"value":"2","labl":"No","is_missing":null,"stats":[{"value":"417","type":"freq","wgtd":null}]},{"value":"Sysmiss","labl":null,"is_missing":"Y","stats":[{"value":"43926","type":"freq","wgtd":null}]}],"var_codinstr":null,"var_concept":[],"var_format":{"type":"numeric","schema":"other","category":null,"name":null},"var_notes":null,"var_val_range":{"min":"1","max":"2"},"fid":"F1","sid":"372","survey_idno":"DANE-DIRPEN-ENTI-2011"}

El trabajo que actualmente desempeña …, ¿es su primer trabajo?

El acceso a microdatos y Mam-up se considera como de tratamiento especial respecto a la reserva estadística por tanto estará sujeto a la reglamentación que para el efecto defina el Comité de Aseguramiento de la reserva estadística. Resolución 173 de 2008.

E32. En los últimos meses, ¿cuáles ha trabajado?

Octubre de 2010
1	Sí
2	No

E33. El trabajo que actualmente desempeña …, ¿es su primer trabajo?

1	Sí
2	No

E34. ¿Cuántos años tenía … cuando realizó su primer trabajo?

Edad en años

Con esta pregunta  y las restantes de este capítulo, se busca establecer la historia laboral del niño, niña o adolescente trabajador.

Flujo. Si la respuesta es afirmativa (código 1), pase a la pregunta  E36; en caso contrario (código 2), continúe.

Lo constituyen los niños, niñas y adolescentes entre 5 y 17 años de edad, residentes en el territorio nacional excluyendo los antiguos territorios nacionales.

Sí
