{"file_id":"F1","vid":"V302","name":"P4897","var_intrvl":"discrete","var_dcml":"0","var_wgt":null,"var_is_wgt":null,"loc_start_pos":"1601","loc_end_pos":"1601","loc_width":"1","loc_rec_seg_no":"1","labl":"\u00bfla semana pasada \u2026 realiz\u00f3 o colabor\u00f3 en oficios del hogar?","var_imputation":null,"var_security":"El acceso a microdatos y Mam-up se considera como de tratamiento especial respecto a la reserva estad\u00edstica por tanto estar\u00e1 sujeto a la reglamentaci\u00f3n que para el efecto defina el Comit\u00e9 de Aseguramiento de la reserva estad\u00edstica. Resoluci\u00f3n 173 de 2008.","var_resp_unit":"Directo","var_analysis_unit":null,"var_qstn_preqtxt":"F13. Adicional a las actividades que me inform\u00f3 haber realizado, \u00bfhizo otras actividades de ayuda al hogar durante la semana pasada?\n\n1\tS\u00ed\n2\tNo","var_qstn_qstnlit":"G1 \u00bfLa semana  pasada... realiz\u00f3 o colabor\u00f3  en  oficios del hogar?\n\n(Lavar,  planchar,  cocinar,  cuidar  ni\u00f1os  m\u00e1s  peque\u00f1os   y\/o  a  personas enfermas  o  discapacitadas  del  hogar,  atender   la huerta  casera,  cr\u00eda  y cuidado de animales, hacer mandados  y\/o mercados, limpieza y mantenimiento del hogar, etc.)\n\n1\tS\u00ed\n2\tNo\n3\tEs trabajador(a) dom\u00e9stico(a) interno(a)","var_qstn_postqtxt":"G2. \u00bfCu\u00e1les oficios realiz\u00f3 \u2026 la semana pasada?\n\na. Lavar\n\n1\tS\u00ed\n2\tNo","var_qstn_ivuinstr":"Se busca indagar si los ni\u00f1os, ni\u00f1as y adolescentes de 5 a 17 a\u00f1os, la semana anterior a la realizaci\u00f3n  de la encuesta  colaboraron  en los oficios del  hogar, entendiendo  por \u00e9stos, todas  aquellas labores como: barrer  la casa, lavar y planchar  la ropa propia y de otros miembros del hogar, y tender las camas, cocinar, etc.","var_universe":"Lo constituyen los ni\u00f1os, ni\u00f1as y adolescentes entre 5 y 17 a\u00f1os de edad, residentes en el territorio nacional excluyendo los antiguos territorios nacionales.","var_universe_clusion":"I","var_sumstat":[{"value":"48909","type":"vald","wgtd":null},{"value":"50","type":"invd","wgtd":null},{"value":"1","type":"min","wgtd":null},{"value":"3","type":"max","wgtd":null},{"value":"1.395","type":"mean","wgtd":null},{"value":"0.489","type":"stdev","wgtd":null}],"var_txt":null,"var_catgry":[{"value":"1","labl":"S\u00ed","is_missing":null,"stats":[{"value":"29623","type":"freq","wgtd":null}]},{"value":"2","labl":"No","is_missing":null,"stats":[{"value":"19269","type":"freq","wgtd":null}]},{"value":"3","labl":"Es trabajador(a) dom\u00e9stico(a) interno(a)","is_missing":null,"stats":[{"value":"17","type":"freq","wgtd":null}]},{"value":"Sysmiss","labl":null,"is_missing":"Y","stats":[{"value":"50","type":"freq","wgtd":null}]}],"var_codinstr":null,"var_concept":[],"var_format":{"type":"numeric","schema":"other","category":null,"name":null},"var_notes":null,"var_val_range":{"min":"1","max":"3"},"fid":"F1","sid":"372","survey_idno":"DANE-DIRPEN-ENTI-2011"}

¿la semana pasada … realizó o colaboró en oficios del hogar?

El acceso a microdatos y Mam-up se considera como de tratamiento especial respecto a la reserva estadística por tanto estará sujeto a la reglamentación que para el efecto defina el Comité de Aseguramiento de la reserva estadística. Resolución 173 de 2008.

F13. Adicional a las actividades que me informó haber realizado, ¿hizo otras actividades de ayuda al hogar durante la semana pasada?

1	Sí
2	No

G1 ¿La semana  pasada... realizó o colaboró  en  oficios del hogar?

(Lavar,  planchar,  cocinar,  cuidar  niños  más  pequeños   y/o  a  personas enfermas  o  discapacitadas  del  hogar,  atender   la huerta  casera,  cría  y cuidado de animales, hacer mandados  y/o mercados, limpieza y mantenimiento del hogar, etc.)

1	Sí
2	No
3	Es trabajador(a) doméstico(a) interno(a)

G2. ¿Cuáles oficios realizó … la semana pasada?

a. Lavar

1	Sí
2	No

Se busca indagar si los niños, niñas y adolescentes de 5 a 17 años, la semana anterior a la realización  de la encuesta  colaboraron  en los oficios del  hogar, entendiendo  por éstos, todas  aquellas labores como: barrer  la casa, lavar y planchar  la ropa propia y de otros miembros del hogar, y tender las camas, cocinar, etc.

Lo constituyen los niños, niñas y adolescentes entre 5 y 17 años de edad, residentes en el territorio nacional excluyendo los antiguos territorios nacionales.

Sí

Es trabajador(a) doméstico(a) interno(a)
