{"file_id":"F1","vid":"V339","name":"P6866s1","var_intrvl":"discrete","var_dcml":null,"var_wgt":null,"var_is_wgt":null,"loc_start_pos":"1896","loc_end_pos":"1896","loc_width":"1","loc_rec_seg_no":"1","labl":"\u00bfcu\u00e1l actividad se encontraba realizando \u2026 cuando le ocurri\u00f3 el accidente o trauma? trabajando","var_imputation":null,"var_security":"El acceso a microdatos y Mam-up se considera como de tratamiento especial respecto a la reserva estad\u00edstica por tanto estar\u00e1 sujeto a la reglamentaci\u00f3n que para el efecto defina el Comit\u00e9 de Aseguramiento de la reserva estad\u00edstica. Resoluci\u00f3n 173 de 2008.","var_resp_unit":"Directo","var_analysis_unit":null,"var_qstn_preqtxt":"H4. \u00bfCu\u00e1les de los siguientes accidentes o traumas tuvo \u2026 durante los \u00faltimos doce meses?\n\ni. Otro,\n1\tS\u00ed\n2\tNo","var_qstn_qstnlit":"H5. \u00bfCu\u00e1l(es) actividad(es) se encontraba realizando \u2026 cuando le ocurri\u00f3(eron) el(los) accidente(s) o trauma(s)?\n\na. Trabajando\n\n1 S\u00ed\n2 No","var_qstn_postqtxt":"H5. \u00bfCu\u00e1l(es) actividad(es) se encontraba realizando \u2026 cuando le ocurri\u00f3(eron) el(los) accidente(s) o trauma(s)?\n\nb. Estudiando\n\n1 S\u00ed\n2 No","var_qstn_ivuinstr":"Esta pregunta  busca  identificar si el accidente tuvo  relaci\u00f3n alguna de  las actividades establecidas en el listado. Esta pregunta  es de opci\u00f3n m\u00faltiple debido a que el NNA pudo haber tenido m\u00e1s de un accidente y estos pudieron haber sucedido en diferentes lugares. Para cada opci\u00f3n se debe marcar si o no. En caso de seleccionar el c\u00f3digo d.\u201cOtra\u201d se debe especificar cu\u00e1l.","var_universe":"Lo constituyen los ni\u00f1os, ni\u00f1as y adolescentes entre 5 y 17 a\u00f1os de edad, residentes en el territorio nacional excluyendo los antiguos territorios nacionales.","var_universe_clusion":"I","var_sumstat":[{"value":"3145","type":"vald","wgtd":null},{"value":"0","type":"invd","wgtd":null}],"var_txt":null,"var_catgry":[{"value":"2","labl":"No","is_missing":null,"stats":[{"value":"3073","type":"freq","wgtd":null}]},{"value":"1","labl":"S\u00ed","is_missing":null,"stats":[{"value":"72","type":"freq","wgtd":null}]}],"var_codinstr":null,"var_concept":[],"var_format":{"type":"character","schema":"other","category":null,"name":null},"var_notes":null,"var_val_range":{"min":null,"max":null},"fid":"F1","sid":"372","survey_idno":"DANE-DIRPEN-ENTI-2011"}

¿cuál actividad se encontraba realizando … cuando le ocurrió el accidente o trauma? trabajando

El acceso a microdatos y Mam-up se considera como de tratamiento especial respecto a la reserva estadística por tanto estará sujeto a la reglamentación que para el efecto defina el Comité de Aseguramiento de la reserva estadística. Resolución 173 de 2008.

H4. ¿Cuáles de los siguientes accidentes o traumas tuvo … durante los últimos doce meses?

i. Otro,
1	Sí
2	No

H5. ¿Cuál(es) actividad(es) se encontraba realizando … cuando le ocurrió(eron) el(los) accidente(s) o trauma(s)?

a. Trabajando

1 Sí
2 No

H5. ¿Cuál(es) actividad(es) se encontraba realizando … cuando le ocurrió(eron) el(los) accidente(s) o trauma(s)?

b. Estudiando

1 Sí
2 No

Esta pregunta  busca  identificar si el accidente tuvo  relación alguna de  las actividades establecidas en el listado. Esta pregunta  es de opción múltiple debido a que el NNA pudo haber tenido más de un accidente y estos pudieron haber sucedido en diferentes lugares. Para cada opción se debe marcar si o no. En caso de seleccionar el código d.“Otra” se debe especificar cuál.

Lo constituyen los niños, niñas y adolescentes entre 5 y 17 años de edad, residentes en el territorio nacional excluyendo los antiguos territorios nacionales.

Sí
