{"file_id":"F1","vid":"V352","name":"P6868s1","var_intrvl":"discrete","var_dcml":null,"var_wgt":null,"var_is_wgt":null,"loc_start_pos":"2043","loc_end_pos":"2043","loc_width":"1","loc_rec_seg_no":"1","labl":"\u00bfcree que alguna de las enfermedades que ha padecido \u2026 durante los \u00faltimos doce meses, est\u00e1 relacionada con alguna de las siguientes actividades? trabajo","var_imputation":null,"var_security":"El acceso a microdatos y Mam-up se considera como de tratamiento especial respecto a la reserva estad\u00edstica por tanto estar\u00e1 sujeto a la reglamentaci\u00f3n que para el efecto defina el Comit\u00e9 de Aseguramiento de la reserva estad\u00edstica. Resoluci\u00f3n 173 de 2008.","var_resp_unit":"Directo","var_analysis_unit":null,"var_qstn_preqtxt":"H6. \u00bfExcluyendo accidentes o traumas, \u00bfcu\u00e1les de las siguientes enfermedades ha tenido \u2026 durante los \u00faltimos doce meses?\n\ng. Ninguna\n1\tS\u00ed\n2\tNo","var_qstn_qstnlit":"H7. \u00bfCree que alguna  de las enfermedades que ha padecido\u2026 durante los \u00faltimos doce meses, est\u00e1 relacionada con alguna de las siguientes actividades?\n\na. Trabajo\n1\tS\u00ed\n2\tNo","var_qstn_postqtxt":"H7. \u00bfCree que alguna  de las enfermedades que ha padecido\u2026 durante los \u00faltimos doce meses, est\u00e1 relacionada con alguna de las siguientes actividades?\n\nb. Estudio\n1\tS\u00ed\n2\tNo","var_qstn_ivuinstr":"Esta pregunta es de selecci\u00f3n m\u00faltiple y se responde con 1. Si o 2. No, para cada una de las opciones.","var_universe":"Lo constituyen los ni\u00f1os, ni\u00f1as y adolescentes entre 5 y 17 a\u00f1os de edad, residentes en el territorio nacional excluyendo los antiguos territorios nacionales.","var_universe_clusion":"I","var_sumstat":[{"value":"9913","type":"vald","wgtd":null},{"value":"0","type":"invd","wgtd":null}],"var_txt":null,"var_catgry":[{"value":"2","labl":"No","is_missing":null,"stats":[{"value":"9843","type":"freq","wgtd":null}]},{"value":"1","labl":"S\u00ed","is_missing":null,"stats":[{"value":"70","type":"freq","wgtd":null}]}],"var_codinstr":null,"var_concept":[],"var_format":{"type":"character","schema":"other","category":null,"name":null},"var_notes":null,"var_val_range":{"min":null,"max":null},"fid":"F1","sid":"372","survey_idno":"DANE-DIRPEN-ENTI-2011"}

¿cree que alguna de las enfermedades que ha padecido … durante los últimos doce meses, está relacionada con alguna de las siguientes actividades? trabajo

El acceso a microdatos y Mam-up se considera como de tratamiento especial respecto a la reserva estadística por tanto estará sujeto a la reglamentación que para el efecto defina el Comité de Aseguramiento de la reserva estadística. Resolución 173 de 2008.

H6. ¿Excluyendo accidentes o traumas, ¿cuáles de las siguientes enfermedades ha tenido … durante los últimos doce meses?

g. Ninguna
1	Sí
2	No

H7. ¿Cree que alguna  de las enfermedades que ha padecido… durante los últimos doce meses, está relacionada con alguna de las siguientes actividades?

a. Trabajo
1	Sí
2	No

H7. ¿Cree que alguna  de las enfermedades que ha padecido… durante los últimos doce meses, está relacionada con alguna de las siguientes actividades?

b. Estudio
1	Sí
2	No

Esta pregunta es de selección múltiple y se responde con 1. Si o 2. No, para cada una de las opciones.

Lo constituyen los niños, niñas y adolescentes entre 5 y 17 años de edad, residentes en el territorio nacional excluyendo los antiguos territorios nacionales.

Sí
