{"file_id":"F1","vid":"V376","name":"P6873","var_intrvl":"discrete","var_dcml":"0","var_wgt":null,"var_is_wgt":null,"loc_start_pos":"2366","loc_end_pos":"2366","loc_width":"1","loc_rec_seg_no":"1","labl":"\u00bf\u2026 asiste regularmente en la semana a programas recreativos, culturales o deportivos cuando no est\u00e1 en el colegio?","var_imputation":null,"var_security":"El acceso a microdatos y Mam-up se considera como de tratamiento especial respecto a la reserva estad\u00edstica por tanto estar\u00e1 sujeto a la reglamentaci\u00f3n que para el efecto defina el Comit\u00e9 de Aseguramiento de la reserva estad\u00edstica. Resoluci\u00f3n 173 de 2008.","var_resp_unit":"Directo","var_analysis_unit":null,"var_qstn_preqtxt":"I1. \u00bfCu\u00e1les de las siguientes actividades hace \u2026 en el tiempo libre?\n\nn, Otra","var_qstn_qstnlit":"I2. \u00bf\u2026 asiste regularmente en la semana a programas recreativos, culturales o deportivos cuando no est\u00e1 en el colegio?\n\n1\tS\u00ed\n2\tNo","var_qstn_postqtxt":"I3. \u00bfA cu\u00e1l programa asiste \u2026?\n\n1\tPrograma de clubes\n2\tEscuelas deportivas\n3\tProgramas culturales (danza, m\u00fasica, pintura, \u2026)\n4\tOtro","var_qstn_ivuinstr":"Se debe  seleccionar alternativa uno \u201cSI\u201d o alternativa dos \u201cNO\u201d. Flujo: en caso de ser negativa la respuesta (2. No) termina la encuesta.","var_universe":"Lo constituyen los ni\u00f1os, ni\u00f1as y adolescentes entre 5 y 17 a\u00f1os de edad, residentes en el territorio nacional excluyendo los antiguos territorios nacionales.","var_universe_clusion":"I","var_sumstat":[{"value":"48909","type":"vald","wgtd":null},{"value":"50","type":"invd","wgtd":null},{"value":"1","type":"min","wgtd":null},{"value":"2","type":"max","wgtd":null},{"value":"1.912","type":"mean","wgtd":null},{"value":"0.283","type":"stdev","wgtd":null}],"var_txt":null,"var_catgry":[{"value":"2","labl":"No","is_missing":null,"stats":[{"value":"44614","type":"freq","wgtd":null}]},{"value":"1","labl":"S\u00ed","is_missing":null,"stats":[{"value":"4295","type":"freq","wgtd":null}]},{"value":"Sysmiss","labl":null,"is_missing":"Y","stats":[{"value":"50","type":"freq","wgtd":null}]}],"var_codinstr":null,"var_concept":[],"var_format":{"type":"numeric","schema":"other","category":null,"name":null},"var_notes":null,"var_val_range":{"min":"1","max":"2"},"fid":"F1","sid":"372","survey_idno":"DANE-DIRPEN-ENTI-2011"}

¿… asiste regularmente en la semana a programas recreativos, culturales o deportivos cuando no está en el colegio?

El acceso a microdatos y Mam-up se considera como de tratamiento especial respecto a la reserva estadística por tanto estará sujeto a la reglamentación que para el efecto defina el Comité de Aseguramiento de la reserva estadística. Resolución 173 de 2008.

I1. ¿Cuáles de las siguientes actividades hace … en el tiempo libre?

n, Otra

I2. ¿… asiste regularmente en la semana a programas recreativos, culturales o deportivos cuando no está en el colegio?

1	Sí
2	No

I3. ¿A cuál programa asiste …?

1	Programa de clubes
2	Escuelas deportivas
3	Programas culturales (danza, música, pintura, …)
4	Otro

Lo constituyen los niños, niñas y adolescentes entre 5 y 17 años de edad, residentes en el territorio nacional excluyendo los antiguos territorios nacionales.

Sí
