{"file_id":"F1","vid":"V399","name":"P6879","var_intrvl":"discrete","var_dcml":"0","var_wgt":null,"var_is_wgt":null,"loc_start_pos":"2590","loc_end_pos":"2590","loc_width":"1","loc_rec_seg_no":"1","labl":"En este trabajo \u2026 es:","var_imputation":null,"var_security":"El acceso a microdatos y Mam-up se considera como de tratamiento especial respecto a la reserva estad\u00edstica por tanto estar\u00e1 sujeto a la reglamentaci\u00f3n que para el efecto defina el Comit\u00e9 de Aseguramiento de la reserva estad\u00edstica. Resoluci\u00f3n 173 de 2008.","var_resp_unit":"Directo","var_analysis_unit":null,"var_qstn_preqtxt":"J2. \u00bfSabe usted cu\u00e1l es la actividad principal de \u2026, actualmente?\n\n1\tS\u00f3lo trabaja\n2\tTrabaja y estudia\n3\tS\u00f3lo estudia\n4\tOtra \n9\tNo sabe","var_qstn_qstnlit":"J3. En este trabajo \u2026 es:\n\n1\tObrero o empleado particular\n2\tTrabajador dom\u00e9stico\n3\tTrabajador familiar sin remuneraci\u00f3n\n4\tTrabajador no familiar sin remuneraci\u00f3n\n5\tIndependiente (patr\u00f3n o cuenta propia)","var_qstn_postqtxt":"J4. Sabe usted o sospecha si (nombre ni\u00f1o que se fue de la casa), se encuentra:\n\n1 Reclutado por grupos organizados al margen de la ley y\/o grupos delictivos organizados \n2 Vinculado a alguna actividad de explotaci\u00f3n sexual comercial\n3 Vinculado a actividades delictivas\n4 Ninguna de las anteriores\n5 Lo ignora o no lo sabe","var_qstn_ivuinstr":"Se debe esperar la respuesta del encuestado para ubicarla en alguna de las 5 alternativas dispuestas en la pregunta. Son cuatro alternativas de respuesta. En caso de que el encuestado no entienda la pregunta el encuestador debe decirle al encuestado que se est\u00e1 refiriendo a posiciones ocupacionales para ubicar a que se est\u00e1 refiriendo la pregunta.","var_universe":"Lo constituyen los ni\u00f1os, ni\u00f1as y adolescentes entre 5 y 17 a\u00f1os de edad, residentes en el territorio nacional excluyendo los antiguos territorios nacionales.","var_universe_clusion":"I","var_sumstat":[{"value":"5","type":"vald","wgtd":null},{"value":"48954","type":"invd","wgtd":null},{"value":"2","type":"min","wgtd":null},{"value":"5","type":"max","wgtd":null},{"value":"4.4","type":"mean","wgtd":null},{"value":"1.342","type":"stdev","wgtd":null}],"var_txt":null,"var_catgry":[{"value":"5","labl":"Independiente (patr\u00f3n o cuenta propia)","is_missing":null,"stats":[{"value":"4","type":"freq","wgtd":null}]},{"value":"2","labl":"Trabajador dom\u00e9stico","is_missing":null,"stats":[{"value":"1","type":"freq","wgtd":null}]},{"value":"4","labl":"Trabajador no familiar sin remuneraci\u00f3n","is_missing":null,"stats":[{"value":"0","type":"freq","wgtd":null}]},{"value":"3","labl":"Trabajador familiar sin remuneraci\u00f3n","is_missing":null,"stats":[{"value":"0","type":"freq","wgtd":null}]},{"value":"1","labl":"Obrero o empleado particular","is_missing":null,"stats":[{"value":"0","type":"freq","wgtd":null}]},{"value":"Sysmiss","labl":null,"is_missing":"Y","stats":[{"value":"48954","type":"freq","wgtd":null}]}],"var_codinstr":null,"var_concept":[],"var_format":{"type":"numeric","schema":"other","category":null,"name":null},"var_notes":null,"var_val_range":{"min":"2","max":"5"},"fid":"F1","sid":"372","survey_idno":"DANE-DIRPEN-ENTI-2011"}

El acceso a microdatos y Mam-up se considera como de tratamiento especial respecto a la reserva estadística por tanto estará sujeto a la reglamentación que para el efecto defina el Comité de Aseguramiento de la reserva estadística. Resolución 173 de 2008.

J2. ¿Sabe usted cuál es la actividad principal de …, actualmente?

1	Sólo trabaja
2	Trabaja y estudia
3	Sólo estudia
4	Otra 
9	No sabe

J3. En este trabajo … es:

1	Obrero o empleado particular
2	Trabajador doméstico
3	Trabajador familiar sin remuneración
4	Trabajador no familiar sin remuneración
5	Independiente (patrón o cuenta propia)

J4. Sabe usted o sospecha si (nombre niño que se fue de la casa), se encuentra:

1 Reclutado por grupos organizados al margen de la ley y/o grupos delictivos organizados 
2 Vinculado a alguna actividad de explotación sexual comercial
3 Vinculado a actividades delictivas
4 Ninguna de las anteriores
5 Lo ignora o no lo sabe

Se debe esperar la respuesta del encuestado para ubicarla en alguna de las 5 alternativas dispuestas en la pregunta. Son cuatro alternativas de respuesta. En caso de que el encuestado no entienda la pregunta el encuestador debe decirle al encuestado que se está refiriendo a posiciones ocupacionales para ubicar a que se está refiriendo la pregunta.

Lo constituyen los niños, niñas y adolescentes entre 5 y 17 años de edad, residentes en el territorio nacional excluyendo los antiguos territorios nacionales.

Independiente (patrón o cuenta propia)

Trabajador doméstico

Trabajador no familiar sin remuneración

Trabajador familiar sin remuneración
