{"file_id":"F1","vid":"V403","name":"P6266","var_intrvl":"contin","var_dcml":"0","var_wgt":null,"var_is_wgt":null,"loc_start_pos":"2595","loc_end_pos":"2596","loc_width":"2","loc_rec_seg_no":"1","labl":"\u00bfcu\u00e1ntos a\u00f1os tiene?","var_imputation":null,"var_security":"El acceso a microdatos y Mam-up se considera como de tratamiento especial respecto a la reserva estad\u00edstica por tanto estar\u00e1 sujeto a la reglamentaci\u00f3n que para el efecto defina el Comit\u00e9 de Aseguramiento de la reserva estad\u00edstica. Resoluci\u00f3n 173 de 2008.","var_resp_unit":"Directo","var_analysis_unit":null,"var_qstn_preqtxt":"B1. Nombre del entrevistado","var_qstn_qstnlit":"B2. \u00bfCu\u00e1ntos a\u00f1os tiene? Edad en a\u00f1os","var_qstn_postqtxt":"B3. \u00bf A qu\u00e9 edad comenz\u00f3 ustde a trabajar?\n\nEdad en a\u00f1os","var_qstn_ivuinstr":"A\u00f1os cumplidos que tiene el adulto que contesta la encuesta. Pregunta num\u00e9rica","var_universe":"Lo constituyen los ni\u00f1os, ni\u00f1as y adolescentes entre 5 y 17 a\u00f1os de edad, residentes en el territorio nacional excluyendo los antiguos territorios nacionales.","var_universe_clusion":"I","var_sumstat":[{"value":"48951","type":"vald","wgtd":null},{"value":"8","type":"invd","wgtd":null},{"value":"0","type":"min","wgtd":null},{"value":"99","type":"max","wgtd":null},{"value":"39.99","type":"mean","wgtd":null},{"value":"11.29","type":"stdev","wgtd":null}],"var_txt":null,"var_catgry":[],"var_codinstr":null,"var_concept":[],"var_format":{"type":"numeric","schema":"other","category":null,"name":null},"var_notes":null,"var_val_range":{"min":"0","max":"99"},"fid":"F1","sid":"372","survey_idno":"DANE-DIRPEN-ENTI-2011"}

¿cuántos años tiene?

El acceso a microdatos y Mam-up se considera como de tratamiento especial respecto a la reserva estadística por tanto estará sujeto a la reglamentación que para el efecto defina el Comité de Aseguramiento de la reserva estadística. Resolución 173 de 2008.

B2. ¿Cuántos años tiene? Edad en años

B3. ¿ A qué edad comenzó ustde a trabajar?

Edad en años

Años cumplidos que tiene el adulto que contesta la encuesta. Pregunta numérica

Lo constituyen los niños, niñas y adolescentes entre 5 y 17 años de edad, residentes en el territorio nacional excluyendo los antiguos territorios nacionales.
