{"file_id":"F2","vid":"V415","name":"P6037","var_intrvl":"discrete","var_dcml":"0","var_wgt":null,"var_is_wgt":null,"loc_start_pos":"11","loc_end_pos":"12","loc_width":"2","loc_rec_seg_no":"1","labl":"Escriba la edad que registraron en la geih","var_imputation":null,"var_security":"El acceso a microdatos y Mam-up se considera como de tratamiento especial respecto a la reserva estad\u00edstica por tanto estar\u00e1 sujeto a la reglamentaci\u00f3n que para el efecto defina el Comit\u00e9 de Aseguramiento de la reserva estad\u00edstica. Resoluci\u00f3n 173 de 2008.","var_resp_unit":"Directo","var_analysis_unit":null,"var_qstn_preqtxt":"B.3.Sexo\n\n1. Hombre\n2. Mujer","var_qstn_qstnlit":"B.4. Escriba la edad que registraron en la GEIH\n\nEdad","var_qstn_postqtxt":"Actualmente el ni\u00f1o, ni\u00f1a o adolescente:\n\n1. Tiene entre 5 y 17 a\u00f1os y vive con otros adultos\n2. Tiene entre 12 y 17 a\u00f1os de edad y es jefe del hogar","var_qstn_ivuinstr":"A cada ni\u00f1a, ni\u00f1o o joven le corresponde  un n\u00famero  de orden  dentro  del hogar y \u00e9ste viene prediligenciado de la GEIH.","var_universe":"Lo constituyen los ni\u00f1os, ni\u00f1as y adolescentes entre 5 y 17 a\u00f1os de edad, residentes  en el territorio nacional  excluyendo los antiguos  territorios nacionales.","var_universe_clusion":"I","var_sumstat":[{"value":"48898","type":"vald","wgtd":null},{"value":"0","type":"invd","wgtd":null},{"value":"4","type":"min","wgtd":null},{"value":"17","type":"max","wgtd":null},{"value":"11.126","type":"mean","wgtd":null},{"value":"3.711","type":"stdev","wgtd":null}],"var_txt":null,"var_catgry":[{"value":"11","labl":null,"is_missing":null,"stats":[{"value":"3942","type":"freq","wgtd":null}]},{"value":"15","labl":null,"is_missing":null,"stats":[{"value":"3937","type":"freq","wgtd":null}]},{"value":"14","labl":null,"is_missing":null,"stats":[{"value":"3897","type":"freq","wgtd":null}]},{"value":"16","labl":null,"is_missing":null,"stats":[{"value":"3887","type":"freq","wgtd":null}]},{"value":"12","labl":null,"is_missing":null,"stats":[{"value":"3880","type":"freq","wgtd":null}]},{"value":"13","labl":null,"is_missing":null,"stats":[{"value":"3879","type":"freq","wgtd":null}]},{"value":"10","labl":null,"is_missing":null,"stats":[{"value":"3819","type":"freq","wgtd":null}]},{"value":"17","labl":null,"is_missing":null,"stats":[{"value":"3780","type":"freq","wgtd":null}]},{"value":"9","labl":null,"is_missing":null,"stats":[{"value":"3640","type":"freq","wgtd":null}]},{"value":"8","labl":null,"is_missing":null,"stats":[{"value":"3616","type":"freq","wgtd":null}]},{"value":"7","labl":null,"is_missing":null,"stats":[{"value":"3561","type":"freq","wgtd":null}]},{"value":"6","labl":null,"is_missing":null,"stats":[{"value":"3531","type":"freq","wgtd":null}]},{"value":"5","labl":null,"is_missing":null,"stats":[{"value":"3525","type":"freq","wgtd":null}]},{"value":"4","labl":null,"is_missing":null,"stats":[{"value":"4","type":"freq","wgtd":null}]}],"var_codinstr":null,"var_concept":[],"var_format":{"type":"numeric","schema":"other","category":null,"name":null},"var_notes":"Si hay personas entre 5 y 17 a\u00f1os adicionales a las que aparecen identificadas por la GEIH, se responde con \u201c00\u201d","var_val_range":{"min":"4","max":"17"},"fid":"F2","sid":"372","survey_idno":"DANE-DIRPEN-ENTI-2011"}

El acceso a microdatos y Mam-up se considera como de tratamiento especial respecto a la reserva estadística por tanto estará sujeto a la reglamentación que para el efecto defina el Comité de Aseguramiento de la reserva estadística. Resolución 173 de 2008.

Actualmente el niño, niña o adolescente:

1. Tiene entre 5 y 17 años y vive con otros adultos
2. Tiene entre 12 y 17 años de edad y es jefe del hogar

A cada niña, niño o joven le corresponde  un número  de orden  dentro  del hogar y éste viene prediligenciado de la GEIH.

Lo constituyen los niños, niñas y adolescentes entre 5 y 17 años de edad, residentes  en el territorio nacional  excluyendo los antiguos  territorios nacionales.

Si hay personas entre 5 y 17 años adicionales a las que aparecen identificadas por la GEIH, se responde con “00”
