{"file_id":"F2","vid":"V416","name":"P6011","var_intrvl":"discrete","var_dcml":"0","var_wgt":null,"var_is_wgt":null,"loc_start_pos":"13","loc_end_pos":"13","loc_width":"1","loc_rec_seg_no":"1","labl":"Actualmente (nombre del adolescente)","var_imputation":null,"var_security":"El acceso a microdatos y Mam-up se considera como de tratamiento especial respecto a la reserva estad\u00edstica por tanto estar\u00e1 sujeto a la reglamentaci\u00f3n que para el efecto defina el Comit\u00e9 de Aseguramiento de la reserva estad\u00edstica. Resoluci\u00f3n 173 de 2008.","var_resp_unit":"Directo","var_analysis_unit":null,"var_qstn_preqtxt":"B.4. Escriba la edad que registraron en la GEIH\nEdad","var_qstn_qstnlit":"Actualmente el ni\u00f1o, ni\u00f1a o adolescente:\n\n1. Tiene entre 5 y 17 a\u00f1os y vive con otros adultos\n2. Tiene entre 12 y 17 a\u00f1os de edad y es jefe del hogar","var_qstn_postqtxt":"C.1.\u00bf Sabe leer y escribir?\n\n1. S\u00ed\n2. No","var_qstn_ivuinstr":"Si selecciona la opci\u00f3n 1. Tiene entre 5 y 17 a\u00f1os y vive con otros adultos. Pase al cap\u00edtulo C.\n\nSi marc\u00f3 2, por favor contin\u00fae en el cap\u00edtulo G \"Adolescentes jefes de hogar\"","var_universe":"Lo constituyen los ni\u00f1os, ni\u00f1as y adolescentes entre 5 y 17 a\u00f1os de edad, residentes  en el territorio nacional  excluyendo los antiguos  territorios nacionales.","var_universe_clusion":"I","var_sumstat":[{"value":"48183","type":"vald","wgtd":null},{"value":"715","type":"invd","wgtd":null},{"value":"1","type":"min","wgtd":null},{"value":"2","type":"max","wgtd":null},{"value":"1.005","type":"mean","wgtd":null},{"value":"0.0713","type":"stdev","wgtd":null}],"var_txt":null,"var_catgry":[{"value":"1","labl":"Tiene entre 5 y 17 a\u00f1os y vive con otros adultos","is_missing":null,"stats":[{"value":"47937","type":"freq","wgtd":null}]},{"value":"2","labl":"Tiene entre 12 y 17 a\u00f1os de edad y es jefe del hogar","is_missing":null,"stats":[{"value":"246","type":"freq","wgtd":null}]},{"value":"Sysmiss","labl":null,"is_missing":"Y","stats":[{"value":"715","type":"freq","wgtd":null}]}],"var_codinstr":null,"var_concept":[],"var_format":{"type":"numeric","schema":"other","category":null,"name":null},"var_notes":null,"var_val_range":{"min":"1","max":"2"},"fid":"F2","sid":"372","survey_idno":"DANE-DIRPEN-ENTI-2011"}

El acceso a microdatos y Mam-up se considera como de tratamiento especial respecto a la reserva estadística por tanto estará sujeto a la reglamentación que para el efecto defina el Comité de Aseguramiento de la reserva estadística. Resolución 173 de 2008.

Actualmente el niño, niña o adolescente:

1. Tiene entre 5 y 17 años y vive con otros adultos
2. Tiene entre 12 y 17 años de edad y es jefe del hogar

C.1.¿ Sabe leer y escribir?

1. Sí
2. No

Si selecciona la opción 1. Tiene entre 5 y 17 años y vive con otros adultos. Pase al capítulo C.

Si marcó 2, por favor continúe en el capítulo G "Adolescentes jefes de hogar"

Lo constituyen los niños, niñas y adolescentes entre 5 y 17 años de edad, residentes  en el territorio nacional  excluyendo los antiguos  territorios nacionales.

Tiene entre 5 y 17 años y vive con otros adultos

Tiene entre 12 y 17 años de edad y es jefe del hogar
