{"file_id":"F2","vid":"V417","name":"P6160","var_intrvl":"discrete","var_dcml":"0","var_wgt":null,"var_is_wgt":null,"loc_start_pos":"14","loc_end_pos":"14","loc_width":"1","loc_rec_seg_no":"1","labl":"\u00bfsabe leer y escribir?","var_imputation":null,"var_security":"El acceso a microdatos y Mam-up se considera como de tratamiento especial respecto a la reserva estad\u00edstica por tanto estar\u00e1 sujeto a la reglamentaci\u00f3n que para el efecto defina el Comit\u00e9 de Aseguramiento de la reserva estad\u00edstica. Resoluci\u00f3n 173 de 2008.","var_resp_unit":"Directo","var_analysis_unit":null,"var_qstn_preqtxt":"Actualmente el ni\u00f1o, ni\u00f1a o adolescente:\n\n1. Tiene entre 5 y 17 a\u00f1os y vive con otros adultos\n2. Tiene entre 12 y 17 a\u00f1os de edad y es jefe del hogar","var_qstn_qstnlit":"C.1.\u00bfSabe leer y escribir?\n\n1. S\u00ed\n2. No","var_qstn_postqtxt":"C.2.\u00bfHa ido alguna vez al preescolar o a la escuela primaria?\n\n1. S\u00ed\n2. No","var_qstn_ivuinstr":"Busca establecer el nivel de analfabetismo en la poblaci\u00f3n entre  5 y 17 a\u00f1os.  Aqu\u00ed se considera  que una persona  sabe  leer y escribir si es capaz de leer y escribir un p\u00e1rrafo sencillo, al menos en su idioma nativo. De esta manera si la ni\u00f1a, ni\u00f1o, o adolescente s\u00f3lo sabe leer o s\u00f3lo sabe escribir, se debe marcar de forma negativa en c\u00f3digo 2.","var_universe":"Lo constituyen los ni\u00f1os, ni\u00f1as y adolescentes entre 5 y 17 a\u00f1os de edad, residentes  en el territorio nacional  excluyendo los antiguos  territorios nacionales.","var_universe_clusion":"I","var_sumstat":[{"value":"47900","type":"vald","wgtd":null},{"value":"998","type":"invd","wgtd":null},{"value":"1","type":"min","wgtd":null},{"value":"2","type":"max","wgtd":null},{"value":"1.136","type":"mean","wgtd":null},{"value":"0.342","type":"stdev","wgtd":null}],"var_txt":null,"var_catgry":[{"value":"1","labl":"S\u00ed","is_missing":null,"stats":[{"value":"41403","type":"freq","wgtd":null}]},{"value":"2","labl":"No","is_missing":null,"stats":[{"value":"6497","type":"freq","wgtd":null}]},{"value":"Sysmiss","labl":null,"is_missing":"Y","stats":[{"value":"998","type":"freq","wgtd":null}]}],"var_codinstr":null,"var_concept":[],"var_format":{"type":"numeric","schema":"other","category":null,"name":null},"var_notes":null,"var_val_range":{"min":"1","max":"2"},"fid":"F2","sid":"372","survey_idno":"DANE-DIRPEN-ENTI-2011"}

El acceso a microdatos y Mam-up se considera como de tratamiento especial respecto a la reserva estadística por tanto estará sujeto a la reglamentación que para el efecto defina el Comité de Aseguramiento de la reserva estadística. Resolución 173 de 2008.

Actualmente el niño, niña o adolescente:

1. Tiene entre 5 y 17 años y vive con otros adultos
2. Tiene entre 12 y 17 años de edad y es jefe del hogar

C.1.¿Sabe leer y escribir?

1. Sí
2. No

C.2.¿Ha ido alguna vez al preescolar o a la escuela primaria?

1. Sí
2. No

Busca establecer el nivel de analfabetismo en la población entre  5 y 17 años.  Aquí se considera  que una persona  sabe  leer y escribir si es capaz de leer y escribir un párrafo sencillo, al menos en su idioma nativo. De esta manera si la niña, niño, o adolescente sólo sabe leer o sólo sabe escribir, se debe marcar de forma negativa en código 2.

Lo constituyen los niños, niñas y adolescentes entre 5 y 17 años de edad, residentes  en el territorio nacional  excluyendo los antiguos  territorios nacionales.

Sí
