{"file_id":"F2","vid":"V419","name":"P6231","var_intrvl":"discrete","var_dcml":"0","var_wgt":null,"var_is_wgt":null,"loc_start_pos":"16","loc_end_pos":"17","loc_width":"2","loc_rec_seg_no":"1","labl":"\u00bfpor qu\u00e9 raz\u00f3n principal nunca ha ido al preescolar o a la escuela primaria?","var_imputation":null,"var_security":"El acceso a microdatos y Mam-up se considera como de tratamiento especial respecto a la reserva estad\u00edstica por tanto estar\u00e1 sujeto a la reglamentaci\u00f3n que para el efecto defina el Comit\u00e9 de Aseguramiento de la reserva estad\u00edstica. Resoluci\u00f3n 173 de 2008.","var_resp_unit":"Directo","var_analysis_unit":null,"var_qstn_preqtxt":"C.2. \u00bfHa ido alguna vez al preescolar o a la escuela primaria?\n\n1. S\u00ed\n2. No","var_qstn_qstnlit":"C.3. \u00bfPor qu\u00e9 raz\u00f3n principal nunca ha ido al preescolar o a la escuela primaria?\n\n1. Enfermedad\/discapacidad\n2. No hay centro educativo cercano\n3. No dispone de dinero para pagar los estudios\n4. Sus padres no permiten la escolarizaci\u00f3n\n5. Problemas de seguridad (presencia de pandillas, grupos armados ilegales)\n6. Miedo al abuso por parte de los compa\u00f1eros (matoneo)\n7. Por aprender un oficio\n8. Porque tiene que trabajar o buscar trabajo\n9. Porque los padres consideran que no est\u00e1 en edad escolar\n10. No hay cupo\n11. Debe encargarse de los oficios del hogar\n12. Cambio de residencia\n13. Por desplazamiento forzado por la violencia\n14. Por desastres naturales\n15. Otra raz\u00f3n","var_qstn_postqtxt":"C.10. Normalmente \u00bfa qu\u00e9 hora se levanta y se acuesta?\n\n- Entre semana \n\nHora se levanta\n\n\n- Fin de semana Hora\n \nHora que se levanta\nHora que se acuesta","var_qstn_ivuinstr":"Esta pregunta pretende establecer la causa de no asistencia. Formule la pregunta y espere la respuesta espont\u00e1nea del informante, registrando la alternativa que m\u00e1s se aproxime a la  raz\u00f3n  dada  por  el  encuestado.  Tenga  en  cuenta   que  se  trata   de  una  pregunta excluyente, o sea,  que  si el encuestado manifiesta m\u00e1s  de  un motivo, p\u00eddale la raz\u00f3n principal.\n\n\nSi la respuesta no se encuentra entre  las  alternativas  ni se puede  asimilar  a alguna de ellas, marque  la alternativa No. 15 \u201cOtra raz\u00f3n \u00bfCu\u00e1l? y escriba la raz\u00f3n en el espacio destinado para ello.\n\nEn caso de encontrarse respuesta en las primeras 14 alternativas se debe continuar en la pregunta C10.","var_universe":"Lo constituyen los ni\u00f1os, ni\u00f1as y adolescentes entre 5 y 17 a\u00f1os de edad, residentes  en el territorio nacional  excluyendo los antiguos  territorios nacionales.","var_universe_clusion":"I","var_sumstat":[{"value":"1086","type":"vald","wgtd":null},{"value":"47812","type":"invd","wgtd":null},{"value":"1","type":"min","wgtd":null},{"value":"16","type":"max","wgtd":null},{"value":"9.162","type":"mean","wgtd":null},{"value":"4.999","type":"stdev","wgtd":null}],"var_txt":null,"var_catgry":[{"value":"9","labl":"Porque los padres consideran que no est\u00e1 en edad escolar","is_missing":null,"stats":[{"value":"433","type":"freq","wgtd":null}]},{"value":"16","labl":"\u00bfcu\u00e1l?","is_missing":null,"stats":[{"value":"255","type":"freq","wgtd":null}]},{"value":"1","labl":"Enfermedad\/discapacidad","is_missing":null,"stats":[{"value":"133","type":"freq","wgtd":null}]},{"value":"3","labl":"No dispone de dinero para pagar los estudios","is_missing":null,"stats":[{"value":"71","type":"freq","wgtd":null}]},{"value":"13","labl":"Por desplazamiento forzado por la violencia","is_missing":null,"stats":[{"value":"41","type":"freq","wgtd":null}]},{"value":"10","labl":"No hay cupo","is_missing":null,"stats":[{"value":"35","type":"freq","wgtd":null}]},{"value":"2","labl":"No hay centro educativo cercano","is_missing":null,"stats":[{"value":"34","type":"freq","wgtd":null}]},{"value":"12","labl":"Cambio de residencia","is_missing":null,"stats":[{"value":"31","type":"freq","wgtd":null}]},{"value":"4","labl":"Sus padres no permiten la escolarizaci\u00f3n","is_missing":null,"stats":[{"value":"31","type":"freq","wgtd":null}]},{"value":"8","labl":"Porque tiene que trabajar o buscar trabajo","is_missing":null,"stats":[{"value":"7","type":"freq","wgtd":null}]},{"value":"7","labl":"Por aprender un oficio","is_missing":null,"stats":[{"value":"4","type":"freq","wgtd":null}]},{"value":"6","labl":"Miedo al abuso por parte de los compa\u00f1eros (matoneo)","is_missing":null,"stats":[{"value":"4","type":"freq","wgtd":null}]},{"value":"11","labl":"Debe encargarse de los oficios del hogar","is_missing":null,"stats":[{"value":"3","type":"freq","wgtd":null}]},{"value":"5","labl":"Problemas de seguridad (presencia de pandillas, grupos armados ilegales)","is_missing":null,"stats":[{"value":"2","type":"freq","wgtd":null}]},{"value":"15","labl":"Otra raz\u00f3n,","is_missing":null,"stats":[{"value":"1","type":"freq","wgtd":null}]},{"value":"14","labl":"Por desastres naturales","is_missing":null,"stats":[{"value":"1","type":"freq","wgtd":null}]},{"value":"Sysmiss","labl":null,"is_missing":"Y","stats":[{"value":"47812","type":"freq","wgtd":null}]}],"var_codinstr":null,"var_concept":[],"var_format":{"type":"numeric","schema":"other","category":null,"name":null},"var_notes":null,"var_val_range":{"min":"1","max":"16"},"fid":"F2","sid":"372","survey_idno":"DANE-DIRPEN-ENTI-2011"}

¿por qué razón principal nunca ha ido al preescolar o a la escuela primaria?

El acceso a microdatos y Mam-up se considera como de tratamiento especial respecto a la reserva estadística por tanto estará sujeto a la reglamentación que para el efecto defina el Comité de Aseguramiento de la reserva estadística. Resolución 173 de 2008.

C.2. ¿Ha ido alguna vez al preescolar o a la escuela primaria?

1. Sí
2. No

C.3. ¿Por qué razón principal nunca ha ido al preescolar o a la escuela primaria?

1. Enfermedad/discapacidad
2. No hay centro educativo cercano
3. No dispone de dinero para pagar los estudios
4. Sus padres no permiten la escolarización
5. Problemas de seguridad (presencia de pandillas, grupos armados ilegales)
6. Miedo al abuso por parte de los compañeros (matoneo)
7. Por aprender un oficio
8. Porque tiene que trabajar o buscar trabajo
9. Porque los padres consideran que no está en edad escolar
10. No hay cupo
11. Debe encargarse de los oficios del hogar
12. Cambio de residencia
13. Por desplazamiento forzado por la violencia
14. Por desastres naturales
15. Otra razón

C.10. Normalmente ¿a qué hora se levanta y se acuesta?

- Entre semana 

Hora se levanta


- Fin de semana Hora
 
Hora que se levanta
Hora que se acuesta

Esta pregunta pretende establecer la causa de no asistencia. Formule la pregunta y espere la respuesta espontánea del informante, registrando la alternativa que más se aproxime a la  razón  dada  por  el  encuestado.  Tenga  en  cuenta   que  se  trata   de  una  pregunta excluyente, o sea,  que  si el encuestado manifiesta más  de  un motivo, pídale la razón principal.


Si la respuesta no se encuentra entre  las  alternativas  ni se puede  asimilar  a alguna de ellas, marque  la alternativa No. 15 “Otra razón ¿Cuál? y escriba la razón en el espacio destinado para ello.

En caso de encontrarse respuesta en las primeras 14 alternativas se debe continuar en la pregunta C10.

Lo constituyen los niños, niñas y adolescentes entre 5 y 17 años de edad, residentes  en el territorio nacional  excluyendo los antiguos  territorios nacionales.

Porque los padres consideran que no está en edad escolar

¿cuál?

Sus padres no permiten la escolarización

Miedo al abuso por parte de los compañeros (matoneo)

Otra razón,
