{"file_id":"F2","vid":"V421","name":"P6170","var_intrvl":"discrete","var_dcml":"0","var_wgt":null,"var_is_wgt":null,"loc_start_pos":"88","loc_end_pos":"88","loc_width":"1","loc_rec_seg_no":"1","labl":"\u00bfusted asiste actualmente a la escuela, colegio o universidad, recibiendo clases de educaci\u00f3n formal?","var_imputation":null,"var_security":"El acceso a microdatos y Mam-up se considera como de tratamiento especial respecto a la reserva estad\u00edstica por tanto estar\u00e1 sujeto a la reglamentaci\u00f3n que para el efecto defina el Comit\u00e9 de Aseguramiento de la reserva estad\u00edstica. Resoluci\u00f3n 173 de 2008.","var_resp_unit":"Directo","var_analysis_unit":null,"var_qstn_preqtxt":"C.2. \u00bfHa ido alguna vez al preescolar o a la escuela primaria?\n\n1. S\u00ed\n2. No","var_qstn_qstnlit":"C.4. \u00bfUsted asiste actualmente a la escuela, colegio o universidad, recibiendo clases de educaci\u00f3n formal?\n\n1. S\u00ed\n2. No","var_qstn_postqtxt":"C.5. Actualmente, \u00bfpor qu\u00e9 raz\u00f3n principal no asiste a la escuela, colegio o universidad?\n\n1. Tiene que trabajar o buscar trabajo\n2. No dispone de dinero para pagar los estudios\n3. Porque los padres o acudientes consideran que no est\u00e1 en edad escolar\n4. No hay cupo\n5. No hay centro educativo cercano\n6. No le gusta\n7. Debe encargarse de los oficios del hogar\n8. Cambio de residencia\n9. Por embarazo o porque tiene un hijo\n10. Problemas de seguridad (presencia de pandillas, grupos armados ilegales)\n11. Problemas de abuso por parte de los compa\u00f1eros (matoneo)\n12. Enfermedad\/discapacidad\n13. Por aprender un oficio\n14. Por desplazamiento forzado por la violencia\n15  Por desastre natural\n16. Otra raz\u00f3n,","var_qstn_ivuinstr":"Si responde la opci\u00f3n 1. S\u00ed. Pase a C6\n\n6. \u00bfC\u00f3mo lo corrigen usualmente en el establecimiento educativo?\n\n1. Dej\u00e1ndolo sin recreo \n2.Coloc\u00e1ndole tareas adicionales para realizar fuera de la jornada escolar\n3.Malos tratos verbales (gritos, insultos, rega\u00f1os, cantaleta, amenazas, etc.)\n4. Castigos f\u00edsicos (reglazos, pellizcos, tir\u00f3n de orejas, palmadas, golpes, etc.)\n5. Con suspensi\u00f3n de clases o citaci\u00f3n de padres o acudientes o anotaci\u00f3n en el observador\n6. Habl\u00e1ndole y explic\u00e1ndole las razones por las cuales su comportamiento no fue correcto\n7. No lo corrigen\n8. De otra forma,\n\u00bfcu\u00e1l?","var_universe":"Lo constituyen los ni\u00f1os, ni\u00f1as y adolescentes entre 5 y 17 a\u00f1os de edad, residentes  en el territorio nacional  excluyendo los antiguos  territorios nacionales.","var_universe_clusion":"I","var_sumstat":[{"value":"46797","type":"vald","wgtd":null},{"value":"2101","type":"invd","wgtd":null},{"value":"1","type":"min","wgtd":null},{"value":"2","type":"max","wgtd":null},{"value":"1.074","type":"mean","wgtd":null},{"value":"0.261","type":"stdev","wgtd":null}],"var_txt":null,"var_catgry":[{"value":"1","labl":"S\u00ed","is_missing":null,"stats":[{"value":"43354","type":"freq","wgtd":null}]},{"value":"2","labl":"No","is_missing":null,"stats":[{"value":"3443","type":"freq","wgtd":null}]},{"value":"Sysmiss","labl":null,"is_missing":"Y","stats":[{"value":"2101","type":"freq","wgtd":null}]}],"var_codinstr":null,"var_concept":[],"var_format":{"type":"numeric","schema":"other","category":null,"name":null},"var_notes":"Las personas  que est\u00e1n  validando o cursan bachillerato o primaria por radio o televisi\u00f3n, se consideran  no asistiendo, pero  en la pregunta  D7 del formulario del adulto se debe registra el \u00faltimo grado que han aprobado en el nivel respectivo.\n\nPara  la  educaci\u00f3n  impartida  por  el  SENA,  es  necesario  sondear   acerca  del  tipo  de educaci\u00f3n: no se considera  educaci\u00f3n formal cuando  se asiste  a cursos r\u00e1pidos que no culminan con un t\u00edtulo de nivel t\u00e9cnico o tecnol\u00f3gico; por tanto,  las personas  que siguen estos programas educativos, se toman como no asistiendo.\n\n\nSi  la  persona   est\u00e1   siguiendo  un  programa   de  educaci\u00f3n  a  distancia,  se  considera asistiendo.  La educaci\u00f3n a distancia es un programa de ense\u00f1anza en el que el estudiante no necesita desplazarse en forma cotidiana al establecimiento para tomar sus clases, aun cuando eventualmente debe dirigirse a \u00e9ste para recibir tutor\u00edas, presentar pruebas, etc...","var_val_range":{"min":"1","max":"2"},"fid":"F2","sid":"372","survey_idno":"DANE-DIRPEN-ENTI-2011"}

¿usted asiste actualmente a la escuela, colegio o universidad, recibiendo clases de educación formal?

El acceso a microdatos y Mam-up se considera como de tratamiento especial respecto a la reserva estadística por tanto estará sujeto a la reglamentación que para el efecto defina el Comité de Aseguramiento de la reserva estadística. Resolución 173 de 2008.

C.2. ¿Ha ido alguna vez al preescolar o a la escuela primaria?

1. Sí
2. No

C.4. ¿Usted asiste actualmente a la escuela, colegio o universidad, recibiendo clases de educación formal?

1. Sí
2. No

C.5. Actualmente, ¿por qué razón principal no asiste a la escuela, colegio o universidad?

1. Tiene que trabajar o buscar trabajo
2. No dispone de dinero para pagar los estudios
3. Porque los padres o acudientes consideran que no está en edad escolar
4. No hay cupo
5. No hay centro educativo cercano
6. No le gusta
7. Debe encargarse de los oficios del hogar
8. Cambio de residencia
9. Por embarazo o porque tiene un hijo
10. Problemas de seguridad (presencia de pandillas, grupos armados ilegales)
11. Problemas de abuso por parte de los compañeros (matoneo)
12. Enfermedad/discapacidad
13. Por aprender un oficio
14. Por desplazamiento forzado por la violencia
15  Por desastre natural
16. Otra razón,

Si responde la opción 1. Sí. Pase a C6

6. ¿Cómo lo corrigen usualmente en el establecimiento educativo?

1. Dejándolo sin recreo 
2.Colocándole tareas adicionales para realizar fuera de la jornada escolar
3.Malos tratos verbales (gritos, insultos, regaños, cantaleta, amenazas, etc.)
4. Castigos físicos (reglazos, pellizcos, tirón de orejas, palmadas, golpes, etc.)
5. Con suspensión de clases o citación de padres o acudientes o anotación en el observador
6. Hablándole y explicándole las razones por las cuales su comportamiento no fue correcto
7. No lo corrigen
8. De otra forma,
¿cuál?

Lo constituyen los niños, niñas y adolescentes entre 5 y 17 años de edad, residentes  en el territorio nacional  excluyendo los antiguos  territorios nacionales.

Sí

Las personas  que están  validando o cursan bachillerato o primaria por radio o televisión, se consideran  no asistiendo, pero  en la pregunta  D7 del formulario del adulto se debe registra el último grado que han aprobado en el nivel respectivo.

Para  la  educación  impartida  por  el  SENA,  es  necesario  sondear   acerca  del  tipo  de educación: no se considera  educación formal cuando  se asiste  a cursos rápidos que no culminan con un título de nivel técnico o tecnológico; por tanto,  las personas  que siguen estos programas educativos, se toman como no asistiendo.


Si  la  persona   está   siguiendo  un  programa   de  educación  a  distancia,  se  considera asistiendo.  La educación a distancia es un programa de enseñanza en el que el estudiante no necesita desplazarse en forma cotidiana al establecimiento para tomar sus clases, aun cuando eventualmente debe dirigirse a éste para recibir tutorías, presentar pruebas, etc...
