{"file_id":"F2","vid":"V429","name":"P6242s1","var_intrvl":"discrete","var_dcml":"0","var_wgt":null,"var_is_wgt":null,"loc_start_pos":"235","loc_end_pos":"236","loc_width":"2","loc_rec_seg_no":"1","labl":"\u00bfcu\u00e1l es la principal raz\u00f3n por la que falta o no asiste regularmente a clase?","var_imputation":null,"var_security":"El acceso a microdatos y Mam-up se considera como de tratamiento especial respecto a la reserva estad\u00edstica por tanto estar\u00e1 sujeto a la reglamentaci\u00f3n que para el efecto defina el Comit\u00e9 de Aseguramiento de la reserva estad\u00edstica. Resoluci\u00f3n 173 de 2008.","var_resp_unit":"Directo","var_analysis_unit":null,"var_qstn_preqtxt":"C.8. \u00bfFalta seguido a clases? (m\u00e1s de 4 d\u00edas en el mes)\n\n1. S\u00ed\n2. No","var_qstn_qstnlit":"C.9. \u00bfCu\u00e1l es la principal raz\u00f3n por la que falta o no asiste regularmente a clase?\n\n1. Est\u00e1 trabajando\n2. Est\u00e1 buscando trabajo\n3. Falta de dinero para ir a la escuela o colegio\n4. Ayuda a sus padres o parientes en el trabajo\n5. Tiene que hacer las oficios dom\u00e9sticos\n6. Problemas familiares\n7. Problemas de conducta o rendimiento escolar\n8. Problemas de salud\n9. Por embarazo o porque tiene un hijo\n10. Se queda dormido, no le exigen o no quiere ir a la escuela o colegio\n11. Otra,","var_qstn_postqtxt":"C.10. Normalmente \u00bfa qu\u00e9 hora se levanta y se acuesta?\n\n- Entre semana \n\nHora  se levanta","var_qstn_ivuinstr":"Esta pregunta  consta de 11 alternativas, en caso de que se seleccione el c\u00f3digo 11 \u201cOtra\u201d, se debe especificar cu\u00e1l.","var_universe":"Lo constituyen los ni\u00f1os, ni\u00f1as y adolescentes entre 5 y 17 a\u00f1os de edad, residentes  en el territorio nacional  excluyendo los antiguos  territorios nacionales.","var_universe_clusion":"I","var_sumstat":[{"value":"1001","type":"vald","wgtd":null},{"value":"47897","type":"invd","wgtd":null},{"value":"1","type":"min","wgtd":null},{"value":"11","type":"max","wgtd":null},{"value":"8.248","type":"mean","wgtd":null},{"value":"2.073","type":"stdev","wgtd":null}],"var_txt":null,"var_catgry":[{"value":"8","labl":"Problemas de salud","is_missing":null,"stats":[{"value":"525","type":"freq","wgtd":null}]},{"value":"10","labl":"Se queda dormido, no le exigen o no quiere ir a la escuela o colegio","is_missing":null,"stats":[{"value":"195","type":"freq","wgtd":null}]},{"value":"11","labl":"Otra,","is_missing":null,"stats":[{"value":"126","type":"freq","wgtd":null}]},{"value":"3","labl":"Falta de dinero para ir a la escuela o colegio","is_missing":null,"stats":[{"value":"51","type":"freq","wgtd":null}]},{"value":"6","labl":"Problemas familiares","is_missing":null,"stats":[{"value":"46","type":"freq","wgtd":null}]},{"value":"7","labl":"Problemas de conducta o rendimiento escolar","is_missing":null,"stats":[{"value":"20","type":"freq","wgtd":null}]},{"value":"1","labl":"Est\u00e1 trabajando","is_missing":null,"stats":[{"value":"16","type":"freq","wgtd":null}]},{"value":"9","labl":"Por embarazo o porque tiene un hijo","is_missing":null,"stats":[{"value":"8","type":"freq","wgtd":null}]},{"value":"5","labl":"Tiene que hacer las oficios dom\u00e9sticos","is_missing":null,"stats":[{"value":"7","type":"freq","wgtd":null}]},{"value":"4","labl":"Ayuda a sus padres o parientes en el trabajo","is_missing":null,"stats":[{"value":"7","type":"freq","wgtd":null}]},{"value":"2","labl":"Est\u00e1 buscando trabajo","is_missing":null,"stats":[{"value":"0","type":"freq","wgtd":null}]},{"value":"Sysmiss","labl":null,"is_missing":"Y","stats":[{"value":"47897","type":"freq","wgtd":null}]}],"var_codinstr":null,"var_concept":[],"var_format":{"type":"numeric","schema":"other","category":null,"name":null},"var_notes":null,"var_val_range":{"min":"1","max":"11"},"fid":"F2","sid":"372","survey_idno":"DANE-DIRPEN-ENTI-2011"}

¿cuál es la principal razón por la que falta o no asiste regularmente a clase?

El acceso a microdatos y Mam-up se considera como de tratamiento especial respecto a la reserva estadística por tanto estará sujeto a la reglamentación que para el efecto defina el Comité de Aseguramiento de la reserva estadística. Resolución 173 de 2008.

C.8. ¿Falta seguido a clases? (más de 4 días en el mes)

1. Sí
2. No

C.9. ¿Cuál es la principal razón por la que falta o no asiste regularmente a clase?

1. Está trabajando
2. Está buscando trabajo
3. Falta de dinero para ir a la escuela o colegio
4. Ayuda a sus padres o parientes en el trabajo
5. Tiene que hacer las oficios domésticos
6. Problemas familiares
7. Problemas de conducta o rendimiento escolar
8. Problemas de salud
9. Por embarazo o porque tiene un hijo
10. Se queda dormido, no le exigen o no quiere ir a la escuela o colegio
11. Otra,

C.10. Normalmente ¿a qué hora se levanta y se acuesta?

- Entre semana 

Hora  se levanta

Esta pregunta  consta de 11 alternativas, en caso de que se seleccione el código 11 “Otra”, se debe especificar cuál.

Lo constituyen los niños, niñas y adolescentes entre 5 y 17 años de edad, residentes  en el territorio nacional  excluyendo los antiguos  territorios nacionales.

Está trabajando

Tiene que hacer las oficios domésticos

Está buscando trabajo
