{"file_id":"F2","vid":"V433","name":"P6244","var_intrvl":"contin","var_dcml":"0","var_wgt":null,"var_is_wgt":null,"loc_start_pos":"309","loc_end_pos":"310","loc_width":"2","loc_rec_seg_no":"1","labl":"Normalmente \u00bfa qu\u00e9 hora se levanta y se acuesta? fin de semana se levanta","var_imputation":null,"var_security":"El acceso a microdatos y Mam-up se considera como de tratamiento especial respecto a la reserva estad\u00edstica por tanto estar\u00e1 sujeto a la reglamentaci\u00f3n que para el efecto defina el Comit\u00e9 de Aseguramiento de la reserva estad\u00edstica. Resoluci\u00f3n 173 de 2008.","var_resp_unit":"Directo","var_analysis_unit":null,"var_qstn_preqtxt":"C.10. Normalmente \u00bfA que hora se levanta y se acuesta?\n- Entre semana \n\nHora \nSe acuesta","var_qstn_qstnlit":"C.10.Normalmente \u00bfA qu\u00e9 hora se levanta y se acuesta? \n\nFin de semana \n\nHora\nse levanta","var_qstn_postqtxt":"C.10.Normalmente \u00bfA qu\u00e9 hora se levanta y se acuesta? \n\nFin de semana \n\nHora\nSe acuesta","var_qstn_ivuinstr":"La pregunta consta de dos partes, Entre semana y Fin de Semana. Se deben especificar las horas a las que se levanta y a las que se acuesta.","var_universe":"Lo constituyen los ni\u00f1os, ni\u00f1as y adolescentes entre 5 y 17 a\u00f1os de edad, residentes  en el territorio nacional  excluyendo los antiguos  territorios nacionales.","var_universe_clusion":"I","var_sumstat":[{"value":"47871","type":"vald","wgtd":null},{"value":"1027","type":"invd","wgtd":null},{"value":"0","type":"min","wgtd":null},{"value":"23","type":"max","wgtd":null},{"value":"8.232","type":"mean","wgtd":null},{"value":"1.604","type":"stdev","wgtd":null}],"var_txt":null,"var_catgry":[],"var_codinstr":null,"var_concept":[],"var_format":{"type":"numeric","schema":"other","category":null,"name":null},"var_notes":null,"var_val_range":{"min":"0","max":"23"},"fid":"F2","sid":"372","survey_idno":"DANE-DIRPEN-ENTI-2011"}

Normalmente ¿a qué hora se levanta y se acuesta? fin de semana se levanta

El acceso a microdatos y Mam-up se considera como de tratamiento especial respecto a la reserva estadística por tanto estará sujeto a la reglamentación que para el efecto defina el Comité de Aseguramiento de la reserva estadística. Resolución 173 de 2008.

C.10.Normalmente ¿A qué hora se levanta y se acuesta? 

Fin de semana 

Hora
se levanta

C.10.Normalmente ¿A qué hora se levanta y se acuesta? 

Fin de semana 

Hora
Se acuesta

Lo constituyen los niños, niñas y adolescentes entre 5 y 17 años de edad, residentes  en el territorio nacional  excluyendo los antiguos  territorios nacionales.
