{"file_id":"F1","vid":"V49","name":"P6046s11a1","var_intrvl":"discrete","var_dcml":null,"var_wgt":null,"var_is_wgt":null,"loc_start_pos":"171","loc_end_pos":"229","loc_width":"59","loc_rec_seg_no":"1","labl":"En los \u00faltimos doce meses \u00bfeste hogar se ha visto afectado de forma negativa por alguno de los siguientes problemas? desplazamiento por otro desastre natural \u00bfcu\u00e1l?","var_imputation":null,"var_security":"El acceso a microdatos y Mam-up se considera como de tratamiento especial respecto a la reserva estad\u00edstica por tanto estar\u00e1 sujeto a la reglamentaci\u00f3n que para el efecto defina el Comit\u00e9 de Aseguramiento de la reserva estad\u00edstica. Resoluci\u00f3n 173 de 2008.","var_resp_unit":"Directo","var_analysis_unit":null,"var_qstn_preqtxt":"B8. En los \u00faltimos doce meses, \u00bfeste hogar se ha visto afectado de forma \nnegativa por alguno de los siguientes problemas?\n\nk. Desplazamiento por otro desastre natural\n1\tS\u00ed\n2\tNo","var_qstn_qstnlit":"B8. En los \u00faltimos doce meses, \u00bfeste hogar se ha visto afectado de forma \nnegativa por alguno de los siguientes problemas?\n\n\u00bfCu\u00e1l?","var_qstn_postqtxt":"B9. \u00bfDisminuyeron los ingresos del hogar en los \u00faltimos doce meses?\n\n1\tS\u00ed\n2\tNo","var_qstn_ivuinstr":"Esta pregunta  identifica 10 eventos  externos al hogar que pudieron afectarlos de manera negativa los cuales deben ser respondidos como si o no por cada una de las alternativas. En  caso  de  seleccionar  la  alternativa  n\u00famero   k. \u201cDesplazamiento  por  otro  desastre natural\u201d, se debe responder  \u00bfCu\u00e1l? el cual no debe hacer parte de las alternativas mencionadas en la pregunta.","var_universe":"Lo constituyen los ni\u00f1os, ni\u00f1as y adolescentes entre 5 y 17 a\u00f1os de edad, residentes en el territorio nacional excluyendo los antiguos territorios nacionales.","var_universe_clusion":"I","var_sumstat":[{"value":"41","type":"vald","wgtd":null},{"value":"0","type":"invd","wgtd":null}],"var_txt":null,"var_catgry":[{"value":"INVIERNO","labl":null,"is_missing":null,"stats":[{"value":"7","type":"freq","wgtd":null}]},{"value":"INUNDACION","labl":null,"is_missing":null,"stats":[{"value":"7","type":"freq","wgtd":null}]},{"value":"VENDAVAL","labl":null,"is_missing":null,"stats":[{"value":"5","type":"freq","wgtd":null}]},{"value":"INUNDACION CASA RIO MAGDALENA","labl":null,"is_missing":null,"stats":[{"value":"5","type":"freq","wgtd":null}]},{"value":"DESBORDAMIENTO DEL RIO","labl":null,"is_missing":null,"stats":[{"value":"4","type":"freq","wgtd":null}]},{"value":"DESTRUCCION DE LA CASA","labl":null,"is_missing":null,"stats":[{"value":"3","type":"freq","wgtd":null}]},{"value":"EVACUACION DE VIVENDA POR AMENAZA DE DESLIZAMENTO DE TIERRA","labl":null,"is_missing":null,"stats":[{"value":"2","type":"freq","wgtd":null}]},{"value":"CUANDO EL RIO SE CRECE DESALOJAN LA CASA POR PREVENCION","labl":null,"is_missing":null,"stats":[{"value":"2","type":"freq","wgtd":null}]},{"value":"AVALANCHA","labl":null,"is_missing":null,"stats":[{"value":"2","type":"freq","wgtd":null}]},{"value":"SE UNDIO EL TERRENO DE LA VIVIENDA","labl":null,"is_missing":null,"stats":[{"value":"1","type":"freq","wgtd":null}]},{"value":"GRANIZO ACABO LA COSECHA","labl":null,"is_missing":null,"stats":[{"value":"1","type":"freq","wgtd":null}]},{"value":"DESLIZAMIENTO","labl":null,"is_missing":null,"stats":[{"value":"1","type":"freq","wgtd":null}]},{"value":"DERRUMBE","labl":null,"is_missing":null,"stats":[{"value":"1","type":"freq","wgtd":null}]}],"var_codinstr":null,"var_concept":[],"var_format":{"type":"character","schema":"other","category":null,"name":null},"var_notes":null,"var_val_range":{"min":null,"max":null},"fid":"F1","sid":"372","survey_idno":"DANE-DIRPEN-ENTI-2011"}

En los últimos doce meses ¿este hogar se ha visto afectado de forma negativa por alguno de los siguientes problemas? desplazamiento por otro desastre natural ¿cuál?

El acceso a microdatos y Mam-up se considera como de tratamiento especial respecto a la reserva estadística por tanto estará sujeto a la reglamentación que para el efecto defina el Comité de Aseguramiento de la reserva estadística. Resolución 173 de 2008.

B8. En los últimos doce meses, ¿este hogar se ha visto afectado de forma 
negativa por alguno de los siguientes problemas?

k. Desplazamiento por otro desastre natural
1	Sí
2	No

B8. En los últimos doce meses, ¿este hogar se ha visto afectado de forma 
negativa por alguno de los siguientes problemas?

¿Cuál?

B9. ¿Disminuyeron los ingresos del hogar en los últimos doce meses?

1	Sí
2	No

Esta pregunta  identifica 10 eventos  externos al hogar que pudieron afectarlos de manera negativa los cuales deben ser respondidos como si o no por cada una de las alternativas. En  caso  de  seleccionar  la  alternativa  número   k. “Desplazamiento  por  otro  desastre natural”, se debe responder  ¿Cuál? el cual no debe hacer parte de las alternativas mencionadas en la pregunta.

Lo constituyen los niños, niñas y adolescentes entre 5 y 17 años de edad, residentes en el territorio nacional excluyendo los antiguos territorios nacionales.
