{"file_id":"F2","vid":"V514","name":"P6894","var_intrvl":"discrete","var_dcml":"0","var_wgt":null,"var_is_wgt":null,"loc_start_pos":"1037","loc_end_pos":"1037","loc_width":"1","loc_rec_seg_no":"1","labl":"\u00bfusted trabaj\u00f3 alguna vez en su vida como asalariado, independiente, trabajador familiar o ayudante sin remuneraci\u00f3n? (no tenga en cuenta su situaci\u00f3n laboral actual)","var_imputation":null,"var_security":"El acceso a microdatos y Mam-up se considera como de tratamiento especial respecto a la reserva estad\u00edstica por tanto estar\u00e1 sujeto a la reglamentaci\u00f3n que para el efecto defina el Comit\u00e9 de Aseguramiento de la reserva estad\u00edstica. Resoluci\u00f3n 173 de 2008.","var_resp_unit":"Directo","var_analysis_unit":null,"var_qstn_preqtxt":"D.24. Si la semana pasada usted estudi\u00f3 y trabaj\u00f3, el horario en el que usted realiz\u00f3 su trabajo fue:\n\n1. \u00bfDespu\u00e9s de clases?\n2. \u00bfAntes de clases?\n3. \u00bfAntes y despu\u00e9s de clases?\n4. \u00bfFines de semana?\n5. No estudiaba\n6. Otro,","var_qstn_qstnlit":"D.25.\u00bfUsted trabaj\u00f3 alguna vez en su vida como asalariado, independiente, trabajador familiar o ayudante sin remuneraci\u00f3n? (no tenga en cuenta su situaci\u00f3n laboral actual)\n\n1. S\u00ed\n2. No","var_qstn_postqtxt":"D.26. \u00bfCu\u00e1l fue la raz\u00f3n principal por la que usted empez\u00f3 a trabajar?\n\n1. Deb\u00eda ayudar a costearse el estudio\n2. Deb\u00eda ayudar con los gastos de la casa\n3. Deb\u00eda participar en la actividad econ\u00f3mica de la familia\n4. El trabajo lo formaba y lo hac\u00eda honrado\n5. El trabajo lo alejaba de los vicios\n6. Le gustaba trabajar para tener su propio dinero\n7. Para aprender un oficio\n8. Por embarazo o porque tiene un hijo\n9. Otra raz\u00f3n,","var_qstn_ivuinstr":"Marque  la alternativa correspondiente, de  acuerdo  con la respuesta del ni\u00f1o, ni\u00f1a o adolescente.\n\n\nImportante: Tenga en cuenta los conceptos que aparecen  en el Formulario del Adulto, en la pregunta E11.\n\nFlujo: Si la respuesta es la alternativa 2, tenga en cuenta que debe pasar a pregunta  1 del cap\u00edtulo E (Otras Actividades y Ayudas en la Semana Pasada)","var_universe":"Lo constituyen los ni\u00f1os, ni\u00f1as y adolescentes entre 5 y 17 a\u00f1os de edad, residentes  en el territorio nacional  excluyendo los antiguos  territorios nacionales.","var_universe_clusion":"I","var_sumstat":[{"value":"47746","type":"vald","wgtd":null},{"value":"1152","type":"invd","wgtd":null},{"value":"1","type":"min","wgtd":null},{"value":"2","type":"max","wgtd":null},{"value":"1.928","type":"mean","wgtd":null},{"value":"0.259","type":"stdev","wgtd":null}],"var_txt":null,"var_catgry":[{"value":"2","labl":"No","is_missing":null,"stats":[{"value":"44306","type":"freq","wgtd":null}]},{"value":"1","labl":"S\u00ed","is_missing":null,"stats":[{"value":"3440","type":"freq","wgtd":null}]},{"value":"Sysmiss","labl":null,"is_missing":"Y","stats":[{"value":"1152","type":"freq","wgtd":null}]}],"var_codinstr":null,"var_concept":[],"var_format":{"type":"numeric","schema":"other","category":null,"name":null},"var_notes":null,"var_val_range":{"min":"1","max":"2"},"fid":"F2","sid":"372","survey_idno":"DANE-DIRPEN-ENTI-2011"}

¿usted trabajó alguna vez en su vida como asalariado, independiente, trabajador familiar o ayudante sin remuneración? (no tenga en cuenta su situación laboral actual)

El acceso a microdatos y Mam-up se considera como de tratamiento especial respecto a la reserva estadística por tanto estará sujeto a la reglamentación que para el efecto defina el Comité de Aseguramiento de la reserva estadística. Resolución 173 de 2008.

D.24. Si la semana pasada usted estudió y trabajó, el horario en el que usted realizó su trabajo fue:

1. ¿Después de clases?
2. ¿Antes de clases?
3. ¿Antes y después de clases?
4. ¿Fines de semana?
5. No estudiaba
6. Otro,

D.25.¿Usted trabajó alguna vez en su vida como asalariado, independiente, trabajador familiar o ayudante sin remuneración? (no tenga en cuenta su situación laboral actual)

1. Sí
2. No

D.26. ¿Cuál fue la razón principal por la que usted empezó a trabajar?

1. Debía ayudar a costearse el estudio
2. Debía ayudar con los gastos de la casa
3. Debía participar en la actividad económica de la familia
4. El trabajo lo formaba y lo hacía honrado
5. El trabajo lo alejaba de los vicios
6. Le gustaba trabajar para tener su propio dinero
7. Para aprender un oficio
8. Por embarazo o porque tiene un hijo
9. Otra razón,

Marque  la alternativa correspondiente, de  acuerdo  con la respuesta del niño, niña o adolescente.


Importante: Tenga en cuenta los conceptos que aparecen  en el Formulario del Adulto, en la pregunta E11.

Flujo: Si la respuesta es la alternativa 2, tenga en cuenta que debe pasar a pregunta  1 del capítulo E (Otras Actividades y Ayudas en la Semana Pasada)

Lo constituyen los niños, niñas y adolescentes entre 5 y 17 años de edad, residentes  en el territorio nacional  excluyendo los antiguos  territorios nacionales.

Sí
