{"file_id":"F2","vid":"V653","name":"P6917s6a1","var_intrvl":"discrete","var_dcml":null,"var_wgt":null,"var_is_wgt":null,"loc_start_pos":"1821","loc_end_pos":"1840","loc_width":"20","loc_rec_seg_no":"1","labl":"Molestias o dolencias f\u00edsicas - otra, \u00bfcu\u00e1l?","var_imputation":null,"var_security":"El acceso a microdatos y Mam-up se considera como de tratamiento especial respecto a la reserva estad\u00edstica por tanto estar\u00e1 sujeto a la reglamentaci\u00f3n que para el efecto defina el Comit\u00e9 de Aseguramiento de la reserva estad\u00edstica. Resoluci\u00f3n 173 de 2008.","var_resp_unit":"Directo","var_analysis_unit":null,"var_qstn_preqtxt":"G.26.\u00bfSuele sentir alg\u00fan tipo de molestias  o dolencias f\u00edsicas cuando realiza las actividades domesticas?\n\nMolestias o dolencias f\u00edsicas\n\n1. Otra, \n1          S\u00ed","var_qstn_qstnlit":"G.26.\u00bfSuele sentir alg\u00fan tipo de molestias  o dolencias f\u00edsicas cuando realiza las actividades domesticas?\n\nMolestias o dolencias f\u00edsicas\n\n \u00bfcu\u00e1l?","var_qstn_postqtxt":"G.26.\u00bfSuele sentir alg\u00fan tipo de molestias  o dolencias f\u00edsicas cuando realiza las actividades domesticas?\n\nMolestias de tipo psicol\u00f3gico\n\n1. No le gusta realizar este tipo de actividades\n1          S\u00ed\n2          No","var_qstn_ivuinstr":"Si responde la opci\u00f3n 1. S\u00ed, \u00bfcu\u00e1l? Responda literales A y B\nSi responde la opci\u00f3n2. No Pase a H1","var_universe":"Lo constituyen los ni\u00f1os, ni\u00f1as y adolescentes entre 5 y 17 a\u00f1os de edad, residentes  en el territorio nacional  excluyendo los antiguos  territorios nacionales.","var_universe_clusion":"I","var_sumstat":[{"value":"6","type":"vald","wgtd":null},{"value":"0","type":"invd","wgtd":null}],"var_txt":null,"var_catgry":[{"value":"DOLOR EN UNA RODILLA","labl":null,"is_missing":null,"stats":[{"value":"2","type":"freq","wgtd":null}]},{"value":"DOLOR EN LA CINTURA","labl":null,"is_missing":null,"stats":[{"value":"1","type":"freq","wgtd":null}]},{"value":"DOLOR DE ESPALDA","labl":null,"is_missing":null,"stats":[{"value":"1","type":"freq","wgtd":null}]},{"value":"DOLOR DE CINTURA","labl":null,"is_missing":null,"stats":[{"value":"1","type":"freq","wgtd":null}]},{"value":"DOLOR  EN LA CADERA","labl":null,"is_missing":null,"stats":[{"value":"1","type":"freq","wgtd":null}]}],"var_codinstr":null,"var_concept":[],"var_format":{"type":"character","schema":"other","category":null,"name":null},"var_notes":null,"var_val_range":{"min":null,"max":null},"fid":"F2","sid":"372","survey_idno":"DANE-DIRPEN-ENTI-2011"}

Molestias o dolencias físicas - otra, ¿cuál?

El acceso a microdatos y Mam-up se considera como de tratamiento especial respecto a la reserva estadística por tanto estará sujeto a la reglamentación que para el efecto defina el Comité de Aseguramiento de la reserva estadística. Resolución 173 de 2008.

G.26.¿Suele sentir algún tipo de molestias  o dolencias físicas cuando realiza las actividades domesticas?

Molestias o dolencias físicas

1. Otra, 
1          Sí

G.26.¿Suele sentir algún tipo de molestias  o dolencias físicas cuando realiza las actividades domesticas?

Molestias o dolencias físicas

 ¿cuál?

G.26.¿Suele sentir algún tipo de molestias  o dolencias físicas cuando realiza las actividades domesticas?

Molestias de tipo psicológico

1. No le gusta realizar este tipo de actividades
1          Sí
2          No

Si responde la opción 1. Sí, ¿cuál? Responda literales A y B
Si responde la opción2. No Pase a H1

Lo constituyen los niños, niñas y adolescentes entre 5 y 17 años de edad, residentes  en el territorio nacional  excluyendo los antiguos  territorios nacionales.
