{"file_id":"F2","vid":"V707","name":"P6905s6a1","var_intrvl":"discrete","var_dcml":null,"var_wgt":null,"var_is_wgt":null,"loc_start_pos":"1968","loc_end_pos":"1997","loc_width":"30","loc_rec_seg_no":"1","labl":"Molestias o dolencias fisicas - otra, \u00bfcu\u00e1l?","var_imputation":null,"var_security":"El acceso a microdatos y Mam-up se considera como de tratamiento especial respecto a la reserva estad\u00edstica por tanto estar\u00e1 sujeto a la reglamentaci\u00f3n que para el efecto defina el Comit\u00e9 de Aseguramiento de la reserva estad\u00edstica. Resoluci\u00f3n 173 de 2008.","var_resp_unit":"Directo","var_analysis_unit":null,"var_qstn_preqtxt":"G.18. \u00bfSuele sentir alg\u00fan tipo de dolencia o molestia f\u00edsica o psicol\u00f3gica cuando trabaja?\n\nA. Molestias o dolencias fisicas \n\nOtra, \n1\tS\u00ed","var_qstn_qstnlit":"G.18. \u00bfSuele sentir alg\u00fan tipo de dolencia o molestia f\u00edsica o psicol\u00f3gica cuando trabaja?\n\nA. Molestias o dolencias fisicas \n\n\u00bfCu\u00e1l?","var_qstn_postqtxt":"G.18. \u00bfSuele sentir alg\u00fan tipo de dolencia o molestia f\u00edsica o psicol\u00f3gica cuando trabaja?\n\nB.  Molestias de tipo psicol\u00f3gicos\n1. No  le gusta realizar este tipo de actividades\n1\tS\u00ed\n2\tNo","var_qstn_ivuinstr":"Tener en cuenta el diligenciamiento de la pregunta D19.\n\nFlujo:\nSi la respuesta esta dada en c\u00f3digo 1 responda los literales A y B. Si la respuesta esta dada en c\u00f3digo 2 pasa a la pregunta G19.","var_universe":"Lo constituyen los ni\u00f1os, ni\u00f1as y adolescentes entre 5 y 17 a\u00f1os de edad, residentes  en el territorio nacional  excluyendo los antiguos  territorios nacionales.","var_universe_clusion":"I","var_sumstat":[{"value":"2","type":"vald","wgtd":null},{"value":"0","type":"invd","wgtd":null}],"var_txt":null,"var_catgry":[{"value":"LE DUELE EL PECHO EN OCASIONES","labl":null,"is_missing":null,"stats":[{"value":"1","type":"freq","wgtd":null}]},{"value":"DOLOR EN EL BRAZO","labl":null,"is_missing":null,"stats":[{"value":"1","type":"freq","wgtd":null}]}],"var_codinstr":null,"var_concept":[],"var_format":{"type":"character","schema":"other","category":null,"name":null},"var_notes":null,"var_val_range":{"min":null,"max":null},"fid":"F2","sid":"372","survey_idno":"DANE-DIRPEN-ENTI-2011"}

Molestias o dolencias fisicas - otra, ¿cuál?

El acceso a microdatos y Mam-up se considera como de tratamiento especial respecto a la reserva estadística por tanto estará sujeto a la reglamentación que para el efecto defina el Comité de Aseguramiento de la reserva estadística. Resolución 173 de 2008.

G.18. ¿Suele sentir algún tipo de dolencia o molestia física o psicológica cuando trabaja?

A. Molestias o dolencias fisicas 

Otra, 
1	Sí

G.18. ¿Suele sentir algún tipo de dolencia o molestia física o psicológica cuando trabaja?

A. Molestias o dolencias fisicas 

¿Cuál?

G.18. ¿Suele sentir algún tipo de dolencia o molestia física o psicológica cuando trabaja?

B.  Molestias de tipo psicológicos
1. No  le gusta realizar este tipo de actividades
1	Sí
2	No

Tener en cuenta el diligenciamiento de la pregunta D19.

Flujo:
Si la respuesta esta dada en código 1 responda los literales A y B. Si la respuesta esta dada en código 2 pasa a la pregunta G19.

Lo constituyen los niños, niñas y adolescentes entre 5 y 17 años de edad, residentes  en el territorio nacional  excluyendo los antiguos  territorios nacionales.
