{"file_id":"F2","vid":"V720","name":"P6249","var_intrvl":"discrete","var_dcml":"0","var_wgt":null,"var_is_wgt":null,"loc_start_pos":"2120","loc_end_pos":"2121","loc_width":"2","loc_rec_seg_no":"1","labl":"Normalmente \u00bfa qu\u00e9 hora se levanta y se acuesta? entre semana se levanta","var_imputation":null,"var_security":"El acceso a microdatos y Mam-up se considera como de tratamiento especial respecto a la reserva estad\u00edstica por tanto estar\u00e1 sujeto a la reglamentaci\u00f3n que para el efecto defina el Comit\u00e9 de Aseguramiento de la reserva estad\u00edstica. Resoluci\u00f3n 173 de 2008.","var_resp_unit":"Directo","var_analysis_unit":null,"var_qstn_preqtxt":"G.5. \u00bfCu\u00e1l es la principal raz\u00f3n por la que falta o no asiste regularmente a clase?\n\n1\tEst\u00e1 trabajando\n2\tEst\u00e1 buscando trabajo\n3\tFalta de dinero para ir a la escuela o colegio\n4\tAyuda a sus padres o parientes en el trabajo\n5\tTiene que hacer las oficios dom\u00e9sticos\n6\tProblemas familiares\n7\tProblemas de conducta o rendimiento escolar\n8\tProblemas de salud\n9\tPor embarazo o porque tiene un hijo\n10\tSe queda dormido, no le exigen o no quiere ir a la escuela o colegio\n11     Otra,","var_qstn_qstnlit":"G.6.Normalmente \u00bfA qu\u00e9 hora se levanta y se acuesta?\n\nEntre semana\nse Levanta","var_qstn_postqtxt":"G.6.Normalmente \u00bfA qu\u00e9 hora se levanta y se acuesta?\n\nEntre semana\nSe acuesta","var_qstn_ivuinstr":"Tener en cuenta el diligenciamiento de la pregunta C10.","var_universe":"Lo constituyen los ni\u00f1os, ni\u00f1as y adolescentes entre 5 y 17 a\u00f1os de edad, residentes  en el territorio nacional  excluyendo los antiguos  territorios nacionales.","var_universe_clusion":"I","var_sumstat":[{"value":"245","type":"vald","wgtd":null},{"value":"48653","type":"invd","wgtd":null},{"value":"2","type":"min","wgtd":null},{"value":"16","type":"max","wgtd":null},{"value":"6.547","type":"mean","wgtd":null},{"value":"1.692","type":"stdev","wgtd":null}],"var_txt":null,"var_catgry":[{"value":"6","labl":null,"is_missing":null,"stats":[{"value":"76","type":"freq","wgtd":null}]},{"value":"5","labl":null,"is_missing":null,"stats":[{"value":"74","type":"freq","wgtd":null}]},{"value":"7","labl":null,"is_missing":null,"stats":[{"value":"28","type":"freq","wgtd":null}]},{"value":"9","labl":null,"is_missing":null,"stats":[{"value":"26","type":"freq","wgtd":null}]},{"value":"8","labl":null,"is_missing":null,"stats":[{"value":"25","type":"freq","wgtd":null}]},{"value":"10","labl":null,"is_missing":null,"stats":[{"value":"11","type":"freq","wgtd":null}]},{"value":"4","labl":null,"is_missing":null,"stats":[{"value":"2","type":"freq","wgtd":null}]},{"value":"16","labl":null,"is_missing":null,"stats":[{"value":"1","type":"freq","wgtd":null}]},{"value":"12","labl":null,"is_missing":null,"stats":[{"value":"1","type":"freq","wgtd":null}]},{"value":"2","labl":null,"is_missing":null,"stats":[{"value":"1","type":"freq","wgtd":null}]},{"value":"Sysmiss","labl":null,"is_missing":"Y","stats":[{"value":"48653","type":"freq","wgtd":null}]}],"var_codinstr":null,"var_concept":[],"var_format":{"type":"numeric","schema":"other","category":null,"name":null},"var_notes":null,"var_val_range":{"min":"2","max":"16"},"fid":"F2","sid":"372","survey_idno":"DANE-DIRPEN-ENTI-2011"}

Normalmente ¿a qué hora se levanta y se acuesta? entre semana se levanta

El acceso a microdatos y Mam-up se considera como de tratamiento especial respecto a la reserva estadística por tanto estará sujeto a la reglamentación que para el efecto defina el Comité de Aseguramiento de la reserva estadística. Resolución 173 de 2008.

G.5. ¿Cuál es la principal razón por la que falta o no asiste regularmente a clase?

1	Está trabajando
2	Está buscando trabajo
3	Falta de dinero para ir a la escuela o colegio
4	Ayuda a sus padres o parientes en el trabajo
5	Tiene que hacer las oficios domésticos
6	Problemas familiares
7	Problemas de conducta o rendimiento escolar
8	Problemas de salud
9	Por embarazo o porque tiene un hijo
10	Se queda dormido, no le exigen o no quiere ir a la escuela o colegio
11     Otra,

G.6.Normalmente ¿A qué hora se levanta y se acuesta?

Entre semana
se Levanta

G.6.Normalmente ¿A qué hora se levanta y se acuesta?

Entre semana
Se acuesta

Lo constituyen los niños, niñas y adolescentes entre 5 y 17 años de edad, residentes  en el territorio nacional  excluyendo los antiguos  territorios nacionales.
