{"file_id":"F2","vid":"V721","name":"P6248s1a1","var_intrvl":"discrete","var_dcml":null,"var_wgt":null,"var_is_wgt":null,"loc_start_pos":"2122","loc_end_pos":"2161","loc_width":"40","loc_rec_seg_no":"1","labl":"Otra \u00bfcu\u00e1l?","var_imputation":null,"var_security":"El acceso a microdatos y Mam-up se considera como de tratamiento especial respecto a la reserva estad\u00edstica por tanto estar\u00e1 sujeto a la reglamentaci\u00f3n que para el efecto defina el Comit\u00e9 de Aseguramiento de la reserva estad\u00edstica. Resoluci\u00f3n 173 de 2008.","var_resp_unit":"Directo","var_analysis_unit":null,"var_qstn_preqtxt":"G.5. \u00bfCu\u00e1l es la principal raz\u00f3n por la que falta o no asiste regularmente a clase?\n\n11. Otra,","var_qstn_qstnlit":"G.5. \u00bfCu\u00e1l es la principal raz\u00f3n por la que falta o no asiste regularmente a clase?\n\n\u00bfcu\u00e1l?","var_qstn_postqtxt":"G.6. Normalmente \u00bfa qu\u00e9 hora se levanta y se acuesta?\n\nEntre semana  \t\nSe levanta","var_qstn_ivuinstr":"Tener en cuenta el diligenciamiento de la pregunta C9.","var_universe":"Lo constituyen los ni\u00f1os, ni\u00f1as y adolescentes entre 5 y 17 a\u00f1os de edad, residentes  en el territorio nacional  excluyendo los antiguos  territorios nacionales.","var_universe_clusion":"E","var_sumstat":[{"value":"1","type":"vald","wgtd":null},{"value":"0","type":"invd","wgtd":null}],"var_txt":null,"var_catgry":[{"value":"VIAJA CONTINUAMENTE A TORNEOS DE AJEDREZ","labl":null,"is_missing":null,"stats":[{"value":"1","type":"freq","wgtd":null}]}],"var_codinstr":null,"var_concept":[],"var_format":{"type":"character","schema":"other","category":null,"name":null},"var_notes":null,"var_val_range":{"min":null,"max":null},"fid":"F2","sid":"372","survey_idno":"DANE-DIRPEN-ENTI-2011"}

Otra ¿cuál?

El acceso a microdatos y Mam-up se considera como de tratamiento especial respecto a la reserva estadística por tanto estará sujeto a la reglamentación que para el efecto defina el Comité de Aseguramiento de la reserva estadística. Resolución 173 de 2008.

G.5. ¿Cuál es la principal razón por la que falta o no asiste regularmente a clase?

11. Otra,

G.5. ¿Cuál es la principal razón por la que falta o no asiste regularmente a clase?

¿cuál?

G.6. Normalmente ¿a qué hora se levanta y se acuesta?

Entre semana  	
Se levanta

Lo constituyen los niños, niñas y adolescentes entre 5 y 17 años de edad, residentes  en el territorio nacional  excluyendo los antiguos  territorios nacionales.
