{"file_id":"F2","vid":"V737","name":"P6248s1","var_intrvl":"discrete","var_dcml":"0","var_wgt":null,"var_is_wgt":null,"loc_start_pos":"2218","loc_end_pos":"2218","loc_width":"1","loc_rec_seg_no":"1","labl":"\u00bfcu\u00e1l es la principal raz\u00f3n por la que falta o no asiste regularmente a clase?","var_imputation":null,"var_security":"El acceso a microdatos y Mam-up se considera como de tratamiento especial respecto a la reserva estad\u00edstica por tanto estar\u00e1 sujeto a la reglamentaci\u00f3n que para el efecto defina el Comit\u00e9 de Aseguramiento de la reserva estad\u00edstica. Resoluci\u00f3n 173 de 2008.","var_resp_unit":"Directo","var_analysis_unit":null,"var_qstn_preqtxt":"G.4.\u00bfFalta seguido a clases? (m\u00e1s de 4 d\u00edas en el mes)\n\n1. S\u00ed\n2. No","var_qstn_qstnlit":"G.5. \u00bfCu\u00e1l es la principal raz\u00f3n por la que falta o no asiste regularmente a clase?\n\n1. Est\u00e1 trabajando\n2. Est\u00e1 buscando trabajo\n3. Falta de dinero para ir a la escuela o colegio\n4. Ayuda a sus padres o parientes en el trabajo\n5. Tiene que hacer los oficios dom\u00e9sticos\n6. Problemas familiares\n7. Problemas de conducta o rendimiento escolar\n8. Problemas de salud\n9. Por embarazo o porque tiene un hijo Se queda dormido, no le exigen o no quiere ir a la escuela o colegio\n10. Otra,","var_qstn_postqtxt":"G.6. Normalmente \u00bfa qu\u00e9 hora se levanta y se acuesta?\n\nEntre semana  \t\nSe levanta","var_qstn_ivuinstr":"Tener en cuenta el diligenciamiento de la pregunta C9.","var_universe":"Lo constituyen los ni\u00f1os, ni\u00f1as y adolescentes entre 5 y 17 a\u00f1os de edad, residentes  en el territorio nacional  excluyendo los antiguos  territorios nacionales.","var_universe_clusion":"I","var_sumstat":[{"value":"0","type":"vald","wgtd":null},{"value":"48898","type":"invd","wgtd":null}],"var_txt":null,"var_catgry":[{"value":"10","labl":"Otra,","is_missing":null,"stats":[{"value":"0","type":"freq","wgtd":null}]},{"value":"9","labl":"Por embarazo o porque tiene un hijo se queda dormido, no le exigen o no quiere ir a la escuela o colegio","is_missing":null,"stats":[{"value":"0","type":"freq","wgtd":null}]},{"value":"8","labl":"Problemas de salud","is_missing":null,"stats":[{"value":"0","type":"freq","wgtd":null}]},{"value":"7","labl":"Problemas de conducta o rendimiento escolar","is_missing":null,"stats":[{"value":"0","type":"freq","wgtd":null}]},{"value":"6","labl":"Problemas familiares","is_missing":null,"stats":[{"value":"0","type":"freq","wgtd":null}]},{"value":"5","labl":"Tiene que hacer los oficios dom\u00e9sticos","is_missing":null,"stats":[{"value":"0","type":"freq","wgtd":null}]},{"value":"4","labl":"Ayuda a sus padres o parientes en el trabajo","is_missing":null,"stats":[{"value":"0","type":"freq","wgtd":null}]},{"value":"3","labl":"Falta de dinero para ir a la escuela o colegio","is_missing":null,"stats":[{"value":"0","type":"freq","wgtd":null}]},{"value":"2","labl":"Est\u00e1 buscando trabajo","is_missing":null,"stats":[{"value":"0","type":"freq","wgtd":null}]},{"value":"1","labl":"Est\u00e1 trabajando","is_missing":null,"stats":[{"value":"0","type":"freq","wgtd":null}]},{"value":"Sysmiss","labl":null,"is_missing":"Y","stats":[{"value":"48898","type":"freq","wgtd":null}]}],"var_codinstr":null,"var_concept":[],"var_format":{"type":"numeric","schema":"other","category":null,"name":null},"var_notes":null,"var_val_range":{"min":null,"max":null},"fid":"F2","sid":"372","survey_idno":"DANE-DIRPEN-ENTI-2011"}

¿cuál es la principal razón por la que falta o no asiste regularmente a clase?

El acceso a microdatos y Mam-up se considera como de tratamiento especial respecto a la reserva estadística por tanto estará sujeto a la reglamentación que para el efecto defina el Comité de Aseguramiento de la reserva estadística. Resolución 173 de 2008.

G.4.¿Falta seguido a clases? (más de 4 días en el mes)

1. Sí
2. No

G.5. ¿Cuál es la principal razón por la que falta o no asiste regularmente a clase?

1. Está trabajando
2. Está buscando trabajo
3. Falta de dinero para ir a la escuela o colegio
4. Ayuda a sus padres o parientes en el trabajo
5. Tiene que hacer los oficios domésticos
6. Problemas familiares
7. Problemas de conducta o rendimiento escolar
8. Problemas de salud
9. Por embarazo o porque tiene un hijo Se queda dormido, no le exigen o no quiere ir a la escuela o colegio
10. Otra,

G.6. Normalmente ¿a qué hora se levanta y se acuesta?

Entre semana  	
Se levanta

Lo constituyen los niños, niñas y adolescentes entre 5 y 17 años de edad, residentes  en el territorio nacional  excluyendo los antiguos  territorios nacionales.

Tiene que hacer los oficios domésticos

Está buscando trabajo

Está trabajando
