{"file_id":"F1","vid":"V96","name":"P6031","var_intrvl":"discrete","var_dcml":"0","var_wgt":null,"var_is_wgt":null,"loc_start_pos":"470","loc_end_pos":"470","loc_width":"1","loc_rec_seg_no":"1","labl":"Actualmente, el ni\u00f1o, ni\u00f1a o adolecente:","var_imputation":null,"var_security":"El acceso a microdatos y Mam-up se considera como de tratamiento especial respecto a la reserva estad\u00edstica por tanto estar\u00e1 sujeto a la reglamentaci\u00f3n que para el efecto defina el Comit\u00e9 de Aseguramiento de la reserva estad\u00edstica. Resoluci\u00f3n 173 de 2008.","var_resp_unit":"Directo","var_analysis_unit":null,"var_qstn_preqtxt":"C5a. \u00bfUna persona diferente del jefe del hogar de la informaci\u00f3n de...?\n\n1 Si. \n2 No","var_qstn_qstnlit":"C5b. Actualmente...:\n\n1\tTiene de 5 a 17 a\u00f1os y vive en el hogar\n2\tTiene 18 a\u00f1os o m\u00e1s\n3\tTiene de 5 a 17 a\u00f1os y ya no vive en el hogar","var_qstn_postqtxt":"C6. \u00bfCu\u00e1l es su parentesco con\u2026?\n\n1\tMadre\n2\tPadre\n3\tAbuelo (a), tio(a)\n4\tOtro familiar\n5\tPareja, esposo(a),  conyuge,  compa\u00f1ero\n6\tNo familiar\n7\tEs usted mismo","var_qstn_ivuinstr":"Tiene entre 5 y 17 a\u00f1os y vive en el hogar: si la persona registrada est\u00e1 dentro del rango de edad objeto del estudio, debe continuar la encuesta (pasar a pregunta 7).\n\nTiene 18 a\u00f1os o m\u00e1s: si la persona tiene 18 a\u00f1os o m\u00e1s y fue registrada porque en la GEIH no hab\u00eda cumplido 18 a\u00f1os o por error, no se diligenciar\u00e1 el formulario (terminando la encuesta) para esta persona, continuando con el cap\u00edtulo C para la siguiente ni\u00f1a, ni\u00f1o o joven registrado. Si no hay m\u00e1s personas en este grupo de edad, termina la encuesta para este hogar.\n\nEst\u00e1 entre 5 y 17 a\u00f1os de edad y ya no vive en el hogar, pasa al cap\u00edtulo J correspondiente a todos los ni\u00f1os, ni\u00f1as y adolescentes que se han ido del hogar, cap\u00edtulo en el cual debe quedar registrada la informaci\u00f3n para esta persona. (RECUERDE: como se indag\u00f3 desde un principio la existencia de estas personas, la informaci\u00f3n de estos ni\u00f1os debe ser diligenciada de \u00faltimas para no afectar la disposici\u00f3n del encuestado a responder las preguntas de los ni\u00f1os que permanecen en el hogar.)","var_universe":"Lo constituyen los ni\u00f1os, ni\u00f1as y adolescentes entre 5 y 17 a\u00f1os de edad, residentes en el territorio nacional excluyendo los antiguos territorios nacionales.","var_universe_clusion":"I","var_sumstat":[{"value":"48940","type":"vald","wgtd":null},{"value":"19","type":"invd","wgtd":null},{"value":"1","type":"min","wgtd":null},{"value":"3","type":"max","wgtd":null},{"value":"1.001","type":"mean","wgtd":null},{"value":"0.0503","type":"stdev","wgtd":null}],"var_txt":null,"var_catgry":[{"value":"1","labl":"Tiene de 5 a 17 a\u00f1os y vive en el hogar","is_missing":null,"stats":[{"value":"48909","type":"freq","wgtd":null}]},{"value":"3","labl":"Tiene de 5 a 17 a\u00f1os y ya no vive en el hogar","is_missing":null,"stats":[{"value":"31","type":"freq","wgtd":null}]},{"value":"2","labl":"Tiene 18 a\u00f1os o m\u00e1s","is_missing":null,"stats":[{"value":"0","type":"freq","wgtd":null}]},{"value":"Sysmiss","labl":null,"is_missing":"Y","stats":[{"value":"19","type":"freq","wgtd":null}]}],"var_codinstr":null,"var_concept":[],"var_format":{"type":"numeric","schema":"other","category":null,"name":null},"var_notes":null,"var_val_range":{"min":"1","max":"3"},"fid":"F1","sid":"372","survey_idno":"DANE-DIRPEN-ENTI-2011"}

Actualmente, el niño, niña o adolecente:

El acceso a microdatos y Mam-up se considera como de tratamiento especial respecto a la reserva estadística por tanto estará sujeto a la reglamentación que para el efecto defina el Comité de Aseguramiento de la reserva estadística. Resolución 173 de 2008.

C5a. ¿Una persona diferente del jefe del hogar de la información de...?

1 Si. 
2 No

C5b. Actualmente...:

1	Tiene de 5 a 17 años y vive en el hogar
2	Tiene 18 años o más
3	Tiene de 5 a 17 años y ya no vive en el hogar

C6. ¿Cuál es su parentesco con…?

1	Madre
2	Padre
3	Abuelo (a), tio(a)
4	Otro familiar
5	Pareja, esposo(a),  conyuge,  compañero
6	No familiar
7	Es usted mismo

Tiene entre 5 y 17 años y vive en el hogar: si la persona registrada está dentro del rango de edad objeto del estudio, debe continuar la encuesta (pasar a pregunta 7).

Tiene 18 años o más: si la persona tiene 18 años o más y fue registrada porque en la GEIH no había cumplido 18 años o por error, no se diligenciará el formulario (terminando la encuesta) para esta persona, continuando con el capítulo C para la siguiente niña, niño o joven registrado. Si no hay más personas en este grupo de edad, termina la encuesta para este hogar.

Está entre 5 y 17 años de edad y ya no vive en el hogar, pasa al capítulo J correspondiente a todos los niños, niñas y adolescentes que se han ido del hogar, capítulo en el cual debe quedar registrada la información para esta persona. (RECUERDE: como se indagó desde un principio la existencia de estas personas, la información de estos niños debe ser diligenciada de últimas para no afectar la disposición del encuestado a responder las preguntas de los niños que permanecen en el hogar.)

Lo constituyen los niños, niñas y adolescentes entre 5 y 17 años de edad, residentes en el territorio nacional excluyendo los antiguos territorios nacionales.

Tiene de 5 a 17 años y vive en el hogar

Tiene de 5 a 17 años y ya no vive en el hogar

Tiene 18 años o más
