{"file_id":"F17","vid":"V241","name":"gru_ed2","var_intrvl":"discrete","var_dcml":null,"var_wgt":null,"var_is_wgt":null,"loc_start_pos":"16","loc_end_pos":"17","loc_width":"2","loc_rec_seg_no":"1","labl":"Agrupaci\u00f3n de edades, seg\u00fan la edad del fallecido","var_imputation":null,"var_security":"El acceso a microdatos y Mam-up se considera como de tratamiento especial respecto a la reserva estad\u00edstica por tanto estar\u00e1 sujeto a la reglamentaci\u00f3n que para el efecto defina el Comit\u00e9 de Aseguramiento de la reserva estad\u00edstica. Resoluci\u00f3n 173 de 2008","var_resp_unit":"Indirecto","var_analysis_unit":null,"var_qstn_preqtxt":"Agrupaci\u00f3n de edades, seg\u00fan la edad del fallecido","var_qstn_qstnlit":"Agrupaci\u00f3n de edades, seg\u00fan la edad del fallecido\n\n01 = Menores de 1 a\u00f1o                                     \n02 = de 1 a 4 a\u00f1os                                               \n03 = 5 a 14 a\u00f1os                                             \n04 = de 15 a 44 a\u00f1os                                               \n05 = de 45 a 64 a\u00f1os                                               \n06 = 65 y mas a\u00f1os                                                      \n07 = Edad desconocida.","var_qstn_postqtxt":"Estado conyugal del fallecido","var_qstn_ivuinstr":null,"var_universe":"Hecho vital: Defunci\u00f3n, ocurrida en el territorio nacional en cada a\u00f1o calendario.","var_universe_clusion":"I","var_sumstat":[{"value":"0","type":"vald","wgtd":null},{"value":"0","type":"invd","wgtd":null}],"var_txt":null,"var_catgry":[{"value":"01","labl":"Menores de 1 a\u00f1o","is_missing":null,"stats":[]},{"value":"02","labl":"de 1 a 4 a\u00f1os","is_missing":null,"stats":[]},{"value":"03","labl":"5 a 14 a\u00f1os","is_missing":null,"stats":[]},{"value":"04","labl":"de 15 a 44 a\u00f1os","is_missing":null,"stats":[]},{"value":"05","labl":"de 45 a 64 a\u00f1os","is_missing":null,"stats":[]},{"value":"06","labl":"65 y mas a\u00f1os","is_missing":null,"stats":[]},{"value":"07","labl":"Edad desconocida.","is_missing":null,"stats":[]}],"var_codinstr":null,"var_concept":[],"var_format":{"type":"character","schema":"other","category":null,"name":null},"var_notes":null,"var_val_range":{"min":null,"max":null},"fid":"F17","sid":"397","survey_idno":"DANE-DCD-EEVV-1992-1996"}

Agrupación de edades, según la edad del fallecido

El acceso a microdatos y Mam-up se considera como de tratamiento especial respecto a la reserva estadística por tanto estará sujeto a la reglamentación que para el efecto defina el Comité de Aseguramiento de la reserva estadística. Resolución 173 de 2008

Agrupación de edades, según la edad del fallecido

01 = Menores de 1 año                                     
02 = de 1 a 4 años                                               
03 = 5 a 14 años                                             
04 = de 15 a 44 años                                               
05 = de 45 a 64 años                                               
06 = 65 y mas años                                                      
07 = Edad desconocida.

Hecho vital: Defunción, ocurrida en el territorio nacional en cada año calendario.

Menores de 1 año

de 1 a 4 años

5 a 14 años

de 15 a 44 años

de 45 a 64 años

65 y mas años
