{"file_id":"F31","vid":"V2401","name":"P461S1","var_intrvl":"discrete","var_dcml":null,"var_wgt":null,"var_is_wgt":null,"loc_start_pos":"116","loc_end_pos":"195","loc_width":"80","loc_rec_seg_no":"1","labl":"Cu\u00e1l instituci\u00f3n privada lo dict\u00f3: Otro, cu\u00e1l?","var_imputation":null,"var_security":"El acceso a microdatos y Mam-up se considera como de tratamiento especial respecto a la reserva estad\u00edstica por tanto estar\u00e1 sujeto a la reglamentaci\u00f3n que para el efecto defina el Comit\u00e9 de Aseguramiento de la reserva estad\u00edstica. Resoluci\u00f3n 173 de 2008","var_resp_unit":"La encuesta utiliza informante directo para las personas de 18 a\u00f1os y m\u00e1s, y para aquellas de 10 a 17 a\u00f1os que trabajen o est\u00e9n buscando trabajo. Para los dem\u00e1s se acepta informante id\u00f3neo (persona del hogar mayor de 18 a\u00f1os, que a falta del informante directo pueda responder correctamente las preguntas). No se acepta informaci\u00f3n de empleados del servicio dom\u00e9stico, pensionistas, vecinos o menores, excepto cuando el menor de edad es el jefe del hogar o c\u00f3nyuge.","var_analysis_unit":null,"var_qstn_preqtxt":"5. Lo dicta una instituci\u00f3n:\n\na.\tP\u00fablica\t\t\nb.\tPrivada","var_qstn_qstnlit":"7. Cu\u00e1l instituci\u00f3n privada lo dict\u00f3:\n\nOtro, Cu\u00e1l?_________________","var_qstn_postqtxt":"8. \u00bfCu\u00e1l es la tem\u00e1tica del curso?\n\na.\tEducaci\u00f3n\t\t\t\t\t\t\t\t\t\nb.\tHumanidades y artes\t\t\t\t\t\t\t\t\t\nc.\tCiencias sociales y del comportamient\t\t\t\t\t\t\t\t\nd.\tPeriodismo e informaci\u00f3n\t\t\t\t\t\t\t\t\ne.\tEducaci\u00f3n comercial y administraci\u00f3n\t\t\t\t\t\t\t\nf.\tDerecho\t\t\t\t\t\t\t\t\t\t\ng.\tCiencias de la vida y ciencias f\u00edsicas\t\t\t\t\t\t\t\nh.\tMatem\u00e1ticas y estad\u00edstica\t\t\t\t\ni.\tInform\u00e1tica\t\t\t\t\t\t\t\t\t\t\nj.\tIngenier\u00eda y profesiones afines\t\t\t\t\t\t\t\nk.\tIndustria y producci\u00f3n\t\t\t\t\t\t\t\t\nl.\tArquitectura y construcci\u00f3n\t\t\t\t\t\t\t\t\nm.\tAgricultura y veterinaria\t\t\t\t\t\t\t\t\nn.\tSalud y Servicios sociales\t\t\t\t\t\t\t\no.\tServicios personales\t\t\t\t\t\t\t\t\np.\tServicios de transporte\t\t\t\t\t\t\t\t\nq.\tProtecci\u00f3n del medio ambiente\t\t\t\t\t\t\t\nr.\tServicios de seguridad\t\t\t\t\t\t\t\t\ns.\tSectores desconocidos o no especificados","var_qstn_ivuinstr":null,"var_universe":"El universo para el Modulo de formaci\u00f3n para el trabajo est\u00e1 conformado por la poblaci\u00f3n civil no institucional, residente en todo el territorio nacional; va dirigida a todos los hogares encontrados en la vivienda y solamente para personas de 15 a\u00f1os y m\u00e1s.","var_universe_clusion":"I","var_sumstat":[{"value":"0","type":"vald","wgtd":null},{"value":"0","type":"invd","wgtd":null}],"var_txt":null,"var_catgry":[],"var_codinstr":null,"var_concept":[],"var_format":{"type":"character","schema":"other","category":null,"name":null},"var_notes":null,"var_val_range":{"min":null,"max":null},"fid":"F31","sid":"414","survey_idno":"DANE-DIMPE-GEIH-MFPT-2015"}

Cuál institución privada lo dictó: Otro, cuál?

El acceso a microdatos y Mam-up se considera como de tratamiento especial respecto a la reserva estadística por tanto estará sujeto a la reglamentación que para el efecto defina el Comité de Aseguramiento de la reserva estadística. Resolución 173 de 2008

La encuesta utiliza informante directo para las personas de 18 años y más, y para aquellas de 10 a 17 años que trabajen o estén buscando trabajo. Para los demás se acepta informante idóneo (persona del hogar mayor de 18 años, que a falta del informante directo pueda responder correctamente las preguntas). No se acepta información de empleados del servicio doméstico, pensionistas, vecinos o menores, excepto cuando el menor de edad es el jefe del hogar o cónyuge.

5. Lo dicta una institución:

a.	Pública		
b.	Privada

7. Cuál institución privada lo dictó:

Otro, Cuál?_________________

8. ¿Cuál es la temática del curso?

a.	Educación									
b.	Humanidades y artes									
c.	Ciencias sociales y del comportamient								
d.	Periodismo e información								
e.	Educación comercial y administración							
f.	Derecho										
g.	Ciencias de la vida y ciencias físicas							
h.	Matemáticas y estadística				
i.	Informática										
j.	Ingeniería y profesiones afines							
k.	Industria y producción								
l.	Arquitectura y construcción								
m.	Agricultura y veterinaria								
n.	Salud y Servicios sociales							
o.	Servicios personales								
p.	Servicios de transporte								
q.	Protección del medio ambiente							
r.	Servicios de seguridad								
s.	Sectores desconocidos o no especificados

El universo para el Modulo de formación para el trabajo está conformado por la población civil no institucional, residente en todo el territorio nacional; va dirigida a todos los hogares encontrados en la vivienda y solamente para personas de 15 años y más.
