{"file_id":"F10","vid":"V243","name":"P5512","var_intrvl":"discrete","var_dcml":"0","var_wgt":null,"var_is_wgt":null,"loc_start_pos":"15","loc_end_pos":"15","loc_width":"1","loc_rec_seg_no":"1","labl":"En promedio, \u00bfcu\u00e1ntas cargas de ropa seca en su secadora a la semana?","var_imputation":null,"var_security":"El acceso a microdatos y Mam-up se considera como de tratamiento especial respecto a la reserva estad\u00edstica por tanto estar\u00e1 sujeto a la reglamentaci\u00f3n que para el efecto defina el Comit\u00e9 de Aseguramiento de la reserva estad\u00edstica. Resoluci\u00f3n 173 de 2008.","var_resp_unit":null,"var_analysis_unit":null,"var_qstn_preqtxt":"3. \u00bfQu\u00e9 tan antigua es su lavadora de ropa?","var_qstn_qstnlit":"4. En promedio, \u00bfcu\u00e1ntas cargas de ropa seca en su secadora a la semana?\n \t\n1\tUna carga o menos\t\n2\t2 a 4 cargas\t\n3\t5 a 9 cargas\t\n4\t10 a 15 cargas\t\n5\tM\u00e1s de 15 cargas","var_qstn_postqtxt":"5. \u00bfQu\u00e9 tan antigua es su secadora de ropa?","var_qstn_ivuinstr":"Solo para hogares que en L13 indicaron poseer se\u00adcadora de ropa. \n\nCon esta pregunta se pretende conocer cu\u00e1ntas ve\u00adces se seca ropa a la semana en el hogar. Como con la lavadora de ropa, cada vez que se utilice la secadora se habr\u00e1 secado una carga de ropa, sin importar el tama\u00f1o de dicha carga.","var_universe":"El universo para la Encuesta de Calidad de Vida est\u00e1 conformado por la poblaci\u00f3n civil no institucional residente en todo el territorio nacional.\n\nLas preguntas de este cap\u00edtulo se diligencian para todos y cada uno de los hogares existentes en la vivienda.","var_universe_clusion":"I","var_sumstat":[{"value":"0","type":"vald","wgtd":null},{"value":"0","type":"invd","wgtd":null}],"var_txt":null,"var_catgry":[{"value":"5","labl":"M\u00e1s de 15 cargas","is_missing":null,"stats":[]},{"value":"4","labl":"10 a 15 cargas","is_missing":null,"stats":[]},{"value":"3","labl":"5 a 9 cargas","is_missing":null,"stats":[]},{"value":"2","labl":"2 a 4 cargas","is_missing":null,"stats":[]},{"value":"1","labl":"Una carga o menos","is_missing":null,"stats":[]}],"var_codinstr":null,"var_concept":[],"var_format":{"type":"numeric","schema":"other","category":null,"name":null},"var_notes":null,"var_val_range":{"min":null,"max":null},"fid":"F10","sid":"419","survey_idno":"DANE-DIMPE-ECV-2015"}

En promedio, ¿cuántas cargas de ropa seca en su secadora a la semana?

El acceso a microdatos y Mam-up se considera como de tratamiento especial respecto a la reserva estadística por tanto estará sujeto a la reglamentación que para el efecto defina el Comité de Aseguramiento de la reserva estadística. Resolución 173 de 2008.

3. ¿Qué tan antigua es su lavadora de ropa?

4. En promedio, ¿cuántas cargas de ropa seca en su secadora a la semana?
 	
1	Una carga o menos	
2	2 a 4 cargas	
3	5 a 9 cargas	
4	10 a 15 cargas	
5	Más de 15 cargas

5. ¿Qué tan antigua es su secadora de ropa?

Solo para hogares que en L13 indicaron poseer se­cadora de ropa. 

Con esta pregunta se pretende conocer cuántas ve­ces se seca ropa a la semana en el hogar. Como con la lavadora de ropa, cada vez que se utilice la secadora se habrá secado una carga de ropa, sin importar el tamaño de dicha carga.

El universo para la Encuesta de Calidad de Vida está conformado por la población civil no institucional residente en todo el territorio nacional.

Las preguntas de este capítulo se diligencian para todos y cada uno de los hogares existentes en la vivienda.

Más de 15 cargas
