{"file_id":"F10","vid":"V245","name":"P5514","var_intrvl":"discrete","var_dcml":"0","var_wgt":null,"var_is_wgt":null,"loc_start_pos":"18","loc_end_pos":"18","loc_width":"1","loc_rec_seg_no":"1","labl":"\u00bfC\u00f3mo describe el tama\u00f1o de su nevera o refrigerador?","var_imputation":null,"var_security":"El acceso a microdatos y Mam-up se considera como de tratamiento especial respecto a la reserva estad\u00edstica por tanto estar\u00e1 sujeto a la reglamentaci\u00f3n que para el efecto defina el Comit\u00e9 de Aseguramiento de la reserva estad\u00edstica. Resoluci\u00f3n 173 de 2008.","var_resp_unit":null,"var_analysis_unit":null,"var_qstn_preqtxt":"5. \u00bfQu\u00e9 tan antigua es su secadora de ropa?","var_qstn_qstnlit":"6. \u00bfC\u00f3mo describe el tama\u00f1o de su nevera o refrigerador?\t\n \n1\tPeque\u00f1a (menor o igual a 1.7 metros de altura)\t\n2\tMediana (mayor a 1.7 metros de altura)\t\n3\tGrande (mayor a 1.7 metros de altura y con 2 puertas laterales o 2 puertas y gavetas)","var_qstn_postqtxt":"7. \u00bfQu\u00e9 tan antigua es su nevera o  refrigerador?","var_qstn_ivuinstr":"Solo para hogares que en L13 indicaron poseer nevera. \n\nCon esta pregunta se quiere conocer qu\u00e9 tipo de nevera tiene el hogar. \n\nTenga en cuenta: \nCuando se encuentre un hogar que tiene varias neveras, en la pregunta M7 y M8 refi\u00e9rase a la nevera que m\u00e1s usa el hogar, es decir, en la que m\u00e1s alimentos se guardan y la que se abre y cierra con m\u00e1s frecuencia. \n\nLa nevera debe ser utilizada para guardar los alimentos que consume el hogar, no considere neveras que son utilizadas exclusivamente para un negocio que pueda tener el hogar.","var_universe":"El universo para la Encuesta de Calidad de Vida est\u00e1 conformado por la poblaci\u00f3n civil no institucional residente en todo el territorio nacional.\n\nLas preguntas de este cap\u00edtulo se diligencian para todos y cada uno de los hogares existentes en la vivienda.","var_universe_clusion":"I","var_sumstat":[{"value":"0","type":"vald","wgtd":null},{"value":"0","type":"invd","wgtd":null}],"var_txt":null,"var_catgry":[{"value":"3","labl":"Grande (mayor a 1.7 metros de altura y con 2 puertas laterales o 2 puertas y gavetas)","is_missing":null,"stats":[]},{"value":"2","labl":"Mediana (mayor a 1.7 metros de altura)","is_missing":null,"stats":[]},{"value":"1","labl":"Peque\u00f1a (menor o igual a 1.7 metros de altura)","is_missing":null,"stats":[]}],"var_codinstr":null,"var_concept":[],"var_format":{"type":"numeric","schema":"other","category":null,"name":null},"var_notes":null,"var_val_range":{"min":null,"max":null},"fid":"F10","sid":"419","survey_idno":"DANE-DIMPE-ECV-2015"}

¿Cómo describe el tamaño de su nevera o refrigerador?

El acceso a microdatos y Mam-up se considera como de tratamiento especial respecto a la reserva estadística por tanto estará sujeto a la reglamentación que para el efecto defina el Comité de Aseguramiento de la reserva estadística. Resolución 173 de 2008.

5. ¿Qué tan antigua es su secadora de ropa?

6. ¿Cómo describe el tamaño de su nevera o refrigerador?	
 
1	Pequeña (menor o igual a 1.7 metros de altura)	
2	Mediana (mayor a 1.7 metros de altura)	
3	Grande (mayor a 1.7 metros de altura y con 2 puertas laterales o 2 puertas y gavetas)

7. ¿Qué tan antigua es su nevera o  refrigerador?

Solo para hogares que en L13 indicaron poseer nevera. 

Con esta pregunta se quiere conocer qué tipo de nevera tiene el hogar. 

Tenga en cuenta: 
Cuando se encuentre un hogar que tiene varias neveras, en la pregunta M7 y M8 refiérase a la nevera que más usa el hogar, es decir, en la que más alimentos se guardan y la que se abre y cierra con más frecuencia. 

La nevera debe ser utilizada para guardar los alimentos que consume el hogar, no considere neveras que son utilizadas exclusivamente para un negocio que pueda tener el hogar.

El universo para la Encuesta de Calidad de Vida está conformado por la población civil no institucional residente en todo el territorio nacional.

Las preguntas de este capítulo se diligencian para todos y cada uno de los hogares existentes en la vivienda.

Pequeña (menor o igual a 1.7 metros de altura)
