{"file_id":"F11","vid":"V302","name":"P6096S1","var_intrvl":"discrete","var_dcml":null,"var_wgt":null,"var_is_wgt":null,"loc_start_pos":"39","loc_end_pos":"201","loc_width":"163","loc_rec_seg_no":"1","labl":"\u00bfCu\u00e1l?","var_imputation":null,"var_security":null,"var_resp_unit":"Lo deben responder todas las personas del hogar. Se toma informaci\u00f3n directamente a cada una de las personas del hogar de 18 a\u00f1os o m\u00e1s y de las personas entre 12 y 17 a\u00f1os que trabajen o sean estudiantes universi\u00adtarios. La informaci\u00f3n de los menores de 12 a\u00f1os y de los j\u00f3venes entre 12 y 17 a\u00f1os que no trabajen ni estudien en la universidad ser\u00e1 suministrada por el padre, la madre o la persona del hogar que est\u00e1 a cargo de su cuidado, excluyendo el servicio dom\u00e9stico.","var_analysis_unit":null,"var_qstn_preqtxt":"12. \u00bfCu\u00e1l fue la raz\u00f3n principal para cambiar la residencia al municipio actual?\n\n1\tDificultad para encontrar trabajo o ausencia de medios de subsistencia\n2\tRiesgo o consecuencia de desastre natural (inundaci\u00f3n, avalancha, deslizamiento, \n3\tAmenaza o riesgo para su vida, su libertad o su integridad f\u00edsica, \n4\tNecesidad de educaci\u00f3n \n5\tPorque se cas\u00f3 o form\u00f3 pareja\n6\tMotivos de salud\n7\tMejorar la vivienda o localizaci\u00f3n \n8\tMejores oportunidades laborales o de negocio \n9\tOtra","var_qstn_qstnlit":"12. \u00bfCu\u00e1l fue la raz\u00f3n principal para cambiar la residencia al municipio actual?\n\nOtra, \u00bfCu\u00e1l?","var_qstn_postqtxt":"13. El padre de ____ \u00bfvive en este hogar?\n\n1\tS\u00ed\n2\tNo\n3\tFallecido","var_qstn_ivuinstr":"Lea la pregunta y las alternativas de respuesta.","var_universe":"El universo para la Encuesta de Calidad de Vida est\u00e1 conformado por la poblaci\u00f3n civil no institucional residente en todo el territorio nacional. \n\nEste cap\u00edtulo va dirigido a todas las personas del hogar.","var_universe_clusion":"I","var_sumstat":[{"value":"0","type":"vald","wgtd":null}],"var_txt":null,"var_catgry":[],"var_codinstr":null,"var_concept":[],"var_format":{"type":"character","schema":"other","category":null,"name":null},"var_notes":null,"var_val_range":{"min":null,"max":null},"fid":"F11","sid":"419","survey_idno":"DANE-DIMPE-ECV-2015"}

¿Cuál?

Lo deben responder todas las personas del hogar. Se toma información directamente a cada una de las personas del hogar de 18 años o más y de las personas entre 12 y 17 años que trabajen o sean estudiantes universi­tarios. La información de los menores de 12 años y de los jóvenes entre 12 y 17 años que no trabajen ni estudien en la universidad será suministrada por el padre, la madre o la persona del hogar que está a cargo de su cuidado, excluyendo el servicio doméstico.

12. ¿Cuál fue la razón principal para cambiar la residencia al municipio actual?

1	Dificultad para encontrar trabajo o ausencia de medios de subsistencia
2	Riesgo o consecuencia de desastre natural (inundación, avalancha, deslizamiento, 
3	Amenaza o riesgo para su vida, su libertad o su integridad física, 
4	Necesidad de educación 
5	Porque se casó o formó pareja
6	Motivos de salud
7	Mejorar la vivienda o localización 
8	Mejores oportunidades laborales o de negocio 
9	Otra

12. ¿Cuál fue la razón principal para cambiar la residencia al municipio actual?

Otra, ¿Cuál?

13. El padre de ____ ¿vive en este hogar?

1	Sí
2	No
3	Fallecido

El universo para la Encuesta de Calidad de Vida está conformado por la población civil no institucional residente en todo el territorio nacional. 

Este capítulo va dirigido a todas las personas del hogar.
