{"file_id":"F13","vid":"V454","name":"P1089","var_intrvl":"discrete","var_dcml":"0","var_wgt":null,"var_is_wgt":null,"loc_start_pos":"348","loc_end_pos":"348","loc_width":"1","loc_rec_seg_no":"1","labl":"Cu\u00e1l fue la principal raz\u00f3n para no llevar a ___________a un control de crecimiento y desarrollo?","var_imputation":null,"var_security":"El acceso a microdatos y Mam-up se considera como de tratamiento especial respecto a la reserva estad\u00edstica por tanto estar\u00e1 sujeto a la reglamentaci\u00f3n que para el efecto defina el Comit\u00e9 de Aseguramiento de la reserva estad\u00edstica. Resoluci\u00f3n 173 de 2008.","var_resp_unit":"Madre o el padre del ni\u00f1o o la persona del hogar encar\u00adgada del menor, cuando el ni\u00f1o no viva con alguno de sus padres. No se acepta informaci\u00f3n de la empleada dom\u00e9stica","var_analysis_unit":null,"var_qstn_preqtxt":"16. \u00bfLlevan a ____  a control de crecimiento y desarrollo?\n\n1\tS\u00ed\n2\tNo","var_qstn_qstnlit":"17. \u00bfCu\u00e1l fue la principal raz\u00f3n para no llevar a ..... a un control de crecimiento y desarrollo?\n\n1\tNo pens\u00f3 que fuera necesario llevarlo(a) a consulta\n2\tLa consulta es muy cara, no tiene plata\n3\tEl lugar donde lo atienden queda muy lejos \/ no hay servicio cerca\n4\tNo pudo dejar el trabajo\/no tuvo tiempo\n5\tNo est\u00e1 afiliado a EPS o a r\u00e9gimen subsidiado\n6\tNo consigui\u00f3 cita cercana en el tiempo o lo atienden muy mal\n7\tLos tr\u00e1mites en la EPS\/IPS son muy complicados\n8\tConsidera que no est\u00e1 en edad o es reci\u00e9n nacido\n9\tOtra","var_qstn_postqtxt":"17. \u00bfCu\u00e1l fue la principal raz\u00f3n para no llevar a ..... a un control de crecimiento y desarrollo?\n\nCu\u00e1l?","var_qstn_ivuinstr":"Admite una sola respuesta.","var_universe":"El universo para la Encuesta de Calidad de Vida est\u00e1 conformado por la poblaci\u00f3n civil no institucional residente en todo el territorio nacional. \n\nEste cap\u00edtulo esta dirigido a los ni\u00f1os y ni\u00f1as menores de cinco a\u00f1os.","var_universe_clusion":"E","var_sumstat":[{"value":"0","type":"vald","wgtd":null},{"value":"0","type":"invd","wgtd":null}],"var_txt":null,"var_catgry":[{"value":"9","labl":"Otra","is_missing":null,"stats":[]},{"value":"8","labl":"Considera que no est\u00e1 en edad o es reci\u00e9n nacido","is_missing":null,"stats":[]},{"value":"7","labl":"Los tr\u00e1mites en la eps\/ips son muy complicados","is_missing":null,"stats":[]},{"value":"6","labl":"No consigui\u00f3 cita cercana en el tiempo o lo atienden muy mal","is_missing":null,"stats":[]},{"value":"5","labl":"No est\u00e1 afiliado a eps o a r\u00e9gimen subsidiado","is_missing":null,"stats":[]},{"value":"4","labl":"No pudo dejar el trabajo\/no tuvo tiempo","is_missing":null,"stats":[]},{"value":"3","labl":"El lugar donde lo atienden queda muy lejos \/ no hay servicio cerca","is_missing":null,"stats":[]},{"value":"2","labl":"La consulta es muy cara, no tiene plata","is_missing":null,"stats":[]},{"value":"1","labl":"No pens\u00f3 que fuera necesario llevarlo(a) a consulta","is_missing":null,"stats":[]}],"var_codinstr":null,"var_concept":[],"var_format":{"type":"numeric","schema":"other","category":null,"name":null},"var_notes":null,"var_val_range":{"min":"1","max":"9"},"fid":"F13","sid":"419","survey_idno":"DANE-DIMPE-ECV-2015"}

Cuál fue la principal razón para no llevar a ___________a un control de crecimiento y desarrollo?

El acceso a microdatos y Mam-up se considera como de tratamiento especial respecto a la reserva estadística por tanto estará sujeto a la reglamentación que para el efecto defina el Comité de Aseguramiento de la reserva estadística. Resolución 173 de 2008.

Madre o el padre del niño o la persona del hogar encar­gada del menor, cuando el niño no viva con alguno de sus padres. No se acepta información de la empleada doméstica

16. ¿Llevan a ____  a control de crecimiento y desarrollo?

1	Sí
2	No

17. ¿Cuál fue la principal razón para no llevar a ..... a un control de crecimiento y desarrollo?

1	No pensó que fuera necesario llevarlo(a) a consulta
2	La consulta es muy cara, no tiene plata
3	El lugar donde lo atienden queda muy lejos / no hay servicio cerca
4	No pudo dejar el trabajo/no tuvo tiempo
5	No está afiliado a EPS o a régimen subsidiado
6	No consiguió cita cercana en el tiempo o lo atienden muy mal
7	Los trámites en la EPS/IPS son muy complicados
8	Considera que no está en edad o es recién nacido
9	Otra

17. ¿Cuál fue la principal razón para no llevar a ..... a un control de crecimiento y desarrollo?

Cuál?

El universo para la Encuesta de Calidad de Vida está conformado por la población civil no institucional residente en todo el territorio nacional. 

Este capítulo esta dirigido a los niños y niñas menores de cinco años.

Considera que no está en edad o es recién nacido

Los trámites en la eps/ips son muy complicados

No consiguió cita cercana en el tiempo o lo atienden muy mal

No está afiliado a eps o a régimen subsidiado

No pensó que fuera necesario llevarlo(a) a consulta
