{"file_id":"F21","vid":"V907","name":"P1087","var_intrvl":"discrete","var_dcml":"0","var_wgt":null,"var_is_wgt":null,"loc_start_pos":"230","loc_end_pos":"230","loc_width":"1","loc_rec_seg_no":"1","labl":"Durante los \u00faltimos 12 meses, _______ \u00bfrecibi\u00f3","var_imputation":null,"var_security":"El acceso a microdatos y Mam-up se considera como de tratamiento especial respecto a la reserva estad\u00edstica por tanto estar\u00e1 sujeto a la reglamentaci\u00f3n que para el efecto defina el Comit\u00e9 de Aseguramiento de la reserva estad\u00edstica. Resoluci\u00f3n 173 de 2008.","var_resp_unit":"Las personas de 12 a\u00f1os o m\u00e1s. Las personas de 18 a\u00f1os y m\u00e1s suministrar\u00e1n la informaci\u00f3n directamente. Las personas que tengan entre 12 y 17 a\u00f1os y trabajen o sean estudiantes universitarios deben suministrar directamente su informaci\u00f3n. La informaci\u00f3n de los j\u00f3venes entre 12 y 17 a\u00f1os que no trabajen ni estudien en la universidad, ser\u00e1 suministrada por los padres o la persona del hogar que est\u00e1 a cargo de su cuidado, excluyendo el servicio dom\u00e9stico.","var_analysis_unit":null,"var_qstn_preqtxt":"30. El MES PASADO\u00bf_______ recibi\u00f3 Primas (t\u00e9cnica, de antig\u00fcedad, clima, orden p\u00fablico, etc.) en dinero?\n\n\nValor $ _______________","var_qstn_qstnlit":"31. Durante los \u00faltimos 12 meses, _______ \u00bfrecibi\u00f3:","var_qstn_postqtxt":"31 .Durante los \u00daLTIMOS 12 MESES recibi\u00f3: \n\n1  Prima de servicios?\n\n1\tS\u00ed\n2\tNo\n9\tNo sabe, no informa","var_qstn_ivuinstr":"Para el diligenciamiento de los ingresos en esta pregunta, totalice los pagos recibidos por cada concepto. As\u00ed, si una persona manifiesta recibir la prima de servicios 50% a mitad de a\u00f1o y 50% en diciembre, se deben relacionar todos los pagos recibidos por prima de servicios en los \u00faltimos 12 meses; puede ser medio salario, si solo recibi\u00f3 una de las dos primas, o un salario completo si recibi\u00f3 la prima de diciembre y la de mitad de a\u00f1o.\n\nDespu\u00e9s de diligenciar pase a 34.","var_universe":"El universo para la ECV est\u00e1 conformado por la poblaci\u00f3n civil no institucional resi\u00addente en todo el territorio nacional.\n\nEste cap\u00edtulo va dirigido a personas de 12 a\u00f1os y m\u00e1s","var_universe_clusion":"I","var_sumstat":[{"value":"0","type":"vald","wgtd":null},{"value":"0","type":"invd","wgtd":null}],"var_txt":null,"var_catgry":[],"var_codinstr":null,"var_concept":[],"var_format":{"type":"numeric","schema":"other","category":null,"name":null},"var_notes":null,"var_val_range":{"min":null,"max":null},"fid":"F21","sid":"419","survey_idno":"DANE-DIMPE-ECV-2015"}

Durante los últimos 12 meses, _______ ¿recibió

El acceso a microdatos y Mam-up se considera como de tratamiento especial respecto a la reserva estadística por tanto estará sujeto a la reglamentación que para el efecto defina el Comité de Aseguramiento de la reserva estadística. Resolución 173 de 2008.

Las personas de 12 años o más. Las personas de 18 años y más suministrarán la información directamente. Las personas que tengan entre 12 y 17 años y trabajen o sean estudiantes universitarios deben suministrar directamente su información. La información de los jóvenes entre 12 y 17 años que no trabajen ni estudien en la universidad, será suministrada por los padres o la persona del hogar que está a cargo de su cuidado, excluyendo el servicio doméstico.

30. El MES PASADO¿_______ recibió Primas (técnica, de antigüedad, clima, orden público, etc.) en dinero?


Valor $ _______________

31. Durante los últimos 12 meses, _______ ¿recibió:

31 .Durante los ÚLTIMOS 12 MESES recibió: 

1  Prima de servicios?

1	Sí
2	No
9	No sabe, no informa

Para el diligenciamiento de los ingresos en esta pregunta, totalice los pagos recibidos por cada concepto. Así, si una persona manifiesta recibir la prima de servicios 50% a mitad de año y 50% en diciembre, se deben relacionar todos los pagos recibidos por prima de servicios en los últimos 12 meses; puede ser medio salario, si solo recibió una de las dos primas, o un salario completo si recibió la prima de diciembre y la de mitad de año.

Después de diligenciar pase a 34.

El universo para la ECV está conformado por la población civil no institucional resi­dente en todo el territorio nacional.

Este capítulo va dirigido a personas de 12 años y más
