{"file_id":"F21","vid":"V927","name":"P6830S1","var_intrvl":"discrete","var_dcml":null,"var_wgt":null,"var_is_wgt":null,"loc_start_pos":"308","loc_end_pos":"425","loc_width":"118","loc_rec_seg_no":"1","labl":"\u00bfcu\u00e1l?","var_imputation":null,"var_security":"El acceso a microdatos y Mam-up se considera como de tratamiento especial respecto a la reserva estad\u00edstica por tanto estar\u00e1 sujeto a la reglamentaci\u00f3n que para el efecto defina el Comit\u00e9 de Aseguramiento de la reserva estad\u00edstica. Resoluci\u00f3n 173 de 2008.","var_resp_unit":"Las personas de 12 a\u00f1os o m\u00e1s. Las personas de 18 a\u00f1os y m\u00e1s suministrar\u00e1n la informaci\u00f3n directamente. Las personas que tengan entre 12 y 17 a\u00f1os y trabajen o sean estudiantes universitarios deben suministrar directamente su informaci\u00f3n. La informaci\u00f3n de los j\u00f3venes entre 12 y 17 a\u00f1os que no trabajen ni estudien en la universidad, ser\u00e1 suministrada por los padres o la persona del hogar que est\u00e1 a cargo de su cuidado, excluyendo el servicio dom\u00e9stico.","var_analysis_unit":null,"var_qstn_preqtxt":"40. \u00bfPor qu\u00e9 raz\u00f3n, de las horas que normalmente trabaja,  hubo algunas que no trabaj\u00f3 la semana pasada?\t\n\n7\tOtra","var_qstn_qstnlit":"40. \u00bfPor qu\u00e9 raz\u00f3n, de las horas que normalmente trabaja,  hubo algunas que no trabaj\u00f3 la semana pasada?\t\n\n\u00bfcu\u00e1l?","var_qstn_postqtxt":"41.Adem\u00e1s de su ocupaci\u00f3n u oficio principal,  \u00bf.... El mes pasado tuvo otros trabajos o negocios por los cuales recibi\u00f3 ingresos?\n\n1.      S\u00ed\n2.      No","var_qstn_ivuinstr":"Esta pregunta solo se realiza a las personas que dijeron trabajar la semana pasada (H39), menos horas de las que normalmente trabajan (H38).","var_universe":"El universo para la ECV est\u00e1 conformado por la poblaci\u00f3n civil no institucional resi\u00addente en todo el territorio nacional.\n\nEste cap\u00edtulo va dirigido a personas de 12 a\u00f1os y m\u00e1s","var_universe_clusion":"I","var_sumstat":[{"value":"0","type":"vald","wgtd":null}],"var_txt":null,"var_catgry":[],"var_codinstr":null,"var_concept":[],"var_format":{"type":"character","schema":"other","category":null,"name":null},"var_notes":null,"var_val_range":{"min":null,"max":null},"fid":"F21","sid":"419","survey_idno":"DANE-DIMPE-ECV-2015"}

¿cuál?

El acceso a microdatos y Mam-up se considera como de tratamiento especial respecto a la reserva estadística por tanto estará sujeto a la reglamentación que para el efecto defina el Comité de Aseguramiento de la reserva estadística. Resolución 173 de 2008.

Las personas de 12 años o más. Las personas de 18 años y más suministrarán la información directamente. Las personas que tengan entre 12 y 17 años y trabajen o sean estudiantes universitarios deben suministrar directamente su información. La información de los jóvenes entre 12 y 17 años que no trabajen ni estudien en la universidad, será suministrada por los padres o la persona del hogar que está a cargo de su cuidado, excluyendo el servicio doméstico.

40. ¿Por qué razón, de las horas que normalmente trabaja,  hubo algunas que no trabajó la semana pasada?	

7	Otra

40. ¿Por qué razón, de las horas que normalmente trabaja,  hubo algunas que no trabajó la semana pasada?	

¿cuál?

41.Además de su ocupación u oficio principal,  ¿.... El mes pasado tuvo otros trabajos o negocios por los cuales recibió ingresos?

1.      Sí
2.      No

El universo para la ECV está conformado por la población civil no institucional resi­dente en todo el territorio nacional.

Este capítulo va dirigido a personas de 12 años y más
