{"file_id":"F22","vid":"V1433","name":"P221S4","var_intrvl":"discrete","var_dcml":"0","var_wgt":null,"var_is_wgt":null,"loc_start_pos":"144","loc_end_pos":"144","loc_width":"1","loc_rec_seg_no":"1","labl":"d. Falta de equipos para escuchar m\u00fasica grabada","var_imputation":null,"var_security":null,"var_resp_unit":"Directo (personas de 12 a\u00f1os o m\u00e1s)","var_analysis_unit":null,"var_qstn_preqtxt":"54. \u00bfPor qu\u00e9 no escuch\u00f3 m\u00fasica grabada en la \u00faltima semana?\n\nc. Falta de tiempo\n1\tS\u00ed\n2\tNo","var_qstn_qstnlit":"d. Falta de equipos para escuchar m\u00fasica grabada\n1\tS\u00ed\n2\tNo","var_qstn_postqtxt":"e. Tiene otras preferencias\n1\tS\u00ed\n2\tNo","var_qstn_ivuinstr":null,"var_universe":"El universo para la Encuesta de Consumo Cultural est\u00e1 conformado por la poblaci\u00f3n civil no institucional residente en las cabeceras municipales del territorio nacional.","var_universe_clusion":"I","var_sumstat":[{"value":"10284","type":"vald","wgtd":null},{"value":"11599","type":"invd","wgtd":null}],"var_txt":null,"var_catgry":[{"value":"2","labl":"No","is_missing":null,"stats":[{"value":"8154","type":"freq","wgtd":null}]},{"value":"1","labl":"S\u00ed","is_missing":null,"stats":[{"value":"2130","type":"freq","wgtd":null}]},{"value":"Sysmiss","labl":null,"is_missing":"Y","stats":[{"value":"11599","type":"freq","wgtd":null}]}],"var_codinstr":null,"var_concept":[],"var_format":{"type":"numeric","schema":"other","category":null,"name":null},"var_notes":null,"var_val_range":{"min":null,"max":null},"fid":"F22","sid":"447","survey_idno":"DANE-DIMPE-ECC-2016"}

d. Falta de equipos para escuchar música grabada

Directo (personas de 12 años o más)

54. ¿Por qué no escuchó música grabada en la última semana?

c. Falta de tiempo
1	Sí
2	No

d. Falta de equipos para escuchar música grabada
1	Sí
2	No

e. Tiene otras preferencias
1	Sí
2	No

El universo para la Encuesta de Consumo Cultural está conformado por la población civil no institucional residente en las cabeceras municipales del territorio nacional.

Sí
