{"file_id":"F23","vid":"V1533","name":"P5454S1","var_intrvl":"discrete","var_dcml":"0","var_wgt":null,"var_is_wgt":null,"loc_start_pos":"77","loc_end_pos":"77","loc_width":"1","loc_rec_seg_no":"1","labl":"13a. \u00bfcon qu\u00e9 frecuencia?","var_imputation":null,"var_security":null,"var_resp_unit":"personas de 12 a\u00f1os y m\u00e1s","var_analysis_unit":null,"var_qstn_preqtxt":"13. En los \u00faltimos 12 meses, \u00bffue a monumentos hist\u00f3ricos, sitios arqueol\u00f3gicos, monumentos nacionales o centros hist\u00f3ricos?\n1\tS\u00ed\n2\tNo","var_qstn_qstnlit":"13a.con qu\u00e9 frecuencia?\n\n1\tPor lo menos una vez a la semana\n2\tUna vez al mes\n3\tUna vez cada tres meses\n4\tUna vez cada seis meses\n5\tUna vez al a\u00f1o","var_qstn_postqtxt":"14. Usted no fue a monumentos hist\u00f3ricos, sitios arqueol\u00f3gicos, monumentos nacionales y centros hist\u00f3ricos por:\na. Problemas de salud o discapacidad\n1\tS\u00ed\n2\tNo","var_qstn_ivuinstr":null,"var_universe":"El universo para la Encuesta de Consumo Cultural est\u00e1 conformado por la poblaci\u00f3n civil no institucional residente en las cabeceras municipales del territorio nacional.","var_universe_clusion":"I","var_sumstat":[{"value":"3653","type":"vald","wgtd":null},{"value":"18230","type":"invd","wgtd":null}],"var_txt":null,"var_catgry":[{"value":"5","labl":"Una vez al a\u00f1o","is_missing":null,"stats":[{"value":"2048","type":"freq","wgtd":null}]},{"value":"4","labl":"Una vez cada seis meses","is_missing":null,"stats":[{"value":"782","type":"freq","wgtd":null}]},{"value":"3","labl":"Una vez cada tres meses","is_missing":null,"stats":[{"value":"452","type":"freq","wgtd":null}]},{"value":"2","labl":"Una vez al mes","is_missing":null,"stats":[{"value":"297","type":"freq","wgtd":null}]},{"value":"1","labl":"Por lo menos una vez a la semana","is_missing":null,"stats":[{"value":"74","type":"freq","wgtd":null}]},{"value":"Sysmiss","labl":null,"is_missing":"Y","stats":[{"value":"18230","type":"freq","wgtd":null}]}],"var_codinstr":null,"var_concept":[],"var_format":{"type":"numeric","schema":"other","category":null,"name":null},"var_notes":null,"var_val_range":{"min":null,"max":null},"fid":"F23","sid":"447","survey_idno":"DANE-DIMPE-ECC-2016"}

13a. ¿con qué frecuencia?

personas de 12 años y más

13. En los últimos 12 meses, ¿fue a monumentos históricos, sitios arqueológicos, monumentos nacionales o centros históricos?
1	Sí
2	No

13a.con qué frecuencia?

1	Por lo menos una vez a la semana
2	Una vez al mes
3	Una vez cada tres meses
4	Una vez cada seis meses
5	Una vez al año

14. Usted no fue a monumentos históricos, sitios arqueológicos, monumentos nacionales y centros históricos por:
a. Problemas de salud o discapacidad
1	Sí
2	No

El universo para la Encuesta de Consumo Cultural está conformado por la población civil no institucional residente en las cabeceras municipales del territorio nacional.

Una vez al año
