{"file_id":"F24","vid":"V1587","name":"P254S2","var_intrvl":"discrete","var_dcml":"0","var_wgt":null,"var_is_wgt":null,"loc_start_pos":"23","loc_end_pos":"23","loc_width":"1","loc_rec_seg_no":"1","labl":"7a. \u00bfcu\u00e1l es el nivel educativo o grado aprobado por el ni\u00f1o o ni\u00f1a en este nivel?","var_imputation":null,"var_security":null,"var_resp_unit":"personas de 5 a 11 a\u00f1os","var_analysis_unit":null,"var_qstn_preqtxt":"7. \u00bfCu\u00e1l es el nivel educativo m\u00e1s alto alcanzado por el ni\u00f1o o la ni\u00f1a y el \u00faltimo a\u00f1o o grado aprobado en este nivel?\n\n1\tNinguno\n2\tPreescolar\n3\tB\u00e1sica primaria (1.o - 5.o)\n4\tB\u00e1sica secundaria (6.o - 9.o)\n99\tNo sabe\/no informa","var_qstn_qstnlit":"7a. \u00bfCu\u00e1l es el nivel educativo m\u00e1s alto alcanzado por el ni\u00f1o o la ni\u00f1a y el \u00faltimo a\u00f1o o grado aprobado en este nivel?","var_qstn_postqtxt":"1. El ni\u00f1o o la ni\u00f1a, \u00bfasisti\u00f3 a teatro, \u00f3pera o danza en los \u00faltimos 12 meses?\n1\tS\u00ed\n2\tNo","var_qstn_ivuinstr":null,"var_universe":"El universo para la Encuesta de Consumo Cultural est\u00e1 conformado por la poblaci\u00f3n civil no institucional residente en las cabeceras municipales del territorio nacional.","var_universe_clusion":"I","var_sumstat":[{"value":"2950","type":"vald","wgtd":null},{"value":"0","type":"invd","wgtd":null}],"var_txt":null,"var_catgry":[{"value":"3","labl":null,"is_missing":null,"stats":[{"value":"685","type":"freq","wgtd":null}]},{"value":"2","labl":null,"is_missing":null,"stats":[{"value":"599","type":"freq","wgtd":null}]},{"value":"1","labl":null,"is_missing":null,"stats":[{"value":"593","type":"freq","wgtd":null}]},{"value":"4","labl":null,"is_missing":null,"stats":[{"value":"439","type":"freq","wgtd":null}]},{"value":"0","labl":null,"is_missing":null,"stats":[{"value":"390","type":"freq","wgtd":null}]},{"value":"5","labl":null,"is_missing":null,"stats":[{"value":"244","type":"freq","wgtd":null}]}],"var_codinstr":null,"var_concept":[],"var_format":{"type":"numeric","schema":"other","category":null,"name":null},"var_notes":null,"var_val_range":{"min":null,"max":null},"fid":"F24","sid":"447","survey_idno":"DANE-DIMPE-ECC-2016"}

7a. ¿cuál es el nivel educativo o grado aprobado por el niño o niña en este nivel?

personas de 5 a 11 años

7. ¿Cuál es el nivel educativo más alto alcanzado por el niño o la niña y el último año o grado aprobado en este nivel?

1	Ninguno
2	Preescolar
3	Básica primaria (1.o - 5.o)
4	Básica secundaria (6.o - 9.o)
99	No sabe/no informa

7a. ¿Cuál es el nivel educativo más alto alcanzado por el niño o la niña y el último año o grado aprobado en este nivel?

1. El niño o la niña, ¿asistió a teatro, ópera o danza en los últimos 12 meses?
1	Sí
2	No

El universo para la Encuesta de Consumo Cultural está conformado por la población civil no institucional residente en las cabeceras municipales del territorio nacional.
