{"file_id":"F18","vid":"V245","name":"p8563","var_intrvl":"discrete","var_dcml":"0","var_wgt":null,"var_is_wgt":null,"loc_start_pos":"25","loc_end_pos":"25","loc_width":"1","loc_rec_seg_no":"1","labl":"Para tratar ese problema de salud, \u00bfqu\u00e9 hizo principalmente _____?","var_imputation":null,"var_security":null,"var_resp_unit":null,"var_analysis_unit":null,"var_qstn_preqtxt":null,"var_qstn_qstnlit":"Para tratar ese problema de salud, \u00bfqu\u00e9 hizo principalmente _____?","var_qstn_postqtxt":null,"var_qstn_ivuinstr":null,"var_universe":"El universo para la Encuesta de Calidad de Vida est\u00e1 conformado por la poblaci\u00f3n civil no institucional residente en todo el territorio nacional. \n\nEste cap\u00edtulo va dirigido a todas las personas del hogar.","var_universe_clusion":"I","var_sumstat":[{"value":"0","type":"vald","wgtd":null},{"value":"0","type":"invd","wgtd":null}],"var_txt":null,"var_catgry":[{"value":"1","labl":"Acudi\u00f3 a Instituci\u00f3n prestadora de servicios de salud","is_missing":null,"stats":[]},{"value":"2","labl":"Acudi\u00f3 a un m\u00e9dico general, especialista, odont\u00f3logo, terapeuta o profesional de la salud independiente ( de forma particular)","is_missing":null,"stats":[]},{"value":"3","labl":"Acudi\u00f3 a un boticario, farmaceuta, droguista","is_missing":null,"stats":[]},{"value":"4","labl":"Consult\u00f3 a un tegua, emp\u00edrico, curandero, yerbatero, comadrona","is_missing":null,"stats":[]},{"value":"5","labl":"Asisti\u00f3 a terapias alternativas (acupuntura, esencias florales, musicoterapias, home\u00f3pata etc.)","is_missing":null,"stats":[]},{"value":"6","labl":"Us\u00f3 remedios caseros","is_missing":null,"stats":[]},{"value":"7","labl":"Se autorecet\u00f3","is_missing":null,"stats":[]},{"value":"8","labl":"Nada","is_missing":null,"stats":[]}],"var_codinstr":null,"var_concept":[],"var_format":{"type":"numeric","schema":"other","category":null,"name":null},"var_notes":null,"var_val_range":{"min":"1","max":"8"},"fid":"F18","sid":"455","survey_idno":"DANE-DIMPE-POBREZA-MULTIDIMENSIONAL-2016"}

Para tratar ese problema de salud, ¿qué hizo principalmente _____?

El universo para la Encuesta de Calidad de Vida está conformado por la población civil no institucional residente en todo el territorio nacional. 

Este capítulo va dirigido a todas las personas del hogar.

Acudió a Institución prestadora de servicios de salud

Acudió a un médico general, especialista, odontólogo, terapeuta o profesional de la salud independiente ( de forma particular)

Acudió a un boticario, farmaceuta, droguista

Consultó a un tegua, empírico, curandero, yerbatero, comadrona

Asistió a terapias alternativas (acupuntura, esencias florales, musicoterapias, homeópata etc.)

Usó remedios caseros

Se autorecetó
