{"file_id":"F25","vid":"V1183","name":"P5507","var_intrvl":"discrete","var_dcml":"0","var_wgt":null,"var_is_wgt":null,"loc_start_pos":"130","loc_end_pos":"130","loc_width":"1","loc_rec_seg_no":"1","labl":"En los \u00faltimos 30 d\u00edas, por falta de dinero u otros recursos, \u00bfalguna vez en su hogar dejaron de tener una alimentaci\u00f3n saludable?","var_imputation":null,"var_security":"El acceso a microdatos y Mam-up se considera como de tratamiento especial respecto a la reserva estad\u00edstica por tanto estar\u00e1 sujeto a la reglamentaci\u00f3n que para el efecto defina el Comit\u00e9 de Aseguramiento de la reserva estad\u00edstica. Resoluci\u00f3n 173 de 2008.","var_resp_unit":null,"var_analysis_unit":null,"var_qstn_preqtxt":"29. En los \u00faltimos 30 d\u00edas, por falta de dinero u otros recursos, \u00bfalguna vez en su hogar se quedaron sin alimentos?\t\n\n1\tS\u00ed\t\n2\tNo","var_qstn_qstnlit":"30. En los \u00faltimos 30 d\u00edas, por falta de dinero u otros recursos, \u00bfalguna vez en su hogar dejaron de tener una alimentaci\u00f3n saludable?\t\n\n1\tS\u00ed\t\n2\tNo","var_qstn_postqtxt":"31. En los \u00faltimos 30 d\u00edas, por falta de dinero u otros recursos, \u00bfalguna vez usted o alg\u00fan adulto en su hogar tuvo una alimentaci\u00f3n basada en poca variedad de alimentos?\t\n\n1\tS\u00ed\t\n2\tNo","var_qstn_ivuinstr":"Con esta pregunta sobre la alimentaci\u00f3n saludable (nutritiva, balanceada o equilibrada) se establece si en los \u00faltimos 30 d\u00edas por falta de dinero u otros recursos la alimentaci\u00f3n del hogar, a criterio del encuestado, no incluy\u00f3 alimentos en la cantidad y calidad necesarios para proporcionar comidas saludables y balanceadas.\n\nLo importante en esta pregunta es el concepto que tenga el entrevistado sobre alimentaci\u00f3n saludable. El recolector no debe proporcionar a la persona una definici\u00f3n de este concepto","var_universe":"El universo para la Encuesta de Calidad de Vida est\u00e1 conformado por la poblaci\u00f3n civil no institucional residente en todo el territorio nacional.","var_universe_clusion":"I","var_sumstat":[{"value":"0","type":"vald","wgtd":null},{"value":"0","type":"invd","wgtd":null}],"var_txt":null,"var_catgry":[{"value":"1","labl":"S\u00ed","is_missing":null,"stats":[]},{"value":"2","labl":"No","is_missing":null,"stats":[]}],"var_codinstr":null,"var_concept":[],"var_format":{"type":"numeric","schema":"other","category":null,"name":null},"var_notes":null,"var_val_range":{"min":null,"max":null},"fid":"F25","sid":"456","survey_idno":"DANE-DIMPE-ECV-2016"}

En los últimos 30 días, por falta de dinero u otros recursos, ¿alguna vez en su hogar dejaron de tener una alimentación saludable?

El acceso a microdatos y Mam-up se considera como de tratamiento especial respecto a la reserva estadística por tanto estará sujeto a la reglamentación que para el efecto defina el Comité de Aseguramiento de la reserva estadística. Resolución 173 de 2008.

29. En los últimos 30 días, por falta de dinero u otros recursos, ¿alguna vez en su hogar se quedaron sin alimentos?	

1	Sí	
2	No

30. En los últimos 30 días, por falta de dinero u otros recursos, ¿alguna vez en su hogar dejaron de tener una alimentación saludable?	

1	Sí	
2	No

31. En los últimos 30 días, por falta de dinero u otros recursos, ¿alguna vez usted o algún adulto en su hogar tuvo una alimentación basada en poca variedad de alimentos?	

1	Sí	
2	No

Con esta pregunta sobre la alimentación saludable (nutritiva, balanceada o equilibrada) se establece si en los últimos 30 días por falta de dinero u otros recursos la alimentación del hogar, a criterio del encuestado, no incluyó alimentos en la cantidad y calidad necesarios para proporcionar comidas saludables y balanceadas.

Lo importante en esta pregunta es el concepto que tenga el entrevistado sobre alimentación saludable. El recolector no debe proporcionar a la persona una definición de este concepto

El universo para la Encuesta de Calidad de Vida está conformado por la población civil no institucional residente en todo el territorio nacional.

Sí
