{"file_id":"F29","vid":"V1319","name":"P6126S2","var_intrvl":"discrete","var_dcml":"0","var_wgt":null,"var_is_wgt":null,"loc_start_pos":"63","loc_end_pos":"63","loc_width":"1","loc_rec_seg_no":"1","labl":"\u00bfQui\u00e9n se ocupa principalmente del cuidado de ...? - sexo","var_imputation":null,"var_security":null,"var_resp_unit":null,"var_analysis_unit":null,"var_qstn_preqtxt":"16A. \u00bfQui\u00e9n se ocupa principalmente del cuidado de ...?\n\n1\tUna persona del hogar \t\n2\tUna persona de otro hogar no remunerada\t\n3\tUna persona de otro hogar remunerada\t\n4\tPermanece solo\t\n5\tNo requiere cuidado","var_qstn_qstnlit":"16A. \u00bfQui\u00e9n se ocupa principalmente del cuidado de ...?\n\n2\tUna persona de otro hogar no remunerada\t\n3\tUna persona de otro hogar remunerada\t\n\nSexo","var_qstn_postqtxt":"17. En los \u00faltimos 30 d\u00edas, _____ \u00bftuvo alguna enfermedad, accidente , problema odontol\u00f3gico o alg\u00fan otro problema de salud que no haya implicado hospitalizaci\u00f3n?\n\n1.\tS\u00ed\n2.\tNo","var_qstn_ivuinstr":"La pregunta se aplica solo a personas que manifestaron tener alguna limitaci\u00f3n. El objetivo es identificar a la persona sobre la que principalmente recae la responsabilidad del cuidado de la persona con limitaci\u00f3n.","var_universe":null,"var_universe_clusion":null,"var_sumstat":[{"value":"0","type":"vald","wgtd":null},{"value":"0","type":"invd","wgtd":null}],"var_txt":null,"var_catgry":[],"var_codinstr":null,"var_concept":[],"var_format":{"type":"numeric","schema":"other","category":null,"name":null},"var_notes":null,"var_val_range":{"min":null,"max":null},"fid":"F29","sid":"456","survey_idno":"DANE-DIMPE-ECV-2016"}

¿Quién se ocupa principalmente del cuidado de ...? - sexo

16A. ¿Quién se ocupa principalmente del cuidado de ...?

1	Una persona del hogar 	
2	Una persona de otro hogar no remunerada	
3	Una persona de otro hogar remunerada	
4	Permanece solo	
5	No requiere cuidado

16A. ¿Quién se ocupa principalmente del cuidado de ...?

2	Una persona de otro hogar no remunerada	
3	Una persona de otro hogar remunerada	

Sexo

17. En los últimos 30 días, _____ ¿tuvo alguna enfermedad, accidente , problema odontológico o algún otro problema de salud que no haya implicado hospitalización?

1.	Sí
2.	No

La pregunta se aplica solo a personas que manifestaron tener alguna limitación. El objetivo es identificar a la persona sobre la que principalmente recae la responsabilidad del cuidado de la persona con limitación.
