{"file_id":"F37","vid":"V2050","name":"P1684","var_intrvl":"discrete","var_dcml":"0","var_wgt":null,"var_is_wgt":null,"loc_start_pos":"183","loc_end_pos":"183","loc_width":"1","loc_rec_seg_no":"1","labl":"\u00bfSe cumpli\u00f3 con la decisi\u00f3n o el acuerdo?","var_imputation":null,"var_security":"El acceso a microdatos y Mam-up se considera como de tratamiento especial respecto a la reserva estad\u00edstica por tanto estar\u00e1 sujeto a la reglamentaci\u00f3n que para el efecto defina el Comit\u00e9 de Aseguramiento de la reserva estad\u00edstica. Resoluci\u00f3n 173 de 2008.","var_resp_unit":"Las personas de 18 a\u00f1os y m\u00e1s suministrar\u00e1n la informaci\u00f3n directamente","var_analysis_unit":null,"var_qstn_preqtxt":"7. \u00bfCu\u00e1l fue el resultado de acudir a esta persona, instituci\u00f3n o autoridad?\n\n1\tSe produjo decisi\u00f3n.\t\n2\tSe lleg\u00f3 a un acuerdo.\t\n3\t El caso no se ha resuelto o sigue en tr\u00e1mite\t\n4\tRetir\u00f3 la solicitud.\t\n5\tOtro","var_qstn_qstnlit":"15. \u00bfSe cumpli\u00f3 con la decisi\u00f3n o el acuerdo?\n\n1\tS\u00ed\t\n2\tNo","var_qstn_postqtxt":"16. \u00bfEl problema de  ...  se solucion\u00f3?\n\n1\tS\u00ed\t\n2\tNo","var_qstn_ivuinstr":"Esta pregunta es solo para las personas que en la pregunta K3 optaron por solucionar el problema acudiendo a una instituci\u00f3n o persona particular o intentaron llegar a un acuerdo pac\u00edfico con quien tuvieron el problema.  Esta pregunta pretende determinar si las decisiones o acuerdos alcanzados para dar soluci\u00f3n al problema se cumplieron o no. \n\nEs importante aclarar que el cumplimiento de la decisi\u00f3n o acuerdo no necesariamente significa que el problema se haya solucionado. \n\nEjemplo de un problema en el que se cumpli\u00f3 la decisi\u00f3n y no se solucion\u00f3: cuando un juez decide una cuota de alimentos, el padre responde con la cuota pactada (se cumple la decisi\u00f3n) y a pesar de eso la madre puede considerar que el problema contin\u00faa porque la cuota de alimentos no alcanza para el bienestar del menor.   \n\nSi responde opci\u00f3n 1(Si), contin\u00fae; de lo contrario pase a pregunta K18.","var_universe":"El universo para la Encuesta de Calidad de Vida est\u00e1 conformado por la poblaci\u00f3n civil no institucional residente en todo el territorio nacional. \n\nEste cap\u00edtulo va dirigido a todas las personas las personas de 18 a\u00f1os y m\u00e1s.","var_universe_clusion":"I","var_sumstat":[{"value":"0","type":"vald","wgtd":null},{"value":"0","type":"invd","wgtd":null}],"var_txt":null,"var_catgry":[{"value":"2","labl":"No","is_missing":null,"stats":[]},{"value":"1","labl":"S\u00ed","is_missing":null,"stats":[]}],"var_codinstr":null,"var_concept":[],"var_format":{"type":"numeric","schema":"other","category":null,"name":null},"var_notes":null,"var_val_range":{"min":null,"max":null},"fid":"F37","sid":"456","survey_idno":"DANE-DIMPE-ECV-2016"}

¿Se cumplió con la decisión o el acuerdo?

El acceso a microdatos y Mam-up se considera como de tratamiento especial respecto a la reserva estadística por tanto estará sujeto a la reglamentación que para el efecto defina el Comité de Aseguramiento de la reserva estadística. Resolución 173 de 2008.

Las personas de 18 años y más suministrarán la información directamente

7. ¿Cuál fue el resultado de acudir a esta persona, institución o autoridad?

1	Se produjo decisión.	
2	Se llegó a un acuerdo.	
3	 El caso no se ha resuelto o sigue en trámite	
4	Retiró la solicitud.	
5	Otro

15. ¿Se cumplió con la decisión o el acuerdo?

1	Sí	
2	No

16. ¿El problema de  ...  se solucionó?

1	Sí	
2	No

Esta pregunta es solo para las personas que en la pregunta K3 optaron por solucionar el problema acudiendo a una institución o persona particular o intentaron llegar a un acuerdo pacífico con quien tuvieron el problema.  Esta pregunta pretende determinar si las decisiones o acuerdos alcanzados para dar solución al problema se cumplieron o no. 

Es importante aclarar que el cumplimiento de la decisión o acuerdo no necesariamente significa que el problema se haya solucionado. 

Ejemplo de un problema en el que se cumplió la decisión y no se solucionó: cuando un juez decide una cuota de alimentos, el padre responde con la cuota pactada (se cumple la decisión) y a pesar de eso la madre puede considerar que el problema continúa porque la cuota de alimentos no alcanza para el bienestar del menor.   

Si responde opción 1(Si), continúe; de lo contrario pase a pregunta K18.

El universo para la Encuesta de Calidad de Vida está conformado por la población civil no institucional residente en todo el territorio nacional. 

Este capítulo va dirigido a todas las personas las personas de 18 años y más.

Sí
